-- Table structure for table `clarifications`
--

CREATE TABLE `clarifications` (
  `id` int(10) unsigned NOT NULL AUTO_INCREMENT,
  `id_curso` int(10) unsigned NOT NULL,
  `id_user` int(10) unsigned NOT NULL,
  `titulo` varchar(300) COLLATE utf8mb4_unicode_ci NOT NULL,
  `fecha_creacion` date NOT NULL,
  `status` int(10) unsigned NOT NULL,
  PRIMARY KEY (`id`),
  KEY `clarifications_id_curso_foreign` (`id_curso`),
  KEY `clarifications_id_user_foreign` (`id_user`),
  CONSTRAINT `clarifications_id_curso_foreign` FOREIGN KEY (`id_curso`) REFERENCES `courses` (`id`),
  CONSTRAINT `clarifications_id_user_foreign` FOREIGN KEY (`id_user`) REFERENCES `users` (`id`)
) ENGINE=InnoDB AUTO_INCREMENT=87 DEFAULT CHARSET=utf8mb4 COLLATE=utf8mb4_unicode_ci;

--
-- Dumping data for table `clarifications`
--

INSERT INTO `clarifications` VALUES (1,3,4,'El pago fué realizado','2019-08-05',3),(2,4,4,'Pago curso 4','2019-08-06',3),(3,5,5,'ya pague pero el curso no se ve','2019-08-16',3),(4,4,5,'Curso 4 13-09','2019-09-13',3),(5,6,9,'pago','2019-09-20',0),(6,6,43,'mangeles-lopezp@hotmail.com','2019-09-23',3),(7,6,42,'yared29@yahoo.com.mx','2019-09-23',3),(8,6,23,'gabrielacrm75@gmail.com','2019-09-23',3),(9,6,22,'equimad@live.com.mx','2019-09-23',3),(10,6,19,'vazquezgpf@hotmail.com','2019-09-23',3),(11,6,14,'pamelagisi713@gmail.com','2019-09-23',3),(12,6,46,'mxgraphic@outlook.es','2019-09-24',3),(13,6,48,'pamelagisi713@gmail.com','2019-09-24',3),(14,6,50,'almayvo@yahoo.com.mx','2019-09-25',3),(15,6,54,'escudero38@gmail.com','2019-09-26',3),(16,6,55,'Pago en dolares','2019-09-26',0),(17,6,55,'mp_mlm_patricia.cifuentes@gmail.com','2019-09-27',3),(18,6,56,'marianoaolm@yahoo.com.mx','2019-09-27',3),(19,6,15,'wendyvillamarrodriguez@gmail.com','2019-09-30',3),(20,6,11,'johamarchesini@gmail.com','2019-10-04',3),(21,6,67,'rosy.becerril4@gmail.com','2019-10-09',3),(22,6,75,'Edith Ya pagué','2019-10-16',3),(23,6,76,'Pago','2019-10-18',3),(24,13,102,'Cual es el costo','2020-02-15',2),(25,13,201,'Precisar si hay algún pago','2020-03-31',2),(26,13,213,'Me equivoqué','2020-04-06',0),(27,13,267,'pago realizado sin acceso','2020-05-15',0),(28,13,237,'Aclarar precio','2020-05-25',0),(29,13,269,'Curso en linea  pagado','2020-05-28',1),(30,13,333,'Costo','2020-06-03',0),(31,15,370,'Pregunta','2020-06-09',2),(32,15,386,'Pago realizado no recibí confirmación Sarai Pineda','2020-06-10',2),(33,15,345,'No puedo entrar al curso de conciencia de Saludo 3era generación','2020-06-15',0),(34,15,442,'Primer pago realizado','2020-06-17',0),(35,15,496,'Ya pague y no me deja acceder','2020-07-02',0),(36,17,607,'Verificacion de cargo.','2020-08-23',2),(37,17,965,'No me aparece abierto el curso','2020-09-07',0),(38,12,1064,'Duda','2020-09-08',0),(39,12,1152,'COSTO DEL CURSO','2020-09-14',0),(40,17,860,'Depósito','2020-10-21',0),(41,18,1275,'COMPROBACION DE INSCRIPCION A CURSO','2020-11-01',1),(42,18,1351,'meses','2020-11-18',0),(43,18,1416,'Opcion  de pago','2020-11-20',1),(44,18,1478,'Forma de pago','2020-12-02',0),(45,18,1233,'Ma. Elpidia Avendaño','2020-12-07',1),(46,2,1300,'Ya pague','2020-12-12',2),(47,18,1650,'Pago declinado','2020-12-15',0),(48,18,1683,'Pago de Paypal cobrado pero terminó en error','2020-12-18',0),(49,17,1658,'Ya me hicieron el cobro en PayPal','2020-12-19',0),(50,18,1491,'curso 5 generacion','2020-12-22',0),(51,18,1574,'no puedo ingresar al curso','2020-12-23',0),(52,20,2041,'pago de curso conciencia de salud 1','2021-03-23',0),(53,20,2232,'Descuento','2021-04-19',0),(54,20,2278,'Conciencia de salud','2021-04-24',0),(55,20,2318,'No llego correo','2021-04-26',0),(56,20,388,'Aquí está mi pago','2021-04-26',0),(57,20,2060,'Hice el pago de inscripción y salió mensaje de error','2021-04-28',0),(58,20,2369,'En pagos','2021-05-06',1),(59,20,2251,'facturacion','2021-05-06',0),(60,21,2816,'no recibí ningún código y no puedo ingresar al curso','2021-09-13',0),(61,21,2621,'Aida Garcia','2021-09-16',1),(62,21,2895,'En pagos','2021-09-26',0),(63,21,2823,'Diferir pago','2021-09-29',0),(64,25,3111,'Depósito en banco Banorte','2022-01-26',0),(65,24,3174,'Pago de Curso 3 no 1','2022-02-06',0),(66,24,2191,'Transferencia','2022-02-08',0),(67,24,2206,'inscripción al curso de conciencia 3','2022-02-11',0),(68,24,2571,'No me deja abrir el curso','2022-02-16',0),(69,25,3085,'No contestan mensajes sobre un depósito','2022-02-21',0),(70,25,3239,'Curso pagado','2022-02-22',0),(71,26,3632,'Quiero aprobehar el 10 % y no me acepto el pago con mi tarjeta','2022-05-15',0),(72,26,4366,'REGISTRO PARA CURSO 13 de junio 2022','2022-06-10',0),(73,26,4365,'Ya pagué y no pude entrar a la primer clase','2022-06-13',0),(74,27,4387,'Conciencia de Salud 1','2022-06-24',0),(75,28,4496,'Pago de curso','2022-08-03',0),(76,34,4552,'Cargo curso conciencia de salud 1','2023-01-13',1),(77,34,4499,'doble cobro del curso','2023-01-17',0),(78,34,4979,'Realize primer pago','2023-01-25',0),(79,37,5137,'Aclaración de pago','2023-04-27',1),(80,42,6169,'No me enviaron material','2023-09-13',0),(81,42,6210,'Pagos parciales','2023-09-13',0),(82,42,5638,'No he recibido productos que compre desde el 18 de octubre','2023-11-07',0),(83,46,6407,'Ceremonia virtual','2023-11-29',0),(84,50,6573,'Pago por Pay Pal','2023-12-22',1),(85,48,6401,'Maritza Lopez','2024-01-10',0),(86,61,7225,'Sin reflejo de pago','2024-09-23',0);

--
-- Table structure for table `clarifications_msg`
--

CREATE TABLE `clarifications_msg` (
  `id` int(10) unsigned NOT NULL AUTO_INCREMENT,
  `id_clarification` int(10) unsigned NOT NULL,
  `mensaje` varchar(1000) COLLATE utf8mb4_unicode_ci NOT NULL,
  `url_file` varchar(1000) COLLATE utf8mb4_unicode_ci NOT NULL,
  `fecha_creacion` date NOT NULL,
  `is_user` int(11) NOT NULL,
  PRIMARY KEY (`id`),
  KEY `clarifications_msg_id_clarification_foreign` (`id_clarification`),
  CONSTRAINT `clarifications_msg_id_clarification_foreign` FOREIGN KEY (`id_clarification`) REFERENCES `clarifications` (`id`)
) ENGINE=InnoDB AUTO_INCREMENT=143 DEFAULT CHARSET=utf8mb4 COLLATE=utf8mb4_unicode_ci;

--
-- Dumping data for table `clarifications_msg`
--

INSERT INTO `clarifications_msg` VALUES (1,1,'El pago fué realizado, ¿me puede dar acceso?','public/aclaracion/4/3/ldo8fPOv3EcSri3C7otdVyISrumvb1juwzfG9Hx4.pdf','2019-08-05',1),(2,1,'No puedo ver el mensaje, ¿me puedes mandar de nuevo el archivo adjunto?','','2019-08-05',0),(3,1,'si claro','public/aclaracion/4/1/sg1aVTz0WRnXMrjbva4pDfujekv48FiEeOyeq523.pdf','2019-08-05',1),(4,1,'¡otro más!','public/aclaracion/4/1/QiY6mnylFDLwP1NvlQfuqtmhpTyRu9MFwfumUDGU.pdf','2019-08-05',1),(5,2,'Ya pagué el curso pero no me lo habilita...\n¿me ayudan a abrir este curso?','public/aclaracion/4/4/jsBoDtfARxgBpX42PMH0T0ASOxWwY2RsKK5Mgm3X.pdf','2019-08-06',1),(6,2,'Va otra vez','public/aclaracion/4/2/jQkyWk2CQWzojSkNPfpCpAmq5zRAMzKcqJIW9thh.pdf','2019-08-06',1),(7,2,'Otro más','public/aclaracion/4/2/HLCJQPQrfieZtC0MqntXxARm2ixs7HBIWJNg0R6I.pdf','2019-08-06',1),(8,2,'¡Perfecto!\n¡En un momento te agrego al curso!','public/aclaracion/3/2/3NCNWx29nvF1mX9EcEbCNSjLsncjfKfxRtZmkEgg.pdf','2019-08-07',0),(9,1,'¿me puede agregar al curso ya?','','2019-08-14',1),(10,1,'¡claro que si!','','2019-08-14',0),(11,1,'El administrador lo ha agregado el curso','','2019-08-14',0),(12,3,'ya pague pero el curso no se ve ¿me ayudas?','public/aclaracion/5/5/tFHjaX5WemhgAnkG4tbPQPAbfjlBEMGpBuAV5T8p.pdf','2019-08-16',1),(13,3,'¿existen noticias?','','2019-08-16',1),(14,3,'No, yo no tengo el registro','','2019-08-16',0),(15,3,'¡claro que si!','','2019-08-16',1),(16,3,'oh ya se ¡ve!','','2019-08-16',0),(17,3,'El administrador lo ha agregado el curso','','2019-08-16',0),(18,4,'No puedo ver el curso 4 13-09','public/aclaracion/5/4/WAZUaJuTaTF3tB7bFrWgotO9QYlzXm7cvgneEhNP.pdf','2019-09-13',1),(19,4,'¡Perfecto! ¡te inscribo!','','2019-09-13',0),(20,4,'Respuesta del usuario','','2019-09-13',1),(21,4,'mensaje del admin','','2019-09-14',0),(22,4,'msg del admin','','2019-09-14',0),(23,4,'msg del admin','','2019-09-14',0),(24,4,'respuesta del alumno','','2019-09-14',1),(25,4,'respuesta admin','','2019-09-14',0),(26,4,'¡ya inscríbeme!','','2019-09-14',1),(27,4,'El administrador lo ha agregado el curso','','2019-09-14',0),(28,5,'Se debe hacer el pago en una sola exhibition','','2019-09-20',1),(29,6,'mangeles-lopezp@hotmail.com','','2019-09-23',1),(30,7,'yared29@yahoo.com.mx','','2019-09-23',1),(31,8,'gabrielacrm75@gmail.com','','2019-09-23',1),(32,9,'equimad@live.com.mx','','2019-09-23',1),(33,10,'vazquezgpf@hotmail.com','','2019-09-23',1),(34,11,'pamelagisi713@gmail.com','','2019-09-23',1),(35,6,'El administrador lo ha agregado el curso','','2019-09-23',0),(36,7,'El administrador lo ha agregado el curso','','2019-09-23',0),(37,8,'El administrador lo ha agregado el curso','','2019-09-23',0),(38,9,'El administrador lo ha agregado el curso','','2019-09-23',0),(39,10,'El administrador lo ha agregado el curso','','2019-09-23',0),(40,11,'El administrador lo ha agregado el curso','','2019-09-23',0),(41,12,'mxgraphic@outlook.es','','2019-09-24',1),(42,13,'pamelagisi713@gmail.com','','2019-09-24',1),(43,12,'El administrador lo ha agregado el curso','','2019-09-24',0),(44,13,'El administrador lo ha agregado el curso','','2019-09-24',0),(45,14,'almayvo@yahoo.com.mx','','2019-09-25',1),(46,14,'El administrador lo ha agregado el curso','','2019-09-25',0),(47,15,'escudero38@gmail.com','','2019-09-26',1),(48,15,'El administrador lo ha agregado el curso','','2019-09-26',0),(49,16,'Pago en dolares','','2019-09-26',1),(50,18,'marianoaolm@yahoo.com.mx','','2019-09-27',1),(51,17,'mp_mlm_patricia.cifuentes@gmail.com','','2019-09-27',1),(52,17,'El administrador lo ha agregado el curso','','2019-09-26',0),(53,18,'El administrador lo ha agregado el curso','','2019-09-26',0),(54,19,'wendyvillamarrodriguez@gmail.com','','2019-09-30',1),(55,19,'El administrador lo ha agregado el curso','','2019-09-30',0),(56,20,'johamarchesini@gmail.com','','2019-10-04',1),(57,20,'El administrador lo ha agregado el curso','','2019-10-04',0),(58,21,'rosy.becerril4@gmail.com','','2019-10-09',1),(59,21,'El administrador lo ha agregado el curso','','2019-10-09',0),(60,2,'El administrador lo ha agregado el curso','','2019-10-16',0),(61,22,'¿Me podrían inscribir?','public/aclaracion/75/6/trLKz1I1BdOL6e3GqrdYCE49YI8nfQ0HQ9FEc8i5.jpeg','2019-10-16',1),(62,22,'Listo ya te voy a ingresar','public/aclaracion/3/22/SPTYpksrGs9BBbJ2Cws7M4Z2MrfZR2w8WKSpxmdN.jpeg','2019-10-16',0),(63,22,'a ver... ¿ya quedó?','public/aclaracion/75/22/17Xwzj23zblHnqrlTFgJL0BjfommZjLG1EH15CWm.jpeg','2019-10-16',1),(64,22,'¡Listo!','','2019-10-16',0),(65,22,'El administrador lo ha agregado el curso','','2019-10-16',0),(66,23,'Hice la transferencia bancaria y no a abierto el curso que deseo, qué pasó es a seguir?','public/aclaracion/76/6/qlAjfHi3eklvvEWK0byrslULxWwPQi680r8B791X.jpeg','2019-10-18',1),(67,23,'Hola Gloria. Muy buenas noches, ya  estas dada de alta en la plataforma del curso, ahora por favor inicia sesión , disculpa los inconvenientes.\n Disfruta del curso .\n¡¡BIENVENIDA!!','','2019-10-19',0),(68,23,'El administrador lo ha agregado el curso','','2019-10-19',0),(69,24,'Me gustaría saber el costo del curso','','2020-02-15',1),(70,24,'Hola el costo es de $4,444','','2020-03-16',0),(71,25,'Por favor, hacer las aclaraciones respectivas de pago. Gracias.','','2020-03-31',1),(72,25,'Hola Flor: Buenas Tardes.\nRealizó usted su pago? ,puede enviarnos el comprobante por favor, gracias.','','2020-04-02',0),(73,26,'Me equivoqué y lo puse en 1 solo pago ... ya volví a pagar  esta vez correctamente ... Quedo pendiente de la devolución si fueran tan gentiles !!','public/aclaracion/213/13/iIucdNOVXCsWmMkWjyjGOC0g2rN03Lyk9dd5pGy2.jpeg','2020-04-06',1),(74,27,'Hola buenas tardes, no puedo accesar al curso   Correo es coma0181@hotmail.com','public/aclaracion/267/13/drjYE5wxAtxVGiHHXcKHgtcbnxtruD2k0fsqIRyf.png','2020-05-15',1),(75,28,'Hola  el curso , pague a meses y me salió más caro, ahí decía meses sin intereses, es correcto el cargo demás, fueron como 1200:\r\nSolo quiero saber si fue correcto que se cobrara una cantidad extra','','2020-05-25',1),(76,29,'May 15, 2020 22:36:51 PDT \r\nTransaction ID: 81D36392S7822193K 	 \r\n 	\r\nHello Irma S Pinto,\r\nYou sent a payment of $4,444.00 MXN to Conciencia de salud\r\n(info@concienciadesalud.com)','','2020-05-28',1),(77,29,'Hola  me pueden ayudar porfavor  no puedo  Ingresar a el curso en linea mi Pago aprece como pendiente pero ya fue pagado','','2020-05-28',1),(78,30,'Hola buenos dias! Cual es el costo del curso','','2020-06-03',1),(79,31,'Buenas noches quiero saber si tiene a mese sin intereses para el curso de conciencia de salud,¿Cuántos? les agradeceré si me pueden aclarar esto, gracias','','2020-06-09',1),(80,32,'Buen día realicemos pago en mercado pago para la 3ra generación del curso de conciencia de salud y no recibí confirmación de su parte. Me sacó la.pagina y me.marco error. Pero ya se acreditó el pago. Me ayudan por favor','public/aclaracion/386/15/UI1aXcT5NXYFtWbAjikkVIakaq8Ay4qtLBHSGj6r.jpeg','2020-06-10',1),(81,32,'Hola Sarai, buenas noches si esta acreditado tu pago y ya estas dada de alta en el curso. buenas noches.','','2020-06-11',0),(82,31,'Hola Victorina , si contamos con meses sin intereses,  a traves de mercado pago, buenas noches','','2020-06-11',0),(83,33,'Buen día  el día 4 de junio, realice el pago de mi curso conciencia de salud, por el importe de $4,444.00, con tarjeta Santander a nombre de Silvia Ramos Neri, pero hoy al querer entrar al curso me dice que no he pagado.\n\nEs importante mencionar que si recibí mi correo con la meditación de bienvenida al curso.','','2020-06-15',1),(84,34,'Hola, buenos días!!\nEnvié la ficha de pago el lunes 15 por la tarde vía mail, por un importe de $1,500, quiero saber si quedó registrado dicho pago y el estatus de mi inscripción.\nMuchas gracias por su atención, saludos.','public/aclaracion/442/15/HRsq6rtN3wLGfz3aa700OJwkgOzQOAXFjIn4STGK.jpeg','2020-06-17',1),(85,35,'Hola ya realice el pago por medio de mercado pago y no le deja acceder','public/aclaracion/496/15/xADyjKcYgA7xVuEfJCbMRsNyR7Psew0cXJJDTNVA.png','2020-07-02',1),(86,36,'Buenas noches, me registre y suscribí al curso ,registre los datos de mi tarjeta y todo el proceso , pero no me llega ninguna notificación de confirmación o de pago realizado.','','2020-08-23',1),(87,36,'Hola Ale , buenas noches, ¿Cuál fue el motor de pago, Pay Pal o Stripe?','','2020-08-27',0),(88,37,'Hola, pague el curso, pero al iniciar sesión me aparece cerrado el capitulo. Me pueden decir como puedo verlo\nGracias','public/aclaracion/965/17/3EmdI7wcD1Dm4Fwx93BzTZsSUwc7dl4fKFXMMTkd.docx','2020-09-07',1),(89,38,'Buenas tardes.  Estoy sumamente interesada en tu curso de los lunes.   Ya ingrese todos mis datos pero en la aplicación me pregunta aclaración de pagos y cuando ingreso me dice que no hay aclaración disponible','public/aclaracion/1064/12/05zyvuJTOqG7yAxerEyIEgOONHt17dMypcbxSsSj.png','2020-09-08',1),(90,39,'COSTO DEL CURSO COMO SE PAGA Y TIEMPO Y HORARIO DEL MISMO','','2020-09-14',1),(91,41,'Hola buenos dias, necesito por favor confirmar si ya quede registrada a este curso, ya que tuve una falla en mi computadora  a momento de efectuar pago y no me envió mensaje de bienvenida, me ayudan, gracias.','','2020-11-01',1),(92,41,'Creo y lo pague 2 veces, me ayuda a aclarar, quedo a la espsera de su amable respuesta, gracias.','','2020-11-01',1),(93,42,'hola po favor me pueden dar informes del curso de conciencia de salud, referente a pago a meses . gracias','','2020-11-18',1),(94,43,'el web. no me dio la oportunidad de seleccionar la opcion de pago.','','2020-11-20',1),(95,43,'cuales son las opciones de pago??','','2020-11-20',1),(96,44,'Se realizó un pago de $2,444.00 el 30 de noviembre de 2020, queda pendiente por pagar $2,000.00','','2020-12-02',1),(97,45,'Hola buen día, adjunto comprobante de pago del curso en paypal','public/aclaracion/1233/18/CiMNIcwJqs7f8OeiJ69YZIWVffhBREylw6L8HP8W.pdf','2020-12-07',1),(98,45,'El nombre la cuenta de la tarjeta pay pal esta a nombre de mi hijo Alfredo Angeles Avendaño, quien toma el curso es Ma. Elpidia Avendaño Velazco','','2020-12-08',1),(99,46,'Pague x el oxxo','','2020-12-12',1),(100,47,'Me pueden ayudar, trate de hacer el pago con tarjeta de crédito del curso  5.ª generación. Conciencia de la salud 1, me indico de mi tarjeta fue declinada,  tengo sus números de contacto pero no me contestan','','2020-12-15',1),(101,48,'Realicé el pago de mi curso con paypal pero al regresar de la plataforma el navegador me mostró un error 404 y me sigue mostrando el formulario para pagar. En Paypal ya se me ha hecho el cargo a mi tarjeta y me llegó un correo de que debo terminar mi inscripción pero me vuelve a pedir mis datos de pago','public/aclaracion/1683/18/nJzFkIBLMv83gXh4sK0XEahTdI22yMszFnIGlaMS.jpeg','2020-12-18',1),(102,49,'Ya hice el pago en PayPal y se hizo el cargo pero toda vía no se refleja','public/aclaracion/1658/17/8SYyc7j5mq2BD3F6vsiwIiZIKR4T2qpIDyYNoVnm.png','2020-12-19',1),(103,50,'Buenas tardes, hice mi pago el dia 4 de diciembre pero no puedo ingresar al curso, abro mi sesión y entro a la 5 generación pero todos los capítulos me aparecen bloqueados, y me pide que termine la inscripción haciendo mi pago, tengo el comprbante de la compra por paypal. \n\ngracias!','','2020-12-22',1),(104,51,'buen dia! disculpe no puedo ingresar al video de la primer semana del curso, me dice no disponible y si se me realizo el cargo del pago, pueden ayudarme a solucionar el problema?','','2020-12-23',1),(105,46,'No hay un ling donde me de acceso al curso','','2020-12-27',1),(106,46,'ya esta activo tu usuario bienvenida','','2020-12-27',0),(107,52,'Hola por favor si me pueden confirmar que se realizo el pago, yo ya valide en mi banco y el cargo esta hecho en mi tarjeta, este es el numero de autorizacion 795580 fue un pago con TC de BBVA.\nquedo a la espera de su confirmacion\ngracias!','','2021-03-23',1),(108,53,'Cómo puedo obtener el descuento del curso, decía que mencionando en conciencia','','2021-04-19',1),(109,54,'Curso','public/aclaracion/2278/20/A6Kd5riHiQESMGS2fr7R9NTEC5CAuuWZwJ9HR83K.jpeg','2021-04-24',1),(110,55,'Buen día, no llego el correo del curso q se pago ayer','','2021-04-26',1),(111,56,'Aquí te dejo la copia de mi recibo Gracias','public/aclaracion/388/20/1uA5pwk1syDFAynLXZhrC0VDJtGryacm3nNpqym6.png','2021-04-26',1),(112,57,'Hola, acabo de hacer el pago de inscripción al curso, se me cobró en mi paypal pero cuando le puse aceptar al pago me dirigió a página de error.','public/aclaracion/2060/20/BHFQAkeMWeFeCz7mRn5erHnvecYmjKABDYJIskoy.pdf','2021-04-28',1),(113,58,'En','','2021-05-06',1),(114,58,'Pagos con targeta de credito','','2021-05-06',1),(115,59,'buenas noches me gustaría solicitar factura  por el pago del curso, mis datos son:\nR.F.C. EUMS850427T11\nStefania Esquivel Martinez\nPaseo de los Alamos 6\nPulgas pandas Norte\ncp. 20138','','2021-05-06',1),(116,60,'Buen día, me pongo en contacto para poder aclarar mi inscripción al curso ya que ya realice el pago, pero no he recibido ni me arrogo ningún código de inscripción durante el proceso.\nruego me puedan ayudar ya que intento comunicarme vía telefónica y no recibo respuesta.\nmucha luz.','public/aclaracion/2816/21/upay6raRZFNbGpOgIYkwkXD759hl0m2tl7loLqJ0.png','2021-09-13',1),(117,61,'Ya mande  las capturas de los depisitos','public/aclaracion/2621/21/yumjBUcncooYKTnqZMwixHIUbK44N23v389cXGnt.png','2021-09-16',1),(118,61,'Tiene estatus pendiente','','2021-09-16',1),(119,63,'Hola, buenas noches.\r\n\r\nquiero saber si me pueden ayudar a diferir mi pago a meses sin intereses, ya que cuando realicé mi pago no seleccioné esa opción. gracias','','2021-09-29',1),(120,65,'Favor de checar el pago ya que pague el curso 3 pero me aparece el 1 , gracias','','2022-02-06',1),(121,66,'Realice transferencia y no puedo entrar al curso','','2022-02-08',1),(122,67,'Hola me inscribí al curso de conciencia de salud 3 y me mando al 1 podrías hacerme el cambio gracias.','','2022-02-11',1),(123,68,'No me deja ver el curso y ya lo pague','','2022-02-16',1),(124,69,'Hola ? realicé mi pago en cta para mi curso conciencia de la salud 1 por la cantidad de $ 2, 388.50 fue transferencia y eh enviado mensajes al WhatsApp pero no me responden...porfavor también hice pago de mi agenda y quedaron  desde el lunes pasado enviármela y no he tenido respuesta aún no la recibo ...espero su respuesta gracias gracias gracias ? ?','public/aclaracion/3085/25/JqeKeNOD9mBrnZGP1VHOzH4lWDwOWW0a86Nh7Jaj.jpeg','2022-02-21',1),(125,70,'Pague mi curso el día 21 de febrero de 2022','public/aclaracion/3239/25/t8ET2iPKCSK2OV60y4EX32pA6TABgFbwqgLVYvrm.jpeg','2022-02-22',1),(126,71,'Mi tarjeta fue declinada por un  candado que puso el banco, para compras en linea quiero aprovechar el 10 % de descuento y la aclaracion la debo  hacer en la sucursal. Por lo tanto seria mañana muchas gracias por su atención y compresión','','2022-05-15',1),(127,72,'Hola, ya realice mi pago en el banco. Cuento con mi ticket, pero en la página no hay como registrarlo','public/aclaracion/4366/26/SdieN38o6DgZXUrwkgXEQTYVaLeAXJUikMA4Tvea.jpeg','2022-06-10',1),(128,74,'Hola Martha, antes que nada muchísimo gusto, he estado siguiendo tu podcast el cual me parece fenomenal y me ha ayudado muchísimo. Decidí inscribirme a el curso conciencia de salud 1, pero no sé que sucedió en el proceso y me dio acceso al 3,  quisiera solicitarte tu apoyo para poder cambiar el acceso de curso. De antemano GRACIAS.','','2022-06-24',1),(129,75,'Buenas tardes se me cobro el curso de 2222 y yo lo quería a meses.','','2022-08-03',1),(130,76,'Me salió que me habían rechazado la tarjeta pero si se me realizó el cargo','public/aclaracion/4552/34/fGgkNKzY3xW7aoaAeLbWPI68OUa0uUCRJUhkJSKY.jpeg','2023-01-13',1),(131,76,'Ya me mando un correo el banco que se cancelo el movimiento lo vuelvo a intentar gracias','','2023-01-13',1),(132,77,'Realice el pago del curso Conciencia de salud 1 el día de ayer, y hoy me llegó un mensaje del banco informándome que se realizó doble pago.','','2023-01-17',1),(133,78,'Hola ya realize el.primer pago del Curso Conciencia de Salud pero no se como accesar al curso','public/aclaracion/4979/34/Y7ev0WYRYiOFePNqoShRDEJVQDCZYPI6HSgirZxj.jpeg','2023-01-25',1),(134,79,'Me pide pagar, pero yo ya hice mi pago al Banco de Banorte','','2023-04-27',1),(135,79,'Me ayudan por favor,llevo media hora y no me contestan','','2023-04-27',1),(136,80,'Buen día! Envié el pago y no me han enviado el material gracias','public/aclaracion/6169/42/RwFltKcrqRMvTnSPdQlzkaf0vrWHHUFPGTCxEVP8.jpeg','2023-09-13',1),(137,81,'Hola pedí 3 pagos parciales y me llegó una notificación por el total','public/aclaracion/6210/42/56sa7MJUDZfzAbppCWgI4RXt4M5gy2fWNacZEv8g.jpeg','2023-09-13',1),(138,83,'No recibí o tuve acceso al video de cierre. Solicito devolución de pago de $333 gracias','','2023-11-29',1),(139,84,'Pague la introducción al curso hace unos minutos pero no hay ningun botón donde me lleve al curso, me podría  orientar de en donde lo puedo ver por que en el correo que me llego tampoco viene ningun link  Gracias','public/aclaracion/6573/50/oUNy6EWnVwTqsZekvsZOQf0zs2qUGnW3ShBBFbXJ.jpeg','2023-12-22',1),(140,84,'Podría indicarme en donde encuentro el link para ver el servicio que page por favor','','2023-12-22',1),(141,85,'Pagado el curso','','2024-01-10',1),(142,86,'Ayer por la noche realicé el pago del curso y por lo que veo no puedo acceder. GRACIAS','public/aclaracion/7225/61/7HtYHSqCMKPiOtS4d2g74CalJ618v4heLGEkqLf8.jpeg','2024-09-23',1);

--
-- Table structure for table `compras`
--

CREATE TABLE `compras` (
  `id` int(10) unsigned NOT NULL AUTO_INCREMENT,
  `id_orden_compra` int(10) unsigned NOT NULL,
  `id_user` int(10) unsigned NOT NULL,
  `enviado` int(11) NOT NULL,
  `track_url` varchar(255) COLLATE utf8mb4_unicode_ci DEFAULT NULL,
  `fecha_entrega` date DEFAULT NULL,
  `entregado` int(11) NOT NULL,
  `created_at` timestamp NULL DEFAULT NULL,
  `updated_at` timestamp NULL DEFAULT NULL,
  PRIMARY KEY (`id`),
  KEY `compras_id_orden_compra_foreign` (`id_orden_compra`),
  KEY `compras_id_user_foreign` (`id_user`),
  CONSTRAINT `compras_id_orden_compra_foreign` FOREIGN KEY (`id_orden_compra`) REFERENCES `ordenes_compras` (`id`),
  CONSTRAINT `compras_id_user_foreign` FOREIGN KEY (`id_user`) REFERENCES `users` (`id`)
) ENGINE=InnoDB AUTO_INCREMENT=690 DEFAULT CHARSET=utf8mb4 COLLATE=utf8mb4_unicode_ci;

--
-- Dumping data for table `compras`
--

INSERT INTO `compras` VALUES (1,1,4,1,'123456','2021-02-17',0,NULL,NULL),(2,2,4,1,'123456','2021-02-17',0,NULL,NULL),(3,6,4,1,'123456','2021-02-17',0,NULL,NULL),(4,7,4,1,'1123634971','2021-02-18',0,NULL,NULL),(5,15,1233,1,'1123634971','2021-02-18',0,NULL,NULL),(6,18,1880,1,'1123618263','2021-02-18',0,NULL,NULL),(7,21,1874,1,'3722872296','2021-02-17',0,NULL,NULL),(8,20,1881,1,'3722992663','2021-02-17',0,NULL,NULL),(9,31,1736,1,'8309114892','2021-02-19',0,NULL,NULL),(10,30,1396,1,'0000000000','2021-03-05',0,NULL,NULL),(11,36,1887,1,'1326389153','2021-02-19',0,NULL,NULL),(12,42,1239,1,'3393487941','2021-03-01',0,NULL,NULL),(13,14,75,1,'021222222','2021-02-19',0,NULL,NULL),(14,50,1891,1,'7389752591','2021-02-24',0,NULL,NULL),(15,52,1423,1,'1220388411','2021-02-23',0,NULL,NULL),(16,46,1118,1,'1220399983','2021-02-24',0,NULL,NULL),(17,54,1893,1,'7389798404','2021-02-23',0,NULL,NULL),(18,59,1502,1,'7389740536','2021-02-23',0,NULL,NULL),(19,44,964,1,'3078653395','2021-02-23',0,NULL,NULL),(20,57,1896,1,'1220411146','2021-02-23',0,NULL,NULL),(21,63,433,1,'7389813336','2021-02-24',0,NULL,NULL),(22,28,1247,1,'4547623301','2021-03-08',0,NULL,NULL),(23,67,1901,1,'2397137632','2021-02-24',0,NULL,NULL),(24,55,1894,1,'7430289031','2021-02-24',0,NULL,NULL),(25,64,579,1,'7430269560','2021-02-24',0,NULL,NULL),(26,71,1902,1,'7966389933','2021-02-27',0,NULL,NULL),(27,11,4,1,'0000000000','2021-03-05',0,NULL,NULL),(28,74,1904,1,'7430269630','2021-02-25',0,NULL,NULL),(29,78,1905,1,'7430306100','2021-02-25',0,NULL,NULL),(30,82,1458,1,'3393478023','2021-02-27',0,NULL,NULL),(31,83,1308,1,'7430317930','2021-02-24',0,NULL,NULL),(32,93,1920,1,'2979883126','2021-03-02',0,NULL,NULL),(33,94,1921,1,NULL,'2021-02-25',0,NULL,NULL),(34,69,804,1,'7966343626','2021-03-01',0,NULL,NULL),(35,106,1933,1,'3393454363','2021-02-27',0,NULL,NULL),(36,107,1934,1,'00000000','2021-02-25',0,NULL,NULL),(37,108,240,1,NULL,'2021-02-24',0,NULL,NULL),(38,109,1876,1,'00000000000','2021-02-23',0,NULL,NULL),(39,97,1923,1,'7981654682','2021-02-26',0,NULL,NULL),(40,114,1511,1,'000000000','2021-02-24',0,NULL,NULL),(41,116,1938,1,'0000000000','2021-02-24',0,NULL,NULL),(42,117,1939,1,'1339975221','2021-02-26',0,NULL,NULL),(43,120,1396,1,'0000000000','2021-03-05',0,NULL,NULL),(44,122,1942,1,'1339977590','2021-03-03',0,NULL,NULL),(45,123,1396,1,'0000000000','2021-03-05',0,NULL,NULL),(46,126,1881,1,'0000000000','2021-02-25',0,NULL,NULL),(47,129,519,1,'7981667201','2021-02-26',0,NULL,NULL),(48,131,1653,1,'7966374430','2021-03-01',0,NULL,NULL),(49,132,1396,1,'000000000','2021-03-05',0,NULL,NULL),(50,103,1931,1,'3393466532','2021-03-01',0,NULL,NULL),(51,134,1946,1,'3393464082','2021-02-27',0,NULL,NULL),(52,111,408,1,'2109694904','2021-03-09',0,NULL,NULL),(53,141,1543,1,'1127383913','2021-03-11',0,NULL,NULL),(54,112,966,1,'0000000000','2021-03-05',0,NULL,NULL),(55,146,1955,1,'1127278062','2021-03-08',0,NULL,NULL),(56,147,866,1,NULL,NULL,0,NULL,NULL),(57,90,1469,1,'1127282494','2021-03-08',0,NULL,NULL),(58,148,179,1,'0000000000','2021-03-05',0,NULL,NULL),(59,150,1957,1,'0000000000','2021-03-05',0,NULL,NULL),(60,154,494,1,'1127288680','2021-03-08',0,NULL,NULL),(61,157,1964,1,'1127294700','2021-03-08',0,NULL,NULL),(62,45,1890,1,'1127378372','2021-03-08',0,NULL,NULL),(63,161,1507,1,'000000000000','2021-03-05',0,NULL,NULL),(64,163,1967,1,'1127387951','2021-03-08',0,NULL,NULL),(65,164,1968,1,'4547636494','2021-03-09',0,NULL,NULL),(66,168,1970,1,'00000000000','2021-03-05',0,NULL,NULL),(67,170,1972,1,'0000000000','2021-03-05',0,NULL,NULL),(68,167,1657,1,'1127436520','2021-03-05',0,NULL,NULL),(69,23,1722,1,'0000000000','2021-03-05',0,NULL,NULL),(70,77,1414,1,'1127445546','2021-03-09',0,NULL,NULL),(71,178,1978,1,'1127452550','2021-03-08',0,NULL,NULL),(72,181,1457,1,'1127455383','2021-03-08',0,NULL,NULL),(73,182,812,1,'1127372153','2021-03-09',0,NULL,NULL),(74,184,1982,1,NULL,NULL,0,NULL,NULL),(75,186,1139,1,'4547684046','2021-03-08',0,NULL,NULL),(76,187,1979,1,'1127466432','2021-03-08',0,NULL,NULL),(77,188,1986,1,'4547687966','2021-03-06',0,NULL,NULL),(78,189,1987,1,'4547691153','2021-03-06',0,NULL,NULL),(79,190,1988,1,'1127476873','2021-03-06',0,NULL,NULL),(80,198,1985,1,'0000000000','2021-03-05',0,NULL,NULL),(81,136,1403,1,'00000000000','2021-03-05',0,NULL,NULL),(82,199,1998,1,'4974164543','2021-03-10',0,NULL,NULL),(83,176,1977,1,'4547700883','2021-03-06',0,NULL,NULL),(84,202,2001,1,NULL,NULL,0,NULL,NULL),(85,95,1533,1,NULL,NULL,0,NULL,NULL),(86,137,1262,1,'2109708230','2021-03-08',0,NULL,NULL),(87,204,2005,1,NULL,NULL,0,NULL,NULL),(88,207,2006,1,'0000000000','2021-03-09',0,NULL,NULL),(89,209,2009,1,'1292948370','2021-03-10',0,NULL,NULL),(90,212,2011,1,'1292954865','2021-03-10',0,NULL,NULL),(91,215,2013,1,'1292958483','2021-03-18',0,NULL,NULL),(92,217,1987,1,'2898262076','2021-03-10',0,NULL,NULL),(93,175,1976,1,NULL,NULL,0,NULL,NULL),(94,191,1989,1,'2898239293','2021-03-10',0,NULL,NULL),(95,24,1611,1,'2898247321','2021-03-10',0,NULL,NULL),(96,210,1528,1,'4974182360','2021-03-10',0,NULL,NULL),(97,220,2017,1,'4974188251','2021-03-11',0,NULL,NULL),(98,223,1366,1,'4974195030','2021-03-11',0,NULL,NULL),(99,224,2019,1,'1114199634','2021-03-11',0,NULL,NULL),(100,85,1315,1,'3034115534','2021-03-17',0,NULL,NULL),(101,227,97,1,NULL,NULL,0,NULL,NULL),(102,231,2034,1,NULL,NULL,0,NULL,NULL),(103,234,2035,1,'1646423601','2021-03-17',0,NULL,NULL),(104,236,2036,1,'7152863373','2021-03-17',0,NULL,NULL),(105,238,2038,1,'1646439373','2021-03-16',0,NULL,NULL),(106,239,2041,1,'3662709293','2021-03-17',0,NULL,NULL),(107,208,2008,1,'3662711835','2021-03-18',0,NULL,NULL),(108,12,1439,1,'3662713563','2021-03-17',0,NULL,NULL),(109,248,910,1,NULL,NULL,0,NULL,NULL),(110,249,2049,1,'2249814884','2021-03-18',0,NULL,NULL),(111,250,2050,1,NULL,NULL,0,NULL,NULL),(112,253,2053,1,'2249821980','2021-03-18',0,NULL,NULL),(113,255,1337,1,'1016073085','2021-03-18',0,NULL,NULL),(114,257,2056,1,'1016079934','2021-03-19',0,NULL,NULL),(115,229,2027,1,'2249845220','2021-03-19',0,NULL,NULL),(116,263,870,1,'3232784925','2021-03-24',0,NULL,NULL),(117,265,440,1,NULL,NULL,0,NULL,NULL),(118,266,2063,1,'7342374524','2021-03-19',0,NULL,NULL),(119,149,1956,1,'7342374502','2021-03-22',0,NULL,NULL),(120,268,2065,1,'7342374535','2021-03-22',0,NULL,NULL),(121,271,2068,1,'7342374550','2021-03-22',0,NULL,NULL),(122,258,2057,1,'7342397440','2021-03-19',0,NULL,NULL),(123,273,1928,1,'7342404414','2021-03-22',0,NULL,NULL),(124,276,2071,1,'8748611745','2021-03-24',0,NULL,NULL),(125,278,2073,1,'8748600781','2021-03-22',0,NULL,NULL),(126,280,1944,1,'4231511690','2021-03-23',0,NULL,NULL),(127,281,2076,1,'4231527296','2021-03-23',0,NULL,NULL),(128,283,2077,1,'5078552872','2021-03-24',0,NULL,NULL),(129,285,2081,1,'5078651756','2021-03-24',0,NULL,NULL),(130,290,865,1,'5078654722','2021-03-24',0,NULL,NULL),(131,282,1618,1,NULL,NULL,0,NULL,NULL),(132,286,2083,1,'5517320270','2021-03-24',0,NULL,NULL),(133,260,2059,1,'5517323033','2021-03-24',0,NULL,NULL),(134,287,862,1,NULL,NULL,0,NULL,NULL),(135,296,2094,1,'7030558824','2021-03-26',0,NULL,NULL),(136,297,1587,1,NULL,NULL,0,NULL,NULL),(137,256,2054,1,NULL,NULL,0,NULL,NULL),(138,251,893,1,'4471954314','2021-03-29',0,NULL,NULL),(139,279,2074,1,'4471965514','2021-03-25',0,NULL,NULL),(140,102,1838,1,'4471992733','2021-03-25',0,NULL,NULL),(141,300,2119,1,'3506552840','2021-03-29',0,NULL,NULL),(142,22,576,1,'2547079146','2021-03-29',0,NULL,NULL),(143,311,2134,1,NULL,NULL,0,NULL,NULL),(144,127,391,1,'6654644850','2021-04-01',0,NULL,NULL),(145,314,1634,1,'6654656050','2021-03-31',0,NULL,NULL),(146,318,1560,1,NULL,NULL,0,NULL,NULL),(147,322,1468,1,'6654668005','2021-03-31',0,NULL,NULL),(148,323,1146,1,'1188881503','2021-04-05',0,NULL,NULL),(149,328,2151,1,'2447215050','2021-04-06',0,NULL,NULL),(150,173,616,1,'2447218185','2021-04-08',0,NULL,NULL),(151,25,1719,1,'4537060382','2021-04-09',0,NULL,NULL),(152,331,2158,1,'000000','2021-04-01',0,NULL,NULL),(153,320,2143,1,NULL,NULL,0,NULL,NULL),(154,140,1185,1,NULL,NULL,0,NULL,NULL),(155,334,388,1,'9528841711','2021-04-08',0,NULL,NULL),(156,119,960,1,NULL,NULL,0,NULL,NULL),(157,226,2024,1,'4547222816','2021-04-14',0,NULL,NULL),(158,342,2129,1,NULL,NULL,0,NULL,NULL),(159,344,2099,1,NULL,NULL,0,NULL,NULL),(160,91,1833,1,NULL,NULL,0,NULL,NULL),(161,351,526,1,'9194475161','2021-04-30',0,NULL,NULL),(162,354,2301,1,'00000000','2021-04-27',0,NULL,NULL),(163,355,544,1,'00000000','2021-04-27',0,NULL,NULL),(164,356,1497,1,'000000000','2021-04-27',0,NULL,NULL),(165,292,1085,1,NULL,NULL,0,NULL,NULL),(166,172,1975,1,NULL,NULL,0,NULL,NULL),(167,362,1780,1,'11112222','2021-05-03',0,NULL,NULL),(168,365,2006,1,'1122','2021-05-07',0,NULL,NULL),(169,366,1424,1,NULL,NULL,0,NULL,NULL),(170,369,2363,1,'1122','2021-05-07',0,NULL,NULL),(171,373,827,1,'1122','2021-05-10',0,NULL,NULL),(172,374,2278,1,'3087367754','2021-05-14',0,NULL,NULL),(173,378,1804,1,'4637035981','2021-05-19',0,NULL,NULL),(174,375,2100,1,NULL,'2021-05-13',0,NULL,NULL),(175,381,1893,1,'9480002151','2021-05-19',0,NULL,NULL),(176,203,31,1,NULL,NULL,0,NULL,NULL),(177,387,2332,1,'Envio con Chofer','2021-05-17',0,NULL,NULL),(178,377,2313,1,'envío con el chofer','2021-05-18',0,NULL,NULL),(179,384,1944,1,'3149880613','2021-05-25',0,NULL,NULL),(180,393,2409,1,'9798230190','2021-05-28',0,NULL,NULL),(181,394,2410,1,'lleva el Chofer','2021-05-25',0,NULL,NULL),(182,371,2377,1,'9798237514','2021-05-28',0,NULL,NULL),(183,396,2077,1,'chofer','2021-05-25',0,NULL,NULL),(184,397,2362,1,'lleva el chofer','2021-05-25',0,NULL,NULL),(185,398,2380,1,'envío con  el chofer','2021-05-27',0,NULL,NULL),(186,400,1755,1,'8547930882','2021-05-31',0,NULL,NULL),(187,403,1498,1,'entrga el chofer particular','2021-05-27',0,NULL,NULL),(188,347,2259,1,'8330137126','2021-06-03',0,NULL,NULL),(189,406,2377,1,'5410931046','2021-06-02',0,NULL,NULL),(190,407,2377,1,'5410931046','2021-06-02',0,NULL,NULL),(191,409,2332,1,'5410937254','2021-06-02',0,NULL,NULL),(192,415,2422,1,NULL,'2021-06-04',0,NULL,NULL),(193,416,2423,1,NULL,'2021-06-04',0,NULL,NULL),(194,408,1856,1,'1934300174','2021-06-08',0,NULL,NULL),(195,414,2179,1,NULL,'2021-06-08',0,NULL,NULL),(196,420,2431,1,NULL,'2021-06-10',0,NULL,NULL),(197,424,376,1,NULL,'2021-06-12',0,NULL,NULL),(198,425,2440,1,NULL,'2021-06-14',0,NULL,NULL),(199,73,4,1,NULL,NULL,0,NULL,NULL),(200,429,2111,1,'1834970885','2021-06-18',0,NULL,NULL),(201,293,1822,1,'1834979543','2021-06-18',0,NULL,NULL),(202,431,2451,1,NULL,'2021-06-18',0,NULL,NULL),(203,434,2377,1,'1762803416','2021-06-28',0,NULL,NULL),(204,435,2458,1,'3195909091','2021-07-02',0,NULL,NULL),(205,440,481,1,NULL,'2021-07-01',0,NULL,NULL),(206,443,2242,1,'2021939290','2021-07-09',0,NULL,NULL),(207,445,2466,1,'8437308633','2021-07-08',0,NULL,NULL),(208,448,2077,1,'8628236470','2021-07-12',0,NULL,NULL),(209,446,2472,1,'3520918564','2021-07-13',0,NULL,NULL),(210,451,1019,1,'4956310170','2021-07-15',0,NULL,NULL),(211,428,2445,1,'5062729803','2021-07-19',0,NULL,NULL),(212,335,1185,1,'3717599023','2021-07-21',0,NULL,NULL),(213,458,2488,1,'3034598733','2021-07-26',0,NULL,NULL),(214,459,2490,1,'3034602406','2021-07-26',0,NULL,NULL),(215,379,1881,1,'4775930714','2021-07-26',0,NULL,NULL),(216,462,2496,1,'3034609675','2021-07-26',0,NULL,NULL),(217,465,587,1,'3442475234','2021-10-11',0,NULL,NULL),(218,413,1450,1,'7632584245','2021-07-30',0,NULL,NULL),(219,467,2507,1,'0000000','2021-07-29',0,NULL,NULL),(220,469,2054,1,'00000000','2021-08-30',0,NULL,NULL),(221,471,548,1,'1769325132','2021-08-04',0,NULL,NULL),(222,472,1719,1,'1769328960','2021-08-09',0,NULL,NULL),(223,474,2531,1,'000000','2021-07-30',0,NULL,NULL),(224,476,2573,1,'00000000','2021-08-17',0,NULL,NULL),(225,481,1722,1,NULL,'2021-08-23',0,NULL,NULL),(226,494,2507,1,'00000000','2021-09-15',0,NULL,NULL),(227,480,2593,1,'9603083954','2021-09-17',0,NULL,NULL),(228,499,2622,1,'4869949431','2021-09-24',0,NULL,NULL),(229,501,2694,1,'3014068982','2021-09-24',0,NULL,NULL),(230,506,2862,1,'4905899574','2021-10-07',0,NULL,NULL),(231,507,2868,1,'000000000','2021-09-24',0,NULL,NULL),(232,510,518,1,'3014074884','2021-09-27',0,NULL,NULL),(233,511,2670,1,'5720594261','2021-09-27',0,NULL,NULL),(234,503,2703,1,'4905911754','2021-10-06',0,NULL,NULL),(235,513,2692,1,'000000','2021-10-26',0,NULL,NULL),(236,517,2878,1,'6674673386','2021-10-06',0,NULL,NULL),(237,522,2905,1,'4905920412','2021-10-06',0,NULL,NULL),(238,525,2812,1,'3448571825','2021-10-07',0,NULL,NULL),(239,514,2611,1,'4166812145','2021-10-07',0,NULL,NULL),(240,529,2669,1,'2385250534','2021-10-12',0,NULL,NULL),(241,526,2675,1,'2385255935','2021-10-12',0,NULL,NULL),(242,370,2366,1,'2220334200','2021-10-13',0,NULL,NULL),(243,254,2037,1,'3442659651','2021-10-11',0,NULL,NULL),(244,530,1389,1,'2220591553','2021-10-18',0,NULL,NULL),(245,531,758,1,'2385268981','2021-10-12',0,NULL,NULL),(246,532,1719,1,'2385273855','2021-10-14',0,NULL,NULL),(247,460,1611,1,'1978609824','2021-10-13',0,NULL,NULL),(248,538,2670,1,'2220323092','2021-10-13',0,NULL,NULL),(249,543,2773,1,'5450698842','2021-10-18',0,NULL,NULL),(250,523,2878,1,'1320352740','2021-10-20',0,NULL,NULL),(251,545,2637,1,'1320357614','2021-10-20',0,NULL,NULL),(252,546,2912,1,'3347358906','2021-10-20',0,NULL,NULL),(253,544,765,1,'000000','2021-11-16',0,NULL,NULL),(254,463,2496,1,'7609733084','2021-11-05',0,NULL,NULL),(255,552,2921,1,'9639938276','2021-11-08',0,NULL,NULL),(256,516,2609,1,'8298184985','2021-11-12',0,NULL,NULL),(257,559,2714,1,'4802222740','2021-11-19',0,NULL,NULL),(258,562,2006,1,'3785255972','2021-12-02',0,NULL,NULL),(259,564,2785,1,'3785264954','2021-12-03',0,NULL,NULL),(260,294,2091,1,'3063001141','2021-12-11',0,NULL,NULL),(261,568,2589,1,'3063009423','2021-12-11',0,NULL,NULL),(262,550,2766,1,'8051492890','2021-12-16',0,NULL,NULL),(263,570,2954,1,'8051497565','2021-12-16',0,NULL,NULL),(264,579,1624,1,'2857404524','2022-01-04',0,NULL,NULL),(265,578,2968,1,'000000','2021-12-30',0,NULL,NULL),(266,551,2787,1,'7312773635','2022-01-05',0,NULL,NULL),(267,582,1123,1,'2136234520','2022-01-07',0,NULL,NULL),(268,583,2991,1,'2605446340','2022-01-07',0,NULL,NULL),(269,442,2462,1,'3827159895','2022-01-12',0,NULL,NULL),(270,593,3037,1,'8015325765','2022-01-21',0,NULL,NULL),(271,595,2135,1,'8015332124','2022-01-21',0,NULL,NULL),(272,596,3052,1,'4349132745','2022-01-21',0,NULL,NULL),(273,594,2622,1,'4349137391','2022-01-22',0,NULL,NULL),(274,597,2611,1,'4349144472','2022-01-21',0,NULL,NULL),(275,427,4,1,NULL,NULL,0,NULL,NULL),(276,560,2550,1,'9289140022','2022-02-03',0,NULL,NULL),(277,566,2037,1,'9452488231','2022-02-03',0,NULL,NULL),(278,606,2027,1,'9452501940','2022-02-03',0,NULL,NULL),(279,607,526,1,'9289263480','2022-02-04',0,NULL,NULL),(280,609,2006,1,'9289403723','2022-02-03',0,NULL,NULL),(281,611,518,1,'9452533263','2022-02-04',0,NULL,NULL),(282,614,1624,1,'9452537382','2022-02-04',0,NULL,NULL),(283,603,587,1,'9289295433','2022-02-04',0,NULL,NULL),(284,616,2635,1,'9452541044','2022-02-04',0,NULL,NULL),(285,159,1617,1,'9452553180','2022-02-03',0,NULL,NULL),(286,612,2531,1,'000000000','2022-02-23',0,NULL,NULL),(287,619,3138,1,'9452555991','2022-02-04',0,NULL,NULL),(288,302,2121,1,'9452558161','2022-02-04',0,NULL,NULL),(289,461,667,1,'9289407050','2022-02-03',0,NULL,NULL),(290,624,3139,1,'4136626944','2022-02-04',0,NULL,NULL),(291,626,3143,1,NULL,NULL,0,NULL,NULL),(292,623,2976,1,'4136631391','2022-02-04',0,NULL,NULL),(293,627,3142,1,'4136636862','2022-02-05',0,NULL,NULL),(294,336,783,1,'1442504361','2022-02-05',0,NULL,NULL),(295,628,3145,1,'1442507286','2022-02-05',0,NULL,NULL),(296,630,3150,1,'4136645052','2022-02-05',0,NULL,NULL),(297,631,2536,1,'4136733565','2022-02-04',0,NULL,NULL),(298,633,3155,1,'9499179351','2022-02-05',0,NULL,NULL),(299,622,2451,1,'4136747694','2022-02-05',0,NULL,NULL),(300,617,730,1,'7006328254','2022-02-05',0,NULL,NULL),(301,636,1972,1,'4136752491','2022-02-04',0,NULL,NULL),(302,637,2100,1,'7006332071','2022-02-04',0,NULL,NULL),(303,201,203,1,'4136756536','2022-02-05',0,NULL,NULL),(304,640,1719,1,'4136760246','2022-02-09',0,NULL,NULL),(305,641,3161,1,NULL,NULL,0,NULL,NULL),(306,642,3164,1,'6384360021','2022-02-08',0,NULL,NULL),(307,646,1133,1,'6384371825','2022-02-08',0,NULL,NULL),(308,649,3172,1,'6384378674','2022-02-08',0,NULL,NULL),(309,307,2130,1,'8401125644','2022-02-09',0,NULL,NULL),(310,629,3148,1,'6834108061','2022-02-08',0,NULL,NULL),(311,621,2363,1,'6384520273','2022-02-08',0,NULL,NULL),(312,644,403,1,NULL,NULL,0,NULL,NULL),(313,655,1661,1,'6834114431','2022-02-09',0,NULL,NULL),(314,656,3184,1,'6384527564','2022-02-11',0,NULL,NULL),(315,657,1802,1,'6834118734','2022-02-08',0,NULL,NULL),(316,363,2234,1,'9606992916','2022-02-14',0,NULL,NULL),(317,660,3195,1,'6384531823','2022-02-11',0,NULL,NULL),(318,661,3196,1,'6834130483','2022-02-08',0,NULL,NULL),(319,663,3198,1,'6834132152','2022-02-09',0,NULL,NULL),(320,665,3200,1,'9607008504','2022-02-11',0,NULL,NULL),(321,497,2524,1,'4034491672','2022-02-11',0,NULL,NULL),(322,433,1882,1,'4034497891','2022-02-11',0,NULL,NULL),(323,667,1611,1,'4034503712','2022-02-11',0,NULL,NULL),(324,668,3208,1,NULL,NULL,0,NULL,NULL),(325,670,2804,1,'4034511633','2022-02-11',0,NULL,NULL),(326,671,827,1,'4034518541','2022-02-10',0,NULL,NULL),(327,638,1707,1,'9607055695','2022-02-11',0,NULL,NULL),(328,676,1707,1,'9607059626','2022-02-10',0,NULL,NULL),(329,678,2891,1,'4034528470','2022-02-10',0,NULL,NULL),(330,680,1934,1,'4034533532','2022-02-11',0,NULL,NULL),(331,681,1736,1,'4034537581','2022-02-11',0,NULL,NULL),(332,682,3232,1,'4034540591','2022-02-11',0,NULL,NULL),(333,213,1307,1,'9607077443','2022-02-11',0,NULL,NULL),(334,520,2681,1,'6179085964','2022-02-10',0,NULL,NULL),(335,684,2821,1,'4860215080','2022-02-11',0,NULL,NULL),(336,632,3153,1,'4860219136','2022-02-11',0,NULL,NULL),(337,686,3058,1,'6803288940','2022-02-11',0,NULL,NULL),(338,688,3041,1,NULL,NULL,0,NULL,NULL),(339,685,3247,1,'9166904375','2022-02-14',0,NULL,NULL),(340,692,822,1,'9166914783','2022-02-14',0,NULL,NULL),(341,518,2400,1,'7983362380','2022-02-14',0,NULL,NULL),(342,695,3262,1,'7983366020','2022-02-15',0,NULL,NULL),(343,696,3264,1,'6320580486','2022-02-15',0,NULL,NULL),(344,697,3266,1,'5396208543','2022-02-16',0,NULL,NULL),(345,699,3270,1,'8331396636','2022-02-17',0,NULL,NULL),(346,700,2386,1,'8331401606','2022-02-17',0,NULL,NULL),(347,702,1427,1,NULL,NULL,0,NULL,NULL),(348,704,3277,1,'6016388313','2022-02-18',0,NULL,NULL),(349,706,3280,1,'6016391743','2022-02-17',0,NULL,NULL),(350,707,3284,1,'4455944916','2022-02-17',0,NULL,NULL),(351,705,866,1,'6353898681','2022-02-18',0,NULL,NULL),(352,708,1502,1,'4455951721','2022-02-17',0,NULL,NULL),(353,653,2622,1,'4455961370','2022-02-18',0,NULL,NULL),(354,711,2496,1,'6016415392','2022-02-17',0,NULL,NULL),(355,713,2945,1,NULL,NULL,0,NULL,NULL),(356,717,2714,1,'2623231634','2022-02-18',0,NULL,NULL),(357,716,3095,1,'2623235952','2022-02-18',0,NULL,NULL),(358,721,1494,1,'6354034035','2022-02-18',0,NULL,NULL),(359,590,3020,1,'8577663625','2022-02-21',0,NULL,NULL),(360,727,3319,1,NULL,NULL,0,NULL,NULL),(361,659,2885,1,'1910445666','2022-02-24',0,NULL,NULL),(362,730,2351,1,NULL,NULL,0,NULL,NULL),(363,732,3341,1,'9859118592','2022-02-25',0,NULL,NULL),(364,734,3363,1,'1910470726','2022-02-24',0,NULL,NULL),(365,452,2241,1,'1910473515','2022-02-24',0,NULL,NULL),(366,736,3378,1,'1910475615','2022-02-24',0,NULL,NULL),(367,105,330,1,'1910478275','2022-02-24',0,NULL,NULL),(368,738,2310,1,'5410723990','2022-02-25',0,NULL,NULL),(369,437,1887,1,'8437025833','2022-02-25',0,NULL,NULL),(370,742,1749,1,'9859125393','2022-02-24',0,NULL,NULL),(371,743,2386,1,'8437031735','2022-02-25',0,NULL,NULL),(372,744,1482,1,'8437034502','2022-02-24',0,NULL,NULL),(373,746,3435,1,NULL,NULL,0,NULL,NULL),(374,745,3434,1,NULL,NULL,0,NULL,NULL),(375,748,3439,1,'3769365390','2022-02-25',0,NULL,NULL),(376,752,2309,1,'3769369391','2022-02-25',0,NULL,NULL),(377,753,3444,1,NULL,NULL,0,NULL,NULL),(378,751,2935,1,'3769373042','2022-02-25',0,NULL,NULL),(379,757,2100,1,'4514621414','2022-02-25',0,NULL,NULL),(380,714,3293,1,'4514729310','2022-02-28',0,NULL,NULL),(381,733,3355,1,'5574749902','2022-03-01',0,NULL,NULL),(382,767,2382,1,'5614402150','2022-03-03',0,NULL,NULL),(383,769,1780,1,NULL,NULL,0,NULL,NULL),(384,772,3348,1,'6910408094','2022-03-04',0,NULL,NULL),(385,774,3503,1,'7963433590','2022-03-05',0,NULL,NULL),(386,725,2247,1,'6910413322','2022-03-04',0,NULL,NULL),(387,778,3313,1,'7543267266','2022-03-05',0,NULL,NULL),(388,779,992,1,'7543272343','2022-03-07',0,NULL,NULL),(389,777,2803,1,'5019314624','2022-03-05',0,NULL,NULL),(391,782,3163,1,'3789407963','2022-03-09',0,NULL,NULL),(392,766,3490,1,'','2022-03-04',1,NULL,NULL),(393,786,2635,1,'4100439055','2022-03-09',0,NULL,NULL),(394,789,3530,1,'4100448785','2022-03-09',0,NULL,NULL),(395,773,3470,1,'4100452204','2022-03-09',0,NULL,NULL),(396,694,2519,1,'7919958745','2022-03-14',0,NULL,NULL),(397,792,1972,1,'000000','2022-03-10',0,NULL,NULL),(398,601,2878,1,'7919962282','2022-03-14',0,NULL,NULL),(399,785,2945,1,'7919966331','2022-03-15',0,NULL,NULL),(400,806,1719,1,'5250110305','2022-03-15',0,NULL,NULL),(401,807,2005,1,'00000','2022-03-10',0,NULL,NULL),(402,534,2894,1,'00000','2022-03-10',0,NULL,NULL),(403,768,516,1,'8299057546','2022-03-18',0,NULL,NULL),(404,128,1943,1,'8125001113','2022-03-16',0,NULL,NULL),(405,798,3480,1,'8299063986','2022-03-17',0,NULL,NULL),(406,810,3548,1,'8125008194','2022-03-17',0,NULL,NULL),(407,813,3551,1,'8299071281','2022-03-17',0,NULL,NULL),(408,814,3020,1,'8125014085','2022-03-17',0,NULL,NULL),(409,815,3552,1,'8415317470','2022-03-17',0,NULL,NULL),(410,816,3115,1,'5868275534','2022-03-18',0,NULL,NULL),(411,818,3145,1,'1624354362','2022-03-17',0,NULL,NULL),(412,821,3556,1,'5868299021','2022-03-18',0,NULL,NULL),(413,824,422,1,'4995405951','2022-03-22',0,NULL,NULL),(414,829,3058,1,'4938493641','2022-03-25',0,NULL,NULL),(415,830,3122,1,'4938506764','2022-03-24',0,NULL,NULL),(416,823,3184,1,'5553548114','2022-03-25',0,NULL,NULL),(417,834,3564,1,'4938534296','2022-03-25',0,NULL,NULL),(418,836,3569,1,'2696650482','2022-03-28',0,NULL,NULL),(419,817,1689,1,'3122906942','2022-03-28',0,NULL,NULL),(420,837,3115,1,'2696670550','2022-03-29',0,NULL,NULL),(421,832,3562,1,'3122923274','2022-03-29',0,NULL,NULL),(422,838,3163,1,'0000000000','2022-03-30',0,NULL,NULL),(423,839,950,1,'000000','2022-04-07',0,NULL,NULL),(424,804,2611,1,'1069190010','2022-03-01',0,NULL,NULL),(425,841,3262,1,'7156976481','2022-03-04',0,NULL,NULL),(426,842,2972,1,'9681625586','2022-04-04',0,NULL,NULL),(427,604,4,1,NULL,NULL,0,NULL,NULL),(428,850,2439,1,'3813239614','2022-04-12',0,NULL,NULL),(429,851,3584,1,'5826416606','2022-04-12',0,NULL,NULL),(430,853,3242,1,'4835260511','2022-04-13',0,NULL,NULL),(431,737,3117,1,'5890174091','2022-04-13',0,NULL,NULL),(432,855,3015,1,'7777539280','2022-04-25',0,NULL,NULL),(433,858,3590,1,'1493288193','2022-04-19',0,NULL,NULL),(434,862,3598,1,'5385115422','2022-05-06',0,NULL,NULL),(435,861,3366,1,'5385117695','2022-05-06',0,NULL,NULL),(436,722,2693,1,'6694653906','2022-05-06',0,NULL,NULL),(437,770,3306,1,'6694657060','2022-05-06',0,NULL,NULL),(438,865,3115,1,'6454896416','2022-05-13',0,NULL,NULL),(439,871,3675,1,'4036914291','2022-05-26',0,NULL,NULL),(440,873,3690,1,NULL,NULL,0,NULL,NULL),(441,755,1427,1,'2943917465','2022-06-10',0,NULL,NULL),(442,877,3936,1,'1174435592','2022-06-09',0,NULL,NULL),(443,879,3813,1,NULL,NULL,0,NULL,NULL),(444,487,2628,1,'3656589801','2022-06-17',0,NULL,NULL),(445,872,3238,1,'3656594896','2022-06-20',0,NULL,NULL),(446,885,2615,1,'6001544043','2022-06-24',0,NULL,NULL),(447,889,4436,1,'00000','2022-07-06',0,NULL,NULL),(448,894,4441,1,'4794323472','2022-07-14',0,NULL,NULL),(449,892,4338,1,'4794330310','2022-07-14',0,NULL,NULL),(450,901,3724,1,'8240643121','2022-08-05',0,NULL,NULL),(451,905,526,1,'1685606591','2022-08-12',0,NULL,NULL),(452,903,3145,1,'1685659076','2022-08-12',0,NULL,NULL),(453,902,4510,1,'7823620663','2022-08-12',0,NULL,NULL),(454,890,3659,1,'4210673036','2022-08-22',0,NULL,NULL),(455,907,167,1,'8991322200','2022-08-25',0,NULL,NULL),(456,914,4627,1,'4213706350','2022-09-05',0,NULL,NULL),(457,913,4626,1,'7125283281','2022-09-05',0,NULL,NULL),(458,919,3817,1,'0000000','2022-10-05',0,NULL,NULL),(459,920,4626,1,'0000000','2022-10-05',0,NULL,NULL),(460,922,4642,1,'1668295053','2022-10-08',0,NULL,NULL),(461,925,4646,1,'000000','2022-10-11',0,NULL,NULL),(462,921,4626,1,'000000000','2022-10-17',0,NULL,NULL),(463,926,4650,1,'0000000000','2022-10-14',0,NULL,NULL),(464,927,4668,1,'00000000','2022-10-25',0,NULL,NULL),(465,933,4745,1,'00000000','2022-11-23',0,NULL,NULL),(466,937,4706,1,'1306027203','2022-11-22',0,NULL,NULL),(467,942,4748,1,'6169003713','2022-11-30',0,NULL,NULL),(468,941,4715,1,'2949002906','2022-11-28',0,NULL,NULL),(469,946,587,1,'2606057495','2022-11-29',0,NULL,NULL),(470,948,4508,1,'6004723115','2022-12-07',0,NULL,NULL),(471,610,2006,1,'000000000','2022-12-06',0,NULL,NULL),(472,951,1780,1,'2213075841','2022-12-12',0,NULL,NULL),(473,950,4764,1,'1399752480','2022-12-15',0,NULL,NULL),(474,953,4626,1,'7417048951','2023-01-09',0,NULL,NULL),(475,957,4821,1,'7417052230','2023-01-10',0,NULL,NULL),(476,712,450,1,'2469851624','2023-01-11',0,NULL,NULL),(477,964,3043,1,'2628641934','2023-01-13',0,NULL,NULL),(478,968,1780,1,'2335013984','2023-02-07',0,NULL,NULL),(479,972,4964,1,'5116525820','2023-02-11',0,NULL,NULL),(480,973,4763,1,'1959690751','2023-02-20',0,NULL,NULL),(481,976,2363,1,'1959666531','2023-02-17',0,NULL,NULL),(482,794,1972,1,'1229807294','2023-02-17',0,NULL,NULL),(483,979,3184,1,'1959676972','2023-02-22',0,NULL,NULL),(484,980,3458,1,NULL,NULL,0,NULL,NULL),(485,687,1431,1,'1229814843','2023-02-18',0,NULL,NULL),(486,981,1934,1,'1229891740','2023-02-20',0,NULL,NULL),(487,983,3136,1,'4909800814','2023-02-23',0,NULL,NULL),(488,984,2121,1,'1483973794','2023-02-23',0,NULL,NULL),(489,985,2746,1,'4909807755','2023-02-22',0,NULL,NULL),(490,298,2116,1,'4909796673','2023-02-24',0,NULL,NULL),(491,982,4924,1,'4504307905','2023-02-27',0,NULL,NULL),(492,528,2768,1,'4909793582','2023-02-24',0,NULL,NULL),(493,986,4500,1,'4909788240','2023-02-23',0,NULL,NULL),(494,866,2531,1,'000000','2023-02-24',0,NULL,NULL),(495,993,1333,1,'6654624056','2023-02-27',0,NULL,NULL),(496,994,2439,1,'4504336211','2023-02-27',0,NULL,NULL),(497,995,4661,1,'6654635816','2023-02-27',0,NULL,NULL),(498,996,5010,1,'4504356021','2023-02-27',0,NULL,NULL),(499,997,5011,1,'6654641582','2023-02-27',0,NULL,NULL),(500,867,4,1,NULL,NULL,0,NULL,NULL),(501,998,804,1,'6106962890','2023-02-28',0,NULL,NULL),(502,999,2669,1,'6107023016','2023-02-28',0,NULL,NULL),(503,843,2611,1,'1237572976','2023-02-01',0,NULL,NULL),(504,1000,3262,1,'1959824156','2023-02-01',0,NULL,NULL),(505,1002,4364,1,'1959831554','2023-03-03',0,NULL,NULL),(506,971,4552,1,'3837031601','2023-02-02',0,NULL,NULL),(507,991,3396,1,'3837063193','2023-03-02',0,NULL,NULL),(508,1004,304,1,'4979973305','2023-03-03',0,NULL,NULL),(509,1005,2766,1,'2376544251','2023-03-03',0,NULL,NULL),(510,1007,5028,1,'4980014782','2023-03-03',0,NULL,NULL),(511,1006,4680,1,'1967879642','2023-03-10',0,NULL,NULL),(512,1013,4022,1,NULL,NULL,0,NULL,NULL),(513,718,2714,1,'1967884203','2023-03-10',0,NULL,NULL),(514,1017,5049,1,'7563540751','2023-03-16',0,NULL,NULL),(515,1019,1976,1,NULL,NULL,0,NULL,NULL),(516,1020,5052,1,'6058660834','2023-03-16',0,NULL,NULL),(517,1021,3184,1,'2133206040','2023-03-18',0,NULL,NULL),(518,185,1982,1,'012345','2023-03-16',0,NULL,NULL),(519,1022,2009,1,'3814890645','2023-03-17',0,NULL,NULL),(520,1025,5061,1,NULL,NULL,0,NULL,NULL),(521,1026,5065,1,'012345','2023-03-16',0,NULL,NULL),(522,860,3398,1,NULL,NULL,0,NULL,NULL),(523,1039,5098,1,'00000000','2023-04-13',0,NULL,NULL),(524,1042,5101,1,NULL,NULL,0,NULL,NULL),(525,1024,5052,1,'1422646923','2023-04-20',0,NULL,NULL),(526,1044,1780,1,'0000000','2023-04-24',0,NULL,NULL),(527,1045,2057,1,'5063606170','2023-05-05',0,NULL,NULL),(528,1046,2309,1,'3709700761','2023-05-31',0,NULL,NULL),(529,1053,5274,1,'0000000','2023-08-11',0,NULL,NULL),(530,1054,5288,1,'2460997280','2023-08-21',0,NULL,NULL),(531,1057,1780,1,'00000000','2023-08-11',0,NULL,NULL),(532,943,4748,1,'9059756506','2023-08-22',0,NULL,NULL),(533,1071,1905,1,'9235037781','2023-08-22',0,NULL,NULL),(534,1078,5664,1,'2829755331','2023-09-14',0,NULL,NULL),(535,1087,5327,1,'1823266174','2023-09-28',0,NULL,NULL),(536,1092,5496,1,'6394034522','2023-09-28',0,NULL,NULL),(537,1099,5401,1,NULL,NULL,0,NULL,NULL),(538,1101,5406,1,'8607245614','2023-09-27',0,NULL,NULL),(539,1103,6271,1,'8607241650','2023-09-27',0,NULL,NULL),(540,1106,5695,1,'6595394116','2023-09-28',0,NULL,NULL),(541,1107,4246,1,'9562807553','2023-10-03',0,NULL,NULL),(542,1097,6122,1,'0000000000','2023-09-10',0,NULL,NULL),(543,1102,6058,1,'4230242085','2023-10-10',0,NULL,NULL),(544,1112,5940,1,'2869602816','2023-10-13',0,NULL,NULL),(545,1116,5440,1,'2869606935','2023-10-13',0,NULL,NULL),(546,1115,5651,1,'3685354676','2023-10-13',0,NULL,NULL),(547,1118,6017,1,'3685368724','2023-10-13',0,NULL,NULL),(548,1119,5276,1,'3685384511','2023-10-13',0,NULL,NULL),(549,1122,6004,1,'3685392900','2023-10-19',0,NULL,NULL),(550,1125,5839,1,'4421885145','2023-10-23',0,NULL,NULL),(551,1127,6179,1,'3177767795','2023-10-23',0,NULL,NULL),(552,1086,5152,1,'3177777886','2023-10-23',0,NULL,NULL),(553,1129,5501,1,'3177792343','2023-10-23',0,NULL,NULL),(554,1132,5694,1,'6392934962','2023-11-09',0,NULL,NULL),(555,1134,5717,1,'9838311582','2023-10-30',0,NULL,NULL),(556,1105,5412,1,'6392973436','2023-11-10',0,NULL,NULL),(557,1137,5638,1,'6393010934','2023-11-10',0,NULL,NULL),(558,1133,5404,1,'7902891975','2023-10-27',0,NULL,NULL),(559,1147,5327,1,'6393027911','2023-11-10',0,NULL,NULL),(560,1148,5595,1,'6617612595','2023-11-10',0,NULL,NULL),(561,1109,5935,1,'6393046984','2023-11-10',0,NULL,NULL),(562,1145,5418,1,'6617628743','2023-11-10',0,NULL,NULL),(563,1155,6351,1,'0000000','2023-11-13',0,NULL,NULL),(564,1070,4748,1,'2075177064','2023-11-16',0,NULL,NULL),(565,1159,5975,1,'1028777886','2023-12-19',0,NULL,NULL),(566,1163,3272,1,'2549971336','2023-12-15',0,NULL,NULL),(567,1146,5215,1,'2549977474','2023-12-18',0,NULL,NULL),(568,1149,5484,1,'1028793861','2023-12-15',0,NULL,NULL),(569,1174,5815,1,'1028797000','2023-12-15',0,NULL,NULL),(570,1144,5404,1,'0000000000','2023-12-18',0,NULL,NULL),(571,1075,5197,1,'7827105145','2023-12-22',0,NULL,NULL),(572,1157,5695,1,'5063637950','2023-12-21',0,NULL,NULL),(573,1082,5961,1,'7827118600','2023-12-21',0,NULL,NULL),(574,1164,6092,1,'7081253970','2023-12-21',0,NULL,NULL),(575,1179,5428,1,'5817170041','2023-12-29',0,NULL,NULL),(576,1160,5913,1,'5817179034','2023-12-29',0,NULL,NULL),(577,1176,6060,1,'6037332081','2024-01-04',0,NULL,NULL),(578,1185,4246,1,'7423313914','2024-01-04',0,NULL,NULL),(579,1138,6109,1,'6037355553','2024-01-04',0,NULL,NULL),(580,1187,5974,1,'1754628326','2024-01-11',0,NULL,NULL),(581,1158,6459,1,'2903740906','2024-01-30',0,NULL,NULL),(582,1188,5016,1,'2903744104','2024-01-30',0,NULL,NULL),(583,1040,4,1,'0000000','2024-03-04',0,NULL,NULL),(584,1201,2121,1,NULL,NULL,0,NULL,NULL),(585,1203,3184,1,NULL,NULL,0,NULL,NULL),(586,1210,3184,1,'8052231095','2024-03-07',0,NULL,NULL),(587,1178,6172,1,'1579151851','2024-03-05',0,NULL,NULL),(588,1162,6370,1,'1579167365','2024-03-05',0,NULL,NULL),(589,1211,5570,1,'00000000','2024-03-04',0,NULL,NULL),(590,1204,6058,1,'1579178344','2024-03-05',0,NULL,NULL),(591,1096,5973,1,'1579187234','2024-03-07',0,NULL,NULL),(592,1214,6816,1,'1579196905','2024-03-05',0,NULL,NULL),(593,1216,6827,1,NULL,NULL,0,NULL,NULL),(594,1222,6836,1,'1579193184','2024-03-05',0,NULL,NULL),(595,1217,6097,1,'1579207781','2024-03-05',0,NULL,NULL),(596,1223,6838,1,'8052308014','2024-03-05',0,NULL,NULL),(597,1221,6831,1,'1579243293','2024-03-05',0,NULL,NULL),(598,1206,1431,1,NULL,NULL,0,NULL,NULL),(599,1228,6456,1,'1579249840','2024-03-05',0,NULL,NULL),(600,1208,4,1,'0000000000','2024-03-04',0,NULL,NULL),(601,1229,2669,1,'1579254493','2024-03-05',0,NULL,NULL),(602,1231,6351,1,'00000000000','2024-03-06',0,NULL,NULL),(603,1234,1934,1,'8052323112','2024-03-05',0,NULL,NULL),(604,1238,5879,1,NULL,NULL,0,NULL,NULL),(605,1230,6847,1,'1579268305','2024-03-07',0,NULL,NULL),(606,893,4083,1,'1579275143','2024-03-05',0,NULL,NULL),(607,1240,1874,1,'1624400164','2024-03-06',0,NULL,NULL),(608,1241,6661,1,'5810651825','2024-03-07',0,NULL,NULL),(609,1224,6841,1,'5810655130','2024-03-07',0,NULL,NULL),(610,1209,1749,1,'5810656515','2024-03-07',0,NULL,NULL),(611,1243,6860,1,'5198686286','2024-03-07',0,NULL,NULL),(612,1069,5490,1,'5810655922','2024-03-07',0,NULL,NULL),(613,1207,2363,1,'0000000000','2024-03-05',0,NULL,NULL),(614,1249,6871,1,'5198687126','2024-03-07',0,NULL,NULL),(615,1252,6804,1,'5198687513','2024-03-07',0,NULL,NULL),(616,1250,6872,1,'5198688036','2024-03-07',0,NULL,NULL),(617,1255,2821,1,'4482554554','2024-03-11',0,NULL,NULL),(618,1257,709,1,'4489710713','2024-03-11',0,NULL,NULL),(619,1200,1453,1,'3407672881','2024-03-11',0,NULL,NULL),(620,1261,6818,1,'7971632071','2024-03-13',0,NULL,NULL),(621,1265,6533,1,'5548269193','2024-03-20',0,NULL,NULL),(622,1269,6622,1,'3395234500','2024-03-22',0,NULL,NULL),(623,1271,6943,1,NULL,NULL,0,NULL,NULL),(624,1233,5393,1,'3395237322','2024-03-22',0,NULL,NULL),(625,1273,6950,1,NULL,NULL,0,NULL,NULL),(626,1274,6953,1,'4649899984','2024-03-21',0,NULL,NULL),(627,1268,5174,1,'4649900555','2024-03-24',0,NULL,NULL),(628,1275,6092,1,'5159114914','2024-03-26',0,NULL,NULL),(629,1276,3184,1,'7466692634','2024-03-30',0,NULL,NULL),(630,1278,4918,1,NULL,NULL,0,NULL,NULL),(631,1280,6961,1,NULL,NULL,0,NULL,NULL),(632,1282,2490,1,'7466697512','2024-03-26',0,NULL,NULL),(633,1284,6869,1,'6861050523','2024-04-04',0,NULL,NULL),(634,1285,5297,1,'9788323252','2024-04-08',0,NULL,NULL),(635,1286,6118,1,'6631409466','2024-04-08',0,NULL,NULL),(636,1287,3272,1,'1455747193','2024-04-08',0,NULL,NULL),(637,1277,6745,1,'1455750343','2024-04-08',0,NULL,NULL),(638,1289,6968,1,'6631428274','2024-04-08',0,NULL,NULL),(639,1290,2531,1,'8526213091','2024-04-15',0,NULL,NULL),(640,1292,4723,1,'6631443291','2024-04-08',0,NULL,NULL),(641,1293,6692,1,'6631432452','2024-04-08',0,NULL,NULL),(642,1296,3108,1,NULL,NULL,0,NULL,NULL),(643,1288,6598,1,'6631436291','2024-04-08',0,NULL,NULL),(644,1298,6983,1,NULL,NULL,0,NULL,NULL),(645,1251,3145,1,'8526178651','2024-04-15',0,NULL,NULL),(646,1300,4552,1,'8526188322','2024-04-16',0,NULL,NULL),(647,1297,6981,1,NULL,NULL,0,NULL,NULL),(648,1303,6988,1,'8526194843','2024-04-15',0,NULL,NULL),(649,1304,6370,1,'8526200454','2024-04-15',0,NULL,NULL),(650,1307,6994,1,NULL,NULL,0,NULL,NULL),(651,1308,471,1,'2414371256','2024-04-22',0,NULL,NULL),(652,1311,6998,1,'6927411551','2024-04-22',0,NULL,NULL),(653,900,2234,1,NULL,NULL,0,NULL,NULL),(654,1315,6963,1,'8942748194','2024-05-10',0,NULL,NULL),(655,1317,3262,1,'5496134405','2024-05-10',0,NULL,NULL),(656,1321,7022,1,'5496140893','2024-05-10',0,NULL,NULL),(657,1326,7028,1,'8942759545','2024-05-10',0,NULL,NULL),(658,1328,7034,1,'5496149735','2024-05-10',0,NULL,NULL),(659,1331,7041,1,'2035413520','2024-05-17',0,NULL,NULL),(660,1332,7043,1,'8947651661','2024-05-22',0,NULL,NULL),(661,1333,7044,1,'2768708585','2024-05-22',0,NULL,NULL),(662,1334,7045,1,'8947658226','2024-05-23',0,NULL,NULL),(663,1338,7050,1,'8947660724','2024-05-23',0,NULL,NULL),(664,1339,7051,1,'2768713216','2024-05-23',0,NULL,NULL),(665,1341,5152,1,'00000000','2024-05-24',0,NULL,NULL),(666,1342,7053,1,'4319469044','2024-05-27',0,NULL,NULL),(667,1344,7056,1,'6923569343','2024-05-31',0,NULL,NULL),(668,1340,7052,1,'6923578104','2024-05-31',0,NULL,NULL),(669,1346,7058,1,'6623983962','2024-05-31',0,NULL,NULL),(670,1347,7053,1,'6923585395','2024-05-31',0,NULL,NULL),(671,1350,6590,1,'6623989094','2024-05-31',0,NULL,NULL),(672,1351,7060,1,'6923591194','2024-05-31',0,NULL,NULL),(673,1352,7066,1,'5576903953','2024-06-13',0,NULL,NULL),(674,1353,7069,1,'7956891692','2024-06-14',0,NULL,NULL),(675,1356,7074,1,'1639855943','2024-06-18',0,NULL,NULL),(676,1358,7083,1,'4340218820','2024-06-27',0,NULL,NULL),(677,1360,2410,1,'1806974875','2024-06-27',0,NULL,NULL),(678,1362,7156,1,'2451366816','2024-07-18',0,NULL,NULL),(679,1364,7168,1,'000000000','2024-07-23',0,NULL,NULL),(680,1365,7086,1,'2173062566','2024-07-26',0,NULL,NULL),(681,1367,7143,1,'2173069485','2024-07-25',0,NULL,NULL),(682,1368,6869,1,'9052360424','2024-07-26',0,NULL,NULL),(683,1371,6786,1,'1023237073','2024-07-31',0,NULL,NULL),(684,1372,7117,1,'7509490623','2024-08-02',0,NULL,NULL),(685,1374,325,1,'4055315235','2024-08-06',0,NULL,NULL),(686,1375,7086,1,'8635062435','2024-08-08',0,NULL,NULL),(687,66,1751,1,'1821297214','2024-08-08',0,NULL,NULL),(688,1376,2308,1,'8191498744','2024-08-09',0,NULL,NULL),(689,1378,325,1,'4022136171','2024-08-14',0,NULL,NULL);

--
-- Table structure for table `courses`
--

CREATE TABLE `courses` (
  `id` int(10) unsigned NOT NULL AUTO_INCREMENT,
  `nombre` varchar(255) COLLATE utf8mb4_unicode_ci NOT NULL,
  `frase` varchar(500) COLLATE utf8mb4_unicode_ci NOT NULL,
  `resumen` varchar(1000) COLLATE utf8mb4_unicode_ci NOT NULL,
  `descripcion` varchar(1000) COLLATE utf8mb4_unicode_ci NOT NULL,
  `numero_horas` varchar(255) COLLATE utf8mb4_unicode_ci NOT NULL,
  `fecha_inicio` date NOT NULL,
  `fecha_fin` date NOT NULL,
  `fecha_publicacion` date NOT NULL,
  `costo` varchar(255) COLLATE utf8mb4_unicode_ci NOT NULL,
  `idUser` int(10) unsigned NOT NULL,
  `costo_descuento` varchar(255) COLLATE utf8mb4_unicode_ci NOT NULL,
  `fecha_fin_compra` date DEFAULT NULL,
  `extra_text_mail` varchar(1000) COLLATE utf8mb4_unicode_ci DEFAULT NULL,
  `id_mail` int(11) NOT NULL DEFAULT '0',
  PRIMARY KEY (`id`),
  KEY `courses_iduser_foreign` (`idUser`),
  CONSTRAINT `courses_iduser_foreign` FOREIGN KEY (`idUser`) REFERENCES `users` (`id`)
) ENGINE=InnoDB AUTO_INCREMENT=63 DEFAULT CHARSET=utf8mb4 COLLATE=utf8mb4_unicode_ci;

--
-- Dumping data for table `courses`
--

INSERT INTO `courses` VALUES (1,'Danza del corazón','¡Únete a la celebración!','Vamos a agradecer juntos, a celebrar los logros y sembrar deseos para el siguiente año.\n¡Hagámoslo con música, baile, alegría, meditación y mucha energía!','Vamos a agradecer juntos, a celebrar los logros y sembrar deseos para el siguiente año.\n¡Hagámoslo con música, baile, alegría, meditación y mucha energía!','2','2020-12-02','2020-12-11','2020-12-10','500',3,'',NULL,NULL,0),(2,'Danza del corazón - Retransmisión','¡Revive esta celebración!','Vamos a agradecer juntos, a celebrar los logros y sembrar deseos para el siguiente año.\n¡Hagámoslo con música, baile, alegría, meditación y mucha energía!','Vamos a agradecer juntos, a celebrar los logros y sembrar deseos para el siguiente año.\n¡Hagámoslo con música, baile, alegría, meditación y mucha energía!','2','2020-12-10','2021-01-12','2021-01-14','333',3,'',NULL,NULL,0),(3,'Curso 3','Frase inicial','Resumen del curso','Descripción del curso','45','2019-08-16','2018-12-31','2019-08-05','5',3,'',NULL,NULL,0),(4,'Curso 4','Recibo toda la energía positiva que la vida me brinda','Ven y vive la magia de honrar, agradecer y poner en su buen lugar a toda tu familia y a ti.\nVerás los resultados y como la energía empieza a fluir correctamente.','7 generaciones para atrás y 7 hacia adelante.\nSomos el resultado de muchas vivencias, algunas ni sabemos, pues son lealtades con nuestros ancestros.\nTú puedes sanarlo para ti y tus hijos.\n7 generaciones para atrás y 7 hacia adelante.\nSomos el resultado de muchas vivencias, algunas ni sabemos, pues son lealtades con nuestros ancestros.\nTú puedes sanarlo para ti y tus hijos.','60','2019-08-15','2018-12-12','2019-08-06','2500',3,'',NULL,NULL,0),(5,'Curso Martha','Esta es una frase para que te inscribas ¡ya!','Este es el súper resumen del curso, Este es el súper resumen del curso, Este es el súper resumen del curso, Este es el súper resumen del curso, \n\nEste es el súper resumen del curso, Este es el súper resumen del curso, Este es el súper resumen del curso, Este es el súper resumen del curso, Este es el súper resumen del curso, \n\n\nEste es el súper resumen del curso, Este es el súper resumen del curso, Este es el súper resumen del curso, Este es el súper resumen del curso, Este es el súper resumen del curso,','Esta es la descripción del curso, Esta es la descripción del curso, Esta es la descripción del curso, Esta es la descripción del curso, Esta es la descripción del curso, Esta es la descripción del curso, Esta es la descripción del curso, \n\nEsta es la descripción del curso, Esta es la descripción del curso, Esta es la descripción del curso, Esta es la descripción del curso, Esta es la descripción del curso, \n\nEsta es la descripción del curso, Esta es la descripción del curso, Esta es la descripción del curso,','15','2019-08-23','2018-02-04','2019-08-16','3500',3,'',NULL,NULL,0),(6,'Conciencia de Salud 1 - 2019','“Al cambiar mis pensamientos soy capaz de cambiar mi realidad” Piensa bien y acertarás.','¿Quieres saber por qué te enfermas de lo que te enfermas?\n\nEste curso está diseñado para entender los mensajes que tu cuerpo te brinda a través del diagnóstico metafísico de la salud, para identificar el pensamiento negativo que hay detrás de cada síntoma o enfermedad.','¿Quieres saber por qué te enfermas de lo que te enfermas?\n\nEste curso está diseñado para entender los mensajes que tu cuerpo te\nbrinda a través del diagnóstico metafísico de la salud, para identificar el\npensamiento negativo que hay detrás de cada síntoma o enfermedad.\n\nNuestros pensamientos no son en abstracto y los negativos si se repiten\npueden manifestarse como enfermedades. A través del pensamiento\nrecurrente, yo creo mi realidad.\n\nConciencia de Salud 1 está enfocado a la salud física porque mi cuerpo es lo más evidente, pero también aplica en el aspecto económico, emocional, en mis relaciones, el éxito, sexualidad, la pareja, la vocación, etc.','14.4','2019-09-30','2020-02-14','2020-02-15','3896',3,'',NULL,NULL,0),(7,'Curso Test Pago 1.1','Bienvenido al curso de pago test test','Resumen del curso de pago test','Descripción del curso de pago test','2','2019-09-17','2018-12-12','2019-10-16','10',3,'',NULL,NULL,0),(8,'Curso Test Pago 2','Curso Test Pago 2','Resumen del curso Curso Test Pago 2','Descripción del Curso Test Pago 2','3','2019-07-01','2019-07-12','2020-06-17','10',3,'',NULL,NULL,0),(9,'Master Class Tú salud es mental ','“Al cambiar mis pensamientos soy capaz de cambiar mi realidad” Piensa bien y acertarás.','¿Quieres saber por qué te enfermas de lo que te enfermas? Te regalo la oportunidad de disfrutar de una salud perfecta sin importar tu edad.','¿Quieres saber por qué te enfermas de lo que te enfermas? Te regalo la oportunidad de disfrutar de una salud perfecta sin importar tu edad. \n\nEn esta master class totalmente gratis recibirás información valiosísima y súper poderosa para manifestar la salud perfecta.  \n\nHablaremos de por qué te enfermas de lo que te enfermas, conocerás qué pensamiento equivocado hay detrás, sabrás qué mensaje te quiere dar el síntoma y verás que tu cuerpo no se enferma, tu cuerpo te informa. \n\nDate tú, el regalo de cuidar tu salud en conciencia ¡Nada es casualidad, si esta información está llegando a ti, es porque estás listo para escucharla! ','1','2022-05-30','2022-06-03','2022-05-30','0',3,'0','2022-06-20','',0),(10,'Curso 18.10:06.00','Curso del 18 de octubre','Resumen del 18 de octubre','Descripción del 18 de octubre','06','2019-08-01','2019-08-30','2019-10-18','10',3,'',NULL,NULL,0),(11,'Curso 18,10:06,08','Frase inicial','resumen  del curso','descripción del curso','7','2019-08-01','2019-08-29','2019-10-18','10',3,'',NULL,NULL,0),(12,'Conciencia de Salud 1 - SHEARIM','“Al cambiar mis pensamientos soy capaz de cambiar mi realidad” Piensa bien y acertarás.','¿Quieres saber por qué te enfermas de lo que te enfermas?\n\nEste curso está diseñado para entender los mensajes que tu cuerpo te brinda a través del diagnóstico metafísico de la salud, para identificar el pensamiento negativo que hay detrás de cada síntoma o enfermedad.','¿Quieres saber por qué te enfermas de lo que te enfermas?\n\nEste curso está diseñado para entender los mensajes que tu cuerpo te brinda a través del diagnóstico metafísico de la salud, para identificar el pensamiento negativo que hay detrás de cada síntoma o enfermedad.','3.10','2020-08-01','2020-10-30','2020-08-31','4444',3,'',NULL,NULL,0),(13,'Conciencia de Salud 1 - 2020','“Al cambiar mis pensamientos soy capaz de cambiar mi realidad” Piensa bien y acertarás.','¿Quieres saber por qué te enfermas de lo que te enfermas?\n\nEste curso está diseñado para entender los mensajes que tu cuerpo te brinda a través del diagnóstico metafísico de la salud, para identificar el pensamiento negativo que hay detrás de cada síntoma o enfermedad.','¿Quieres saber por qué te enfermas de lo que te enfermas?\n\nEste curso está diseñado para entender los mensajes que tu cuerpo te\nbrinda a través del diagnóstico metafísico de la salud, para identificar el\npensamiento negativo que hay detrás de cada síntoma o enfermedad.\n\nNuestros pensamientos no son en abstracto y los negativos si se repiten\npueden manifestarse como enfermedades. A través del pensamiento\nrecurrente, yo creo mi realidad.\n\nConciencia de Salud 1 está enfocado a la salud física porque mi cuerpo es lo más evidente, pero también aplica en el aspecto económico, emocional, en mis relaciones, el éxito, sexualidad, la pareja, la vocación, etc.','14.4','2020-03-16','2020-08-02','2020-08-02','4444',3,'',NULL,NULL,0),(14,'Prueba no comprar - 2020','Frase Inicial','resumen del curso prueba no comprar','descripción del curso prueba no comprar','1','2020-01-01','2020-01-31','2020-08-13','12',3,'',NULL,NULL,0),(15,'Conciencia de Salud 1 - 3ra generación','“Al cambiar mis pensamientos soy capaz de cambiar mi realidad” Piensa bien y acertarás.','¿Quieres saber por qué te enfermas de lo que te enfermas?\n\nEste curso está diseñado para entender los mensajes que tu cuerpo te brinda a través del diagnóstico metafísico de la salud, para identificar el pensamiento negativo que hay detrás de cada síntoma o enfermedad.','¿Quieres saber por qué te enfermas de lo que te enfermas?\n\nEste curso está diseñado para entender los mensajes que tu cuerpo te\nbrinda a través del diagnóstico metafísico de la salud, para identificar el\npensamiento negativo que hay detrás de cada síntoma o enfermedad.\n\nNuestros pensamientos no son en abstracto y los negativos si se repiten\npueden manifestarse como enfermedades. A través del pensamiento\nrecurrente, yo creo mi realidad.\n\nConciencia de Salud 1 está enfocado a la salud física porque mi cuerpo es lo más evidente, pero también aplica en el aspecto económico, emocional, en mis relaciones, el éxito, sexualidad, la pareja, la vocación, etc.','14.4','2020-06-15','2020-10-31','2020-10-31','4444',3,'',NULL,NULL,0),(17,'Conciencia de Salud 1 - 4° generación','“Al cambiar mis pensamientos soy capaz de cambiar mi realidad” Piensa bien y acertarás.','¿Quieres saber por qué te enfermas de lo que te enfermas?\n\nEste curso está diseñado para entender los mensajes que tu cuerpo te brinda a través del diagnóstico metafísico de la salud, para identificar el pensamiento negativo que hay detrás de cada síntoma o enfermedad.','¿Quieres saber por qué te enfermas de lo que te enfermas?\n\nEste curso está diseñado para entender los mensajes que tu cuerpo te brinda a través del diagnóstico metafísico de la salud, para identificar el pensamiento negativo que hay detrás de cada síntoma o enfermedad.','14.4','2020-08-07','2021-01-17','2021-01-18','4444',3,'',NULL,NULL,0),(18,'Conciencia de Salud 1 - 5° generación','“Al cambiar mis pensamientos soy capaz de cambiar mi realidad” Piensa bien y acertarás.','¿Quieres saber por qué te enfermas de lo que te enfermas?\n\nEste curso está diseñado para entender los mensajes que tu cuerpo te brinda a través del diagnóstico metafísico de la salud, para identificar el pensamiento negativo que hay detrás de cada síntoma o enfermedad.','¿Quieres saber por qué te enfermas de lo que te enfermas?\n\nEste curso está diseñado para entender los mensajes que tu cuerpo te brinda a través del diagnóstico metafísico de la salud, para identificar el pensamiento negativo que hay detrás de cada síntoma o enfermedad.','14.4','2020-12-21','2021-05-01','2020-11-01','4444',3,'',NULL,NULL,0),(19,'ReDiseña 2021','“Al cambiar mis pensamientos soy capaz de cambiar mi realidad” Piensa bien y acertarás.','¡Manifiesta tus deseos para este nuevo año! ¡Inicia este año lleno de energía, abre tu mente, acepta la renovación en tu vida, vive la libertad de manifestar tus deseos y diseña cómo quieres que sea tu camino este 2021.Obtén las herramientas que te ayudarán a cumplir uno a uno tus propósitos!','¡Manifiesta tus deseos para este nuevo año! ¡Inicia este año lleno de energía, abre tu mente, acepta la renovación en tu vida, vive la libertad de manifestar tus deseos y diseña cómo quieres que sea tu camino este 2021.Obtén las herramientas que te ayudarán a cumplir uno a uno tus propósitos!','8','2021-01-23','2021-01-23','2021-01-18','1111',3,'',NULL,NULL,0),(20,'Conciencia de Salud 1 - 1a Generación 2021','“Al cambiar mis pensamientos soy capaz de cambiar mi realidad” Piensa bien y acertarás.','¿Quieres saber por qué te enfermas de lo que te enfermas?\n\nEste curso está diseñado para entender los mensajes que tu cuerpo te brinda a través del diagnóstico metafísico de la salud, para identificar el pensamiento negativo que hay detrás de cada síntoma o enfermedad.','¿Quieres saber por qué te enfermas de lo que te enfermas?\n\nEste curso está diseñado para entender los mensajes que tu cuerpo te brinda a través del diagnóstico metafísico de la salud, para identificar el pensamiento negativo que hay detrás de cada síntoma o enfermedad.','14.4','2021-04-26','2021-08-27','2021-08-28','4444',3,'',NULL,NULL,0),(21,'Conciencia de Salud 1 - 2a Generación 2021','“Al cambiar mis pensamientos soy capaz de cambiar mi realidad” Piensa bien y acertarás.','¿Quieres saber por qué te enfermas de lo que te enfermas?\n\nEste curso está diseñado para entender los mensajes que tu cuerpo te brinda a través del diagnóstico metafísico de la salud, para identificar el pensamiento negativo que hay detrás de cada síntoma o enfermedad.','¿Quieres saber por qué te enfermas de lo que te enfermas?\n\nEste curso está diseñado para entender los mensajes que tu cuerpo te brinda a través del diagnóstico metafísico de la salud, para identificar el pensamiento negativo que hay detrás de cada síntoma o enfermedad.','14.4','2021-08-02','2021-01-22','2021-12-02','4444',3,'',NULL,NULL,0),(22,'Danza del corazón 2021','¡Únete a la celebración!','Vamos a agradecer juntos, a celebrar los logros y sembrar deseos para el siguiente año.\n¡Hagámoslo con música, baile, alegría, meditación y mucha energía!','Vamos a agradecer juntos, a celebrar los logros y sembrar deseos para el siguiente año.\n¡Hagámoslo con música, baile, alegría, meditación y mucha energía!','2','2021-12-04','2021-12-05','2021-12-06','850',3,'',NULL,NULL,0),(23,'Danza del corazón - Retransmisión','¡Revive esta celebración!','Vamos a agradecer juntos, a celebrar los logros y sembrar deseos para el siguiente año.\n¡Hagámoslo con música, baile, alegría, meditación y mucha energía!','Vamos a agradecer juntos, a celebrar los logros y sembrar deseos para el siguiente año.\n¡Hagámoslo con música, baile, alegría, meditación y mucha energía!','2','2021-12-27','2022-01-03','2021-12-28','850',3,'',NULL,NULL,0),(24,'Conciencia de Salud 3 - 1a Generación 2022','Es momento de profundizar para generar conciencia','En este curso aprovecharás el poder de la reflexión para profundizar en la materia.','En este curso aprovecharás el poder de la reflexión para profundizar en la materia. \nAprenderás acerca de\n– Los 7 Principios del Kybalion.\n– Los 4 Acuerdos de Miguel Ruiz.\n– El poder del Yo soy.\n– Los 7 Rayos.\n– Los 7 Chakras.\nY mucha más información que nos permitirá practicarla y hacerla nuestra.','12','2022-02-07','2022-06-24','2022-01-01','4777',3,'4777','2022-02-12',NULL,0),(25,'Conciencia de Salud 1 - 1a Generación 2022','“Al cambiar mis pensamientos soy capaz de cambiar mi realidad” Piensa bien y acertarás.','¿Quieres saber por qué te enfermas de lo que te enfermas?\n\nEste curso está diseñado para entender los mensajes que tu cuerpo te brinda a través del diagnóstico metafísico de la salud, para identificar el pensamiento negativo que hay detrás de cada síntoma o enfermedad.','¿Quieres saber por qué te enfermas de lo que te enfermas?\n\nEste curso está diseñado para entender los mensajes que tu cuerpo te brinda a través del diagnóstico metafísico de la salud, para identificar el pensamiento negativo que hay detrás de cada síntoma o enfermedad.','14.4','2022-02-21','2022-07-04','2022-01-14','4777',3,'3333','2022-03-06',NULL,0),(26,'Conciencia de Salud 1 - 2a Generación 2022','“Al cambiar mis pensamientos soy capaz de cambiar mi realidad” Piensa bien y acertarás.','¿Quieres saber por qué te enfermas de lo que te enfermas?\n\nEste curso está diseñado para entender los mensajes que tu cuerpo te brinda a través del diagnóstico metafísico de la salud, para identificar el pensamiento negativo que hay detrás de cada síntoma o enfermedad.','¿Quieres saber por qué te enfermas de lo que te enfermas?\n\nEste curso está diseñado para entender los mensajes que tu cuerpo te brinda a través del diagnóstico metafísico de la salud, para identificar el pensamiento negativo que hay detrás de cada síntoma o enfermedad.','14.4','2022-06-11','2022-10-31','2022-05-09','4300',3,'4300','2022-06-20',NULL,0),(27,'Conciencia de Salud 3 - 2a Generación 2022','Es momento de profundizar para generar conciencia','En este curso aprovecharás el poder de la reflexión para profundizar en la materia.','En este curso aprovecharás el poder de la reflexión para profundizar en la materia. \nAprenderás acerca de\n– Los 7 Principios del Kybalión.\n– Los 4 Acuerdos de Miguel Ruiz.\n– El poder del Yo soy.\n– Los 7 Rayos.\n– Los 7 Chakras.\nY mucha más información que nos permitirá practicarla y hacerla nuestra.','12','2022-06-21','2022-11-21','2022-06-22','4777',3,'2333','2022-07-11',NULL,0),(28,'Seminario de abundancia','“Al cambiar mis pensamientos soy capaz de cambiar mi realidad” Piensa bien y acertarás.','Aprende a identificar las bondades que te rodean para tener una vida consciente; plena y abundante.\nLa abundancia existe en todo lo que ves e incluso en lo que no ves también.  ','Objetivo: Volverte un mag@ del universo para usar la abundancia a tu favor y los recursos de manera inteligente. Saber identificar las bondades de ti mismo y de lo que te rodea para tener una vida plena, abundante y feliz.','6','2022-08-08','2022-10-21','2022-07-20','2222',3,'2222','2022-08-13',NULL,10),(29,'Conciencia de Salud 3 - 3ra Generación 2022','Es momento de profundizar para generar conciencia','En este curso aprovecharás el poder de la reflexión para profundizar en la materia.','En este curso aprovecharás el poder de la reflexión para profundizar en la materia. \nAprenderás acerca de\n– Los 7 Principios del Kybalión.\n– Los 4 Acuerdos de Miguel Ruiz.\n– El poder del Yo soy.\n– Los 7 Rayos.\n– Los 7 Chakras.\nY mucha más información que nos permitirá practicarla y hacerla nuestra.','12','2022-10-24','2023-06-12','2022-10-09','4777',3,'3333','2023-02-13',NULL,0),(30,'Seminario de abundancia 2da Generación 2022','“Al cambiar mis pensamientos soy capaz de cambiar mi realidad” Piensa bien y acertarás.','Aprende a identificar las bondades que te rodean para tener una vida consciente; plena y abundante.\nLa abundancia existe en todo lo que ves e incluso en lo que no ves también.  ','Objetivo: Volverte un mag@ del universo para usar la abundancia a tu favor y los recursos de manera inteligente. Saber identificar las bondades de ti mismo y de lo que te rodea para tener una vida plena, abundante y feliz.','6','2022-11-07','2022-08-01','2022-10-18','2222',3,'1888','2022-11-21',NULL,10),(31,'Danza del corazón 2022','¡Únete a la celebración!','Vamos a agradecer juntos, a celebrar los logros y sembrar deseos para el siguiente año.\n¡Hagámoslo con música, baile, alegría, meditación y mucha energía!','Vamos a agradecer juntos, a celebrar los logros y sembrar deseos para el siguiente año.\n¡Hagámoslo con música, baile, alegría, meditación y mucha energía!','2','2022-12-03','2022-12-16','2022-11-18','850',3,'850','2022-12-29',NULL,12),(33,'Rituales 2022','“Si lo puedes pensar, lo puedes vivir”','Voy a compartir contigo los Rituales que yo hago cada Año Nuevo, para\nconectarme y manifestar Salud, Dinero y Amor en mi vida','Un Ritual funciona, sobre todo porque impacta a tu mente.\n\nLa fe es el ingrediente principal.\n\nFelices Fiestas y recuerda que “si lo puedes pensar, lo puedes vivir”','25','2022-12-07','2023-01-12','2022-12-05','333',3,'333','2023-06-30',NULL,13),(34,'Conciencia de Salud 1 - 1a Generación 2023','“Al cambiar mis pensamientos soy capaz de cambiar mi realidad” Piensa bien y acertarás.','¿Quieres saber por qué te enfermas de lo que te enfermas?\n\nEste curso está diseñado para entender los mensajes que tu cuerpo te brinda a través del diagnóstico metafísico de la salud, para identificar el pensamiento negativo que hay detrás de cada síntoma o enfermedad.','¿Quieres saber por qué te enfermas de lo que te enfermas?\n\nEste curso está diseñado para entender los mensajes que tu cuerpo te brinda a través del diagnóstico metafísico de la salud, para identificar el pensamiento negativo que hay detrás de cada síntoma o enfermedad.','14.4','2022-12-12','2023-06-12','2022-12-13','4777',3,'3777','2023-01-30',NULL,5),(35,'Seminario de abundancia 1ra Generación 2023','“Al cambiar mis pensamientos soy capaz de cambiar mi realidad” Piensa bien y acertarás.','Aprende a identificar las bondades que te rodean para tener una vida consciente; plena y abundante.\nLa abundancia existe en todo lo que ves e incluso en lo que no ves también.  ','Objetivo: Volverte un mag@ del universo para usar la abundancia a tu favor y los recursos de manera inteligente. Saber identificar las bondades de ti mismo y de lo que te rodea para tener una vida plena, abundante y feliz.','6','2023-03-06','2023-06-12','2023-02-09','2222',3,'1666','2023-03-17',NULL,10),(36,'Noches en Conciencia','“Al cambiar mis pensamientos soy capaz de cambiar mi realidad” Piensa bien y acertarás.','Disfruta una noche en conciencia en compañía de Martha Sánchez y Martha Yerenas hablando acerca de los registros akashicos y genoxidil.  ¡No te lo pierdas!','Disfruta una noche en conciencia en compañía de Martha Sánchez y Martha Yerenas hablando acerca de los registros akashicos y genoxidil.  ¡No te lo pierdas!','2','2023-03-30','2023-04-02','2023-03-27','400',3,'20','2023-03-20',NULL,0),(37,'Noches en Conciencia - La muerte no existe','Cuando el alumno está listo, el maestro aparece.','Es un proyecto manifestado con mucho amor en donde cada último jueves de mes un invitado especial estará presentando una plática con información valiosa para tu Ser y el despertar de la conciencia.\nPodrás disfrutar de Noches en Conciencia de forma presencial en CDMX o a través de esta página en directo el día del evento. Si ya tienes tu boleto digital podrás disfrutar nuevamente de la plática con el invitado del mes durante 48 hrs.','Es un proyecto manifestado con mucho amor en donde cada último jueves de mes un invitado especial estará presentando una plática con información valiosa para tu Ser y el despertar de la conciencia.\nPodrás disfrutar de Noches en Conciencia de forma presencial en CDMX o a través de esta página en directo el día del evento. Si ya tienes tu boleto digital podrás disfrutar nuevamente de la plática con el invitado del mes durante 48 hrs.','2','2023-04-27','2023-04-30','2023-04-13','555',3,'555','2023-04-30',NULL,14),(38,'Noches en Conciencia - Nutrición holística y vidas longevas','Cuando el alumno está listo, el maestro aparece.','Después de 10 años de práctica con el Biomagnetismo médico, Fernando nos comprueba la constante de que la causa común de la mayoría de los padecimientos orgánicos es una mala y deficiente nutrición.\nPara nutrir nuestro cuerpo debemos tomar en cuenta los alimentos que comemos así como nuestras emociones, pensamientos, vivencias y acciones.','Después de 10 años de práctica con el Biomagnetismo médico, Fernando nos comprueba la constante de que la causa común de la mayoría de los padecimientos orgánicos es una mala y deficiente nutrición.\nPara nutrir nuestro cuerpo debemos tomar en cuenta los alimentos que comemos así como nuestras emociones, pensamientos, vivencias y acciones.','2','2023-05-25','2023-05-28','2023-05-13','555',3,'555','2023-05-28',NULL,14),(39,'Noches en Conciencia - Amor y dinero según tu signo zodiacal','Cuando el alumno está listo, el maestro aparece.','La primera fuente de felicidad es nuestra vocación, solíamos confundirla con la ocupación.\n\nDisfruta de aquello que te gusta hacer, sin importar las creencias externas, porque desde el momento de tu concepción fuiste diseñado con una serie de dones.\n\nDescubre cómo puedes servirle mejor al mundo a través de tu vocación de acuerdo a tu signo zodiacal, la Astrología funge como una herramienta para conducir mejor nuestra vida hacia el bienestar.','La primera fuente de felicidad es nuestra vocación, solíamos confundirla con la ocupación.\n\nDisfruta de aquello que te gusta hacer, sin importar las creencias externas, porque desde el momento de tu concepción fuiste diseñado con una serie de dones.\n\nDescubre cómo puedes servirle mejor al mundo a través de tu vocación de acuerdo a tu signo zodiacal, la Astrología funge como una herramienta para conducir mejor nuestra vida hacia el bienestar.','2','2023-06-06','2023-07-02','2023-06-07','555',3,'555','2023-07-02',NULL,14),(40,'Seminario de abundancia 1ra Generación 2023','“Al cambiar mis pensamientos soy capaz de cambiar mi realidad” Piensa bien y acertarás.','Aprende a identificar las bondades que te rodean para tener una vida consciente; plena y abundante.\nLa abundancia existe en todo lo que ves e incluso en lo que no ves también.  ','Objetivo: Volverte un mag@ del universo para usar la abundancia a tu favor y los recursos de manera inteligente. Saber identificar las bondades de ti mismo y de lo que te rodea para tener una vida plena, abundante y feliz.','6','2023-06-12','2023-09-12','2023-06-13','2222',3,'1111','2023-07-17',NULL,10),(41,'Noches en Conciencia - Sanando a través de cristaloterápia','Cuando el alumno está listo, el maestro aparece.','Con 32 años de experiencia y a través de diversas herramientas ha ayudado a miles de personas en su proceso de transformación. \nLa Programación Neurolingüística (PNL) es un enfoque para el desarrollo personal y el cambio conductual que se basa en la idea de que las personas pueden mejorar su comunicación, comprensión y eficacia en las relaciones interpersonales mediante la comprensión y manipulación\nde los patrones de pensamiento, lenguaje y comportamiento.\nLa cristaloterapia es un método alternativo para ayudar a la prevención y curación a nivel físico, mental, emocional y energético del ser.','Con 32 años de experiencia y a través de diversas herramientas ha ayudado a miles de personas en su proceso de transformación. \nLa Programación Neurolingüística (PNL) es un enfoque para el desarrollo personal y el cambio conductual que se basa en la idea de que las personas pueden mejorar su comunicación, comprensión y eficacia en las relaciones interpersonales mediante la comprensión y manipulación\nde los patrones de pensamiento, lenguaje y comportamiento.\nLa cristaloterapia es un método alternativo para ayudar a la prevención y curación a nivel físico, mental, emocional y energético del ser.','2','2023-07-16','2023-07-30','2023-07-17','555',3,'555','2023-07-31',NULL,14),(42,'Conciencia de Salud 1 - Septiembre 2023','“Al cambiar mis pensamientos soy capaz de cambiar mi realidad” Piensa bien y acertarás.','¿Quieres saber por qué te enfermas de lo que te enfermas?\n\nEste curso está diseñado para entender los mensajes que tu cuerpo te brinda a través del diagnóstico metafísico de la salud, para identificar el pensamiento negativo que hay detrás de cada síntoma o enfermedad.','¿Quieres saber por qué te enfermas de lo que te enfermas?\n\nEste curso está diseñado para entender los mensajes que tu cuerpo te brinda a través del diagnóstico metafísico de la salud, para identificar el pensamiento negativo que hay detrás de cada síntoma o enfermedad.','14.4','2023-08-10','2024-02-05','2023-07-28','4777',3,'2888','2023-09-18',NULL,5),(43,'Noches en Conciencia - ¿Quién es el arcángel Metatrón?','Cuando el alumno está listo, el maestro aparece.','Desde niña Ariadna Tapia desarrolló capacidades espirituales, a muy temprana edad podía ver personas que ya no estaban en este plano. Actualmente recibe mensajes de los ángeles y arcángeles.\nAcompáñanos junto a Ariadna a conocer al Arcángel Metatrón, considerado el portavoz divino y un mediador de Dios con la humanidad.','Desde niña Ariadna Tapia desarrolló capacidades espirituales, a muy temprana edad podía ver personas que ya no estaban en este plano. Actualmente recibe mensajes de los ángeles y arcángeles.\nAcompáñanos junto a Ariadna a conocer al Arcángel Metatrón, considerado el portavoz divino y un mediador de Dios con la humanidad.','2','2023-08-31','2023-09-03','2023-08-02','555',3,'555','2023-09-04',NULL,14),(44,'Noches en Conciencia - Del misticismo al erotismo','Cuando el alumno está listo, el maestro aparece.','Edelmira Cárdenas es una reconocida orientadora y psicóloga sexual que ha participado como educadora para empresas y que ha colaborado en diferentes programas televisivos.\nEste mes nos acompaña en Noches en Conciencia con la plática \"Del misticismo al erotismo\" para ayudarnos a entender el erotismo como un arte que en muchas ocasiones va acompañado de la fantasía, la cual ayuda a salirnos de nuestra área de comodidad y volver el ambiente mucho más relajado.','Edelmira Cárdenas es una reconocida orientadora y psicóloga sexual que ha participado como educadora para empresas y que ha colaborado en diferentes programas televisivos.\nEste mes nos acompaña en Noches en Conciencia con la plática \"Del misticismo al erotismo\" para ayudarnos a entender el erotismo como un arte que en muchas ocasiones va acompañado de la fantasía, la cual ayuda a salirnos de nuestra área de comodidad y volver el ambiente mucho más relajado.','2','2023-10-08','2023-09-12','2023-09-08','555',3,'555','2023-10-02',NULL,14),(45,'SAGA - Noches en Conciencia','Cuando el alumno está listo, el maestro aparece.','Disfruta nuevamente esta primer saga de Noches en Conciencia con nuestros especialistas en temas para tu bienestar. Haz tuya la información, despierta tu conciencia y ábrete a recibir todo lo bueno que la vida y el universo te ofrecen.','Disfruta nuevamente esta primer saga de Noches en Conciencia con nuestros especialistas en temas para tu bienestar. Haz tuya la información, despierta tu conciencia y ábrete a recibir todo lo bueno que la vida y el universo te ofrecen.','8','2023-09-20','2023-10-12','2023-09-20','1666',3,'1666','2024-10-12',NULL,15),(46,'Cásate Contigo','La felicidad inicia amándose a un@ mism@','El amor es una emoción que podemos crear a voluntad y el amarse a uno mismo es un acto responsable, no un acto egoísta.\nEn este taller te invito a hacer un compromiso contigo mims@ para vivir un amor infinito que nace de tu interior y así manifestarlo al exterior.  \nSomos del amor para el amor, comprométete a amarte y respetarte todos los días de tu vida.','El amor es una emoción que podemos crear a voluntad y el amarse a uno mismo es un acto responsable, no un acto egoísta.\nEn este taller te invito a hacer un compromiso contigo mims@ para vivir un amor infinito que nace de tu interior y así manifestarlo al exterior.  \nSomos del amor para el amor, comprométete a amarte y respetarte todos los días de tu vida.','21','2023-10-29','2023-12-13','2023-09-27','1111',3,'1111','2023-10-30',NULL,16),(47,'Noches en Conciencia - ColectivaMENTE abundante, dar es más natural','Cuando el alumno está listo, el maestro aparece.','Todos tenemos derecho a la abundancia por el simple hecho de estar vivos y ésto va más allá de la riqueza, es un estado del Ser. Tiene que ver con el equilibrio, con el balance en todas las áreas de nuestra vida: salud, dinero, relaciones, amor, etc. De forma colectiva podemos acercarnos a personas con los mismos intereses para obtener aquello que necesitamos a través de principios como solidaridad, esfuerzo propio y ayuda mutua.','Todos tenemos derecho a la abundancia por el simple hecho de estar vivos y ésto va más allá de la riqueza, es un estado del Ser. Tiene que ver con el equilibrio, con el balance en todas las áreas de nuestra vida: salud, dinero, relaciones, amor, etc. De forma colectiva podemos acercarnos a personas con los mismos intereses para obtener aquello que necesitamos a través de principios como solidaridad, esfuerzo propio y ayuda mutua.','2','2023-10-30','2023-10-29','2023-10-12','555',3,'555','2023-10-30',NULL,14),(48,'Seminario de abundancia - Noviembre 2023','“Al cambiar mis pensamientos soy capaz de cambiar mi realidad” Piensa bien y acertarás.','Aprende a identificar las bondades que te rodean para tener una vida consciente; plena y abundante.\nLa abundancia existe en todo lo que ves e incluso en lo que no ves también.  ','Aprende a identificar las bondades que te rodean para tener una vida consciente; plena y abundante.\nLa abundancia existe en todo lo que ves e incluso en lo que no ves también.  ','6','2023-11-20','2024-01-26','2023-11-07','2222',3,'1111','2023-11-30',NULL,10),(49,'Noches en Conciencia - ¿Transito o vivo la vida?','Cuando el alumno está listo, el maestro aparece.','Transitamos la vida, pero no vivimos la vida, vamos resolviendo el día a día con el mínimo de nuestras capacidades. Este mes nuestra invitada Sandra Castañeda nos invita a vivir en plena conciencia de nuestro YO SOY a través de la información que otorgan nuestros códigos numéricos de nacimiento y así poder reconocer nuestra grandeza innata, generando un profundo proceso de transmutación interior que hace posible la activación consciente de nuestro potencial.','Transitamos la vida, pero no vivimos la vida, vamos resolviendo el día a día con el mínimo de nuestras capacidades. Este mes nuestra invitada Sandra Castañeda nos invita a vivir en plena conciencia de nuestro YO SOY a través de la información que otorgan nuestros códigos numéricos de nacimiento y así poder reconocer nuestra grandeza innata, generando un profundo proceso de transmutación interior que hace posible la activación consciente de nuestro potencial.','2','2023-11-30','2023-12-04','2023-11-07','555',3,'555','2023-12-04',NULL,14),(50,'Danza del corazón 2023','¡Únete a la celebración!','Vamos a agradecer juntos, a celebrar los logros y sembrar deseos para el siguiente año.\n¡Hagámoslo con música, baile, alegría, meditación y mucha energía!','Vamos a agradecer juntos, a celebrar los logros y sembrar deseos para el siguiente año.\n¡Hagámoslo con música, baile, alegría, meditación y mucha energía!','2','2023-12-09','2024-01-01','2023-11-08','850',3,'850','2024-01-01',NULL,12),(51,'Cásate Contigo - Ritual','La felicidad inicia amándose a un@ mism@','El amor es una emoción que podemos crear a voluntad y el amarse a uno mismo es un acto responsable, no un acto egoísta.\nEn este taller te invito a hacer un compromiso contigo mims@ para vivir un amor infinito que nace de tu interior y así manifestarlo al exterior.  \nSomos del amor para el amor, comprométete a amarte y respetarte todos los días de tu vida.','El amor es una emoción que podemos crear a voluntad y el amarse a uno mismo es un acto responsable, no un acto egoísta.\nEn este taller te invito a hacer un compromiso contigo mims@ para vivir un amor infinito que nace de tu interior y así manifestarlo al exterior.  \nSomos del amor para el amor, comprométete a amarte y respetarte todos los días de tu vida.','1','2023-11-26','2023-12-17','2023-11-26','1111',3,'20','2023-10-25',NULL,0),(52,'Conciencia de Salud 1 - Enero 2024','“Al cambiar mis pensamientos soy capaz de cambiar mi realidad” Piensa bien y acertarás.','¿Quieres saber por qué te enfermas de lo que te enfermas?\n\nEste curso está diseñado para entender los mensajes que tu cuerpo te brinda a través del diagnóstico metafísico de la salud, para identificar el pensamiento negativo que hay detrás de cada síntoma o enfermedad.','¿Quieres saber por qué te enfermas de lo que te enfermas?\n\nEste curso está diseñado para entender los mensajes que tu cuerpo te brinda a través del diagnóstico metafísico de la salud, para identificar el pensamiento negativo que hay detrás de cada síntoma o enfermedad.','14.4','2024-01-22','2024-06-18','2023-12-18','4777',3,'3333','2024-02-01',NULL,5),(53,'Cásate Contigo - Febrero 2024','La felicidad inicia amándose a un@ mism@','El amor es una emoción que podemos crear a voluntad y el amarse a uno mismo es un acto responsable, no un acto egoísta.\nEn este taller te invito a hacer un compromiso contigo mims@ para vivir un amor infinito que nace de tu interior y así manifestarlo al exterior.  \nSomos del amor para el amor, comprométete a amarte y respetarte todos los días de tu vida.','El amor es una emoción que podemos crear a voluntad y el amarse a uno mismo es un acto responsable, no un acto egoísta.\nEn este taller te invito a hacer un compromiso contigo mims@ para vivir un amor infinito que nace de tu interior y así manifestarlo al exterior.  \nSomos del amor para el amor, comprométete a amarte y respetarte todos los días de tu vida.','21','2024-02-19','2024-04-01','2024-01-31','1888',3,'1888','2024-02-26',NULL,16),(54,'Noches en Conciencia - El poder de la visualización','Cuando el alumno está listo, el maestro aparece.','La visualización es la capacidad que todos tenemos de usar el poder de nuestra imaginación para hacer realidad nuestros deseos. Este mes nos acompaña Erika Urosa para compartirnos su historia de éxito como emprendedora tomando acción para ver sus sueños hechos realidad.','La visualización es la capacidad que todos tenemos de usar el poder de nuestra imaginación para hacer realidad nuestros deseos. Este mes nos acompaña Erika Urosa para compartirnos su historia de éxito como emprendedora tomando acción para ver sus sueños hechos realidad.','2','2024-02-29','2024-03-04','2024-02-08','555',3,'555','2024-03-03',NULL,14),(55,'Seminario de abundancia - Marzo 2024','“Al cambiar mis pensamientos soy capaz de cambiar mi realidad” Piensa bien y acertarás.','Aprende a identificar las bondades que te rodean para tener una vida consciente; plena y abundante.\nLa abundancia existe en todo lo que ves e incluso en lo que no ves también.  ','Aprende a identificar las bondades que te rodean para tener una vida consciente; plena y abundante.\nLa abundancia existe en todo lo que ves e incluso en lo que no ves también.  ','6','2024-03-11','2024-06-09','2024-02-22','2222',3,'1111','2024-03-20',NULL,10),(56,'El Kybalión','El Kybalion es una guía práctica para entender el funcionamiento de las leyes cósmicas','El Kybalion es una guía práctica para entender el funcionamiento de las leyes cósmicas y cómo nos afectan, para aprender a manejarlas correctamente y crear la vida que siempre hemos soñado.','La comprensión y la aplicación práctica en nuestra vida de las siete leyes que rigen el Universo es básica para nuestro desarrollo interior y nuestro crecimiento espiritual, quizás conocías alguno de los principios, pero no cómo te afectaba y cómo podías usarlos para tu beneficio. Con este taller te llevarás tips que podrás aplicar fácilmente y ver grandes resultados inmediatos. Verás lo fácil que es, una vez que lo entiendes y lo llevas a cabo en tu vida.','7','2024-04-27','2024-04-29','2024-04-01','1800',3,'1800','2024-04-29',NULL,17),(57,'Cásate Contigo - Ritual - Abril','La felicidad inicia amándose a un@ mism@','El amor es una emoción que podemos crear a voluntad y el amarse a uno mismo es un acto responsable, no un acto egoísta.\nEn este taller te invito a hacer un compromiso contigo mims@ para vivir un amor infinito que nace de tu interior y así manifestarlo al exterior.  \nSomos del amor para el amor, comprométete a amarte y respetarte todos los días de tu vida.','El amor es una emoción que podemos crear a voluntad y el amarse a uno mismo es un acto responsable, no un acto egoísta.\nEn este taller te invito a hacer un compromiso contigo mims@ para vivir un amor infinito que nace de tu interior y así manifestarlo al exterior.  \nSomos del amor para el amor, comprométete a amarte y respetarte todos los días de tu vida.','1','2024-04-06','2024-04-08','2024-04-04','333',3,'333','2024-04-08',NULL,16),(58,'Conciencia de Salud 3 - Mayo 2024','Es momento de profundizar para generar conciencia','En este curso aprovecharás el poder de la reflexión para profundizar en la materia.','En este curso aprovecharás el poder de la reflexión para profundizar en la materia. \nAprenderás acerca de\n– Los 7 Principios del Kybalión.\n– Los 4 Acuerdos de Miguel Ruiz.\n– El poder del Yo soy.\n– Los 7 Rayos.\n– Los 7 Chakras.\nY mucha más información que nos permitirá practicarla y hacerla nuestra.','12','2024-05-13','2024-10-05','2024-04-23','4777',3,'3333','2024-05-20',NULL,18),(59,'Sandra Castañeda','La luz de la esperanza está en ti','Acompáñame en esta plática junto a Sandra Castañeda para sumar energía positiva y lograr que nuestra luz interior brille iluminando nuestro camino.','Acompáñame en esta plática junto a Sandra Castañeda para sumar energía positiva y lograr que nuestra luz interior brille iluminando nuestro camino.','3','2024-07-04','2024-06-03','2024-06-29','440',3,'440','2024-07-07',NULL,19),(60,'Cásate Contigo - Julio 2024','La felicidad inicia amándose a un@ mism@','El amor es una emoción que podemos crear a voluntad y el amarse a uno mismo es un acto responsable, no un acto egoísta.\nEn este taller te invito a hacer un compromiso contigo mims@ para vivir un amor infinito que nace de tu interior y así manifestarlo al exterior.  Somos del amor para el amor, comprométete a amarte y respetarte todos los días de tu vida. Duración 21 días consecutivos. Sesiones o clases  disponibles a las 7:00am más material descargable. 2 sesiones en vivo con Martha Sánchez Navarro. Grupo exclusivo de WhatsApp. Inversión $1888 pesos mexicanos.','El amor es una emoción que podemos crear a voluntad y el amarse a uno mismo es un acto responsable, no un acto egoísta.\nEn este taller te invito a hacer un compromiso contigo mims@ para vivir un amor infinito que nace de tu interior y así manifestarlo al exterior.  Somos del amor para el amor, comprométete a amarte y respetarte todos los días de tu vida. Duración 21 días consecutivos. Sesiones o clases  disponibles a las 7:00am más material descargable. 2 sesiones en vivo con Martha Sánchez Navarro. Grupo exclusivo de WhatsApp. Inversión $1888 pesos mexicanos.','21','2024-07-22','2024-09-15','2024-06-30','1888',3,'1888','2024-08-31',NULL,16),(61,'Conciencia de Salud 1 - Septiembre 2024','“Al cambiar mis pensamientos soy capaz de cambiar mi realidad” Piensa bien y acertarás.','¿Quieres saber por qué te enfermas de lo que te enfermas?\n\nEste curso está diseñado para entender los mensajes que tu cuerpo te brinda a través del diagnóstico metafísico de la salud, para identificar el pensamiento negativo que hay detrás de cada síntoma o enfermedad.','¿Quieres saber por qué te enfermas de lo que te enfermas?\n\nEste curso está diseñado para entender los mensajes que tu cuerpo te brinda a través del diagnóstico metafísico de la salud, para identificar el pensamiento negativo que hay detrás de cada síntoma o enfermedad.','14.4','2024-09-23','2025-01-20','2024-07-30','4778',3,'3554','2024-10-07',NULL,5),(62,'Cásate Contigo - Ceremonia Virtual','La felicidad inicia amándose a un@ mism@','Ceremonia Virtual. El amor es una emoción que podemos crear a voluntad y el amarse a uno mismo es un acto responsable, no un acto egoísta.','Ceremonia Virtual. El amor es una emoción que podemos crear a voluntad y el amarse a uno mismo es un acto responsable, no un acto egoísta.','3','2024-09-01','2024-09-09','2024-08-26','332',3,'20','2024-08-26',NULL,0);

--
-- Table structure for table `courses_ftf`
--

CREATE TABLE `courses_ftf` (
  `id` int(10) unsigned NOT NULL AUTO_INCREMENT,
  `nombre` varchar(255) COLLATE utf8mb4_unicode_ci NOT NULL,
  `resumen` text COLLATE utf8mb4_unicode_ci NOT NULL,
  `descripcion` text COLLATE utf8mb4_unicode_ci NOT NULL,
  `numero_horas` varchar(255) COLLATE utf8mb4_unicode_ci NOT NULL,
  `fecha_inicio` date NOT NULL,
  `fecha_fin` date NOT NULL,
  `hora_inicio` varchar(255) COLLATE utf8mb4_unicode_ci NOT NULL,
  `hora_fin` varchar(255) COLLATE utf8mb4_unicode_ci NOT NULL,
  `costo` varchar(1000) COLLATE utf8mb4_unicode_ci DEFAULT NULL,
  `activo` tinyint(1) NOT NULL,
  `img_desc` varchar(255) COLLATE utf8mb4_unicode_ci NOT NULL,
  `img_list` varchar(255) COLLATE utf8mb4_unicode_ci NOT NULL,
  `created_at` timestamp NULL DEFAULT NULL,
  `updated_at` timestamp NULL DEFAULT NULL,
  `ubicacion` varchar(255) COLLATE utf8mb4_unicode_ci DEFAULT NULL,
  `inversion` varchar(255) COLLATE utf8mb4_unicode_ci DEFAULT NULL,
  `telefono` varchar(255) COLLATE utf8mb4_unicode_ci DEFAULT NULL,
  `correo` varchar(255) COLLATE utf8mb4_unicode_ci DEFAULT NULL,
  `currency` int(11) DEFAULT NULL,
  PRIMARY KEY (`id`)
) ENGINE=InnoDB AUTO_INCREMENT=15 DEFAULT CHARSET=utf8mb4 COLLATE=utf8mb4_unicode_ci;

--
-- Dumping data for table `courses_ftf`
--

INSERT INTO `courses_ftf` VALUES (1,'Taller de barras<br/>Access Consciousness','','Recuerda que todos somos seres reprogramables y somos capaces de cambiar creencias rompiendo con viejas estructuras mentales para mejorar nuestra vida.<br/>Durante el taller recibirás dos sesiones y tú podrás dar dos sesiones, obtendrás el material que te ayudará a aprender los 32 puntos de energía, las posiciones adecuadas y otras herramientas para el proceso.','8 Hrs','2020-10-24','2020-10-24','10 am','6 pm','Inversión 1a clase: 350 dlls<br/>Inversión 2a clase: 175 dlls<br/>Inversión 3a clase: 175 dlls<br/>',0,'public/curso/17/imagen/1/PZCRk9hiFtKD7ucoVc1HqlaYPc6eDfkgWrxAMvRs.jpg','public/curso/17/imagen/1/PZCRk9hiFtKD7ucoVc1HqlaYPc6eDfkgWrxAMvRss.jpg','2020-10-20 10:58:34','2020-10-20 10:58:34',NULL,NULL,NULL,NULL,NULL),(2,'Danza del corazón','','<div><span style=\"color: #bad23c;\"><span style=\"font-size: 18.6667px;\"><b>Únete a la celebración</b></span></span><div><strong>Vamos a agradecer juntos, a celebrar los logros y sembrar deseos para el siguiente año.</strong></div><div><i><b>¡Hagámoslo con música, baile, alegría, meditación y mucha energía!</b></i></div></div>','2','2020-12-05','2020-12-05','11:00 Hrs','13:00 Hrs','500',0,'public/curso/17/imagen/1/PZCRk9hiFtKD7ucoVc1HqlaYPc6eDfkgWrxAMvR2.jpg',' public/curso/17/imagen/1/PZCRk9hiFtKD7ucoVc1HqlaYPc6eDfkgWrxAMvR2.jpg','2020-12-02 17:19:53','2020-12-02 17:19:53',NULL,NULL,NULL,NULL,NULL),(3,'Danza del corazón - Retransmisión','','<div><span style=\"color: #bad23c;\"><span style=\"font-size: 18.6667px;\"><b>Revive esta celebración</b></span></span><div><strong>Vamos a agradecer juntos, a celebrar los logros y sembrar deseos para el siguiente año.</strong></div><div><i><b>¡Hagámoslo con música, baile, alegría, meditación y mucha energía!</b></i></div></div>','2','2020-12-05','2021-01-01','11:00 Hrs','13:00 Hrs','333',0,'public/curso/1/imagen/1/danza_web_2.jpg','public/curso/1/imagen/1/danza_web_2.jpg','2020-12-10 06:29:49','2020-12-10 06:29:49',NULL,NULL,NULL,NULL,NULL),(4,'ReDiseña 2021','','<div><p><span style=\"color: #bad23c;\"><strong><span style=\"font-size: 14pt;\">Manifiesta tus deseos</span></strong></span><br><span style=\"color: #bad23c;\"><strong><span style=\"font-size: 14pt;\"> para este nuevo año que inicia</span></strong></span><br><strong>Inicia este año lleno de energía, abre tu mente, acepta la renovación en tu vida,vive la libertad de manifestar tus deseos y diseña cómo quieres que sea tu camino este 2021.Obtén las herramientas que te ayudarán a cumplir uno a uno tus propósitos.</strong></p><div class=\"_63ew\" data-testid=\"event-permalink-details\"><strong>No olvides traer tu material</strong><br>(recortes de imágenes de aquello que quieras manifestar en el 2021 en cuanto a salud, trabajo, familia, etc)</div></div>','8','2021-01-23','2021-01-23','08:00 Hrs','18:00 Hrs','1111',0,'public/curso/1/imagen/1/redisenia.jpg','public/curso/1/imagen/1/redisenia.jpg','2021-01-09 01:55:45','2021-01-09 01:55:45',NULL,NULL,NULL,NULL,NULL),(5,'Taller de Barras de Access Consciousness','','Recuerda que todos somos seres reprogramables y somos capaces de cambiar creencias rompiendo con viejas estructuras mentales para mejorar nuestra vida.\r\nDurante el taller recibirás dos sesiones y tú podrás dar dos sesiones, obtendrás el material que te ayudará a aprender los 32 puntos de energía, las posiciones adecuadas y otras herramientas para el proceso. ','8','2021-06-26','2021-06-26','10:00 Hrs','18:00 Hrs','1a clase¬350 dólares¬¬2a y 3a clase¬175 dólares',0,'public/cursopresencial/presencialImg.jpg','public/cursopresencial/presencialImg.jpg','2021-06-20 21:51:49','2021-06-20 21:51:49','Hotel El jardin de Enmedio\r\nAldama 225, Col. Los Gavilanes\r\nTlajomulco de Zúñiga, Jalisco 45645 México','1a clase: 350 dólares\r\n2a y 3a clase : 175 dólares','5569862623','info@concienciadesalud.com',2),(6,'Experiencia de Milagros Quánticos, Los tres reinos','','<p><strong><span style=\"font-family: Arial, Helvetica, sans-serif; font-size: 14pt; color: #800ac9;\">Horario<br/><br/>6 y 7 de noviembre (taller de dos días)<br>\nsábado de 10 am a 7 pm<br>\ndomingo de 10 am a 3 pm<br>\n</span></strong></p>','14 ','2021-11-06','2021-11-07','6 noviembre: 10 am<br/>7 noviembre: 10 am','6 noviembre: 7 pm<br/>7 noviembre: 3pm','Experiencia de Milagros Quánticos¬$10,000 MXN¬10000¬¬',0,'cursopresencial/presencialImg.jpg','cursopresencial/presencialImg.jpg','2021-10-18 21:51:47','2021-10-18 21:51:47','Teatro Virginia Fábregas<br/>Calle Joaquín Velázquez de León 29, Cuauhtémoc, San Rafael<br/>Ciudad de México, CDMX, 06470 Mexico','$10,000 MXN','5569862623','info@concienciadesalud.com',1),(7,'Talleres Canadá','<div class=\"tribe-events-single-event-description tribe-events-content\"><div><span style=\"color: #bad23c;\">Si lo creo, lo creo</span></div><p><span style=\"color: #808080;\">Este taller te ayudará a comprender cómo es que la mente es la que genera las ideas, todos llegamos con el chip en<br>blanco y es nuestra madre primero, padre, maestros y hermanos, los que van grabando ideas en él, estas se llaman creencias.<br>Utiliza el poder de los pensamientos a tu favor para atraer y manifestar la realidad que quieres vivir.</span><br><em><strong><span style=\"font-size: 16pt;\"><span style=\"color: #bad23c;\">Si lo creas de pensamiento, lo creas en experiencia.</span></span></strong></em></p></div><div class=\"tribe-events-single-event-description tribe-events-content\"><br/><br/><p><span style=\"color: #800ac9;\"><strong>Inversión:</strong></span><br><span style=\"color: #800ac9;\"><b>$190 dólares (canadiendes)</b></span></p><p><span style=\"color: #800ac9;\"><span style=\"font-size: 13.3333px;\"><b><span style=\"font-size: 13.3333px;\">Informes con:&nbsp;</span><br><span style=\"font-size: 13.3333px;\">Paola Parra</span><br><span style=\"font-size: 13.3333px;\">Tel: (236) 862 8544</span></b></span></span></p></div>','<div><div><span style=\"color: #bad23c;\">El Kybalion</span></div><div><span style=\"color: #808080;\">El Kybalion es una guía práctica para entender el funcionamiento de las leyes cósmicas y cómo nos afectan, para aprender a manejarlas correctamente y crear la vida que siempre hemos soñado.<br/><br/>La comprensión y la aplicación práctica en nuestra vida de las siete leyes que rigen el Universo es básico para nuestro desarrollo interior y nuestro crecimiento espiritual, quizás conocías alguno de los principios, pero no cómo te afectaba y cómo podías usarlos para tu beneficio. Con este taller te llevarás tips que podrás aplicar fácilmente y ver grandes resultados inmediatos. Verás lo fácil que es, una vez que lo entiendes y lo llevas a cabo en tu vida.</span><br/><br/><br/></div></div>','8','2022-08-27','2022-08-28','10:00 am','6:00 pm','Taller Si lo creo, Lo creo - 27 de Agosto¬$190 dólares canadienses¬3020¬¬El Kybalion - 28 de Agosto¬$190 dólares canadienses¬3020¬¬',0,'public/cursopresencial/7/vUMeMm9C7VANUF8dycqQHTkbwSrswsqLRUS8ru9w.png','',NULL,NULL,'969 Richards, <br/>Vancouver V6B 1 A8','$190 dólares canadienses','+1(236) 862-8544 Paola<br/>+1(778) 678-7244 Mitzi','info@concienciadesalud.com',1),(8,'Talleres Austin Texas','<div class=\"tribe-events-single-event-description tribe-events-content\"><div><span style=\"color: #bad23c;\">Si lo creo, lo creo</span></div><p><span style=\"color: #808080;\">Este taller te ayudará a comprender cómo es que la mente es la que genera las ideas, todos llegamos con el chip en<br>blanco y es nuestra madre primero, padre, maestros y hermanos, los que van grabando ideas en él, estas se llaman creencias.<br>Utiliza el poder de los pensamientos a tu favor para atraer y manifestar la realidad que quieres vivir.</span><br><em><strong><span style=\"font-size: 16pt;\"><span style=\"color: #bad23c;\">Si lo creas de pensamiento, lo creas en experiencia.</span></span></strong></em></p></div><div class=\"tribe-events-single-event-description tribe-events-content\"><br/><br/><p><span style=\"color: #800ac9;\"><strong>Inversión:</strong></span><br><span style=\"color: #800ac9;\"><b>150 dólares</b></span></p><p><span style=\"color: #800ac9;\"><span style=\"font-size: 13.3333px;\"><b><span style=\"font-size: 13.3333px;\">Informes con:&nbsp;</span><br><span style=\"font-size: 13.3333px;\">Norma Correa Damm</span><br><span style=\"font-size: 13.3333px;\">Tel: 512 915 9246</span></b></span></span></p></div>','<div><div><span style=\"color: #bad23c;\">El Kybalion</span></div><div><span style=\"color: #808080;\">El Kybalion es una guía práctica para entender el funcionamiento de las leyes cósmicas y cómo nos afectan, para aprender a manejarlas correctamente y crear la vida que siempre hemos soñado.<br/><br/>La comprensión y la aplicación práctica en nuestra vida de las siete leyes que rigen el Universo es básico para nuestro desarrollo interior y nuestro crecimiento espiritual, quizás conocías alguno de los principios, pero no cómo te afectaba y cómo podías usarlos para tu beneficio. Con este taller te llevarás tips que podrás aplicar fácilmente y ver grandes resultados inmediatos. Verás lo fácil que es, una vez que lo entiendes y lo llevas a cabo en tu vida.</span><br/><br/><br/></div></div>','8','2022-10-15','2022-10-16','10:00 am','6:00 pm','Taller Si lo creo, Lo creo - 15 de Octubre¬$150 dólares¬3012¬¬El Kybalion - 16 de Octubre¬$150 dólares ¬3012¬¬',0,'public/cursopresencial/7/vUMeMm9C7VANUF8dycqQHTkbwSrswsqLRUS8ru9w.png','public/cursopresencial/7/vUMeMm9C7VANUF8dycqQHTkbwSrswsqLRUS8ru9w.png','2022-09-15 19:37:28','2022-09-15 19:37:28','Sol Healing & Wellness Center,<br/> LLC. 13805 Ann Place, Austin TX 78728','$150 dólares','512 915 9246 Norma Correa Damm','info@concienciadesalud.com',1),(9,'Danza del corazón','Vamos a agradecer juntos, a celebrar los logros y sembrar deseos para el siguiente año.\n¡Hagámoslo con música, baile, alegría, meditación y mucha energía!','Vamos a agradecer juntos, a celebrar los logros y sembrar deseos para el siguiente año.\n¡Hagámoslo con música, baile, alegría, meditación y mucha energía!','2','2022-12-03','2022-12-03','11:00 am','01:00 pm','Danza del corazón¬$800.00¬800.00¬¬',0,'public/cursopresencial/9/XJeQxBG5b2p90JkAmVxnV5sGdy0PmjCxsWzjbhls.jpeg','',NULL,NULL,NULL,NULL,NULL,NULL,1),(10,'Noches en Conciencia - ¿Quién es el arcángel Metatrón?','Desde niña Ariadna Tapia desarrolló capacidades espirituales, a muy temprana edad podía ver personas que ya no estaban en este plano. Actualmente recibe mensajes de los ángeles y arcángeles. Acompáñanos junto a Ariadna a conocer al Arcángel Metatrón, considerado el portavoz divino y un mediador de Dios con la humanidad.','Desde niña Ariadna Tapia desarrolló capacidades espirituales, a muy temprana edad podía ver personas que ya no estaban en este plano. Actualmente recibe mensajes de los ángeles y arcángeles. Acompáñanos junto a Ariadna a conocer al Arcángel Metatrón, considerado el portavoz divino y un mediador de Dios con la humanidad.','2','2023-08-31','2023-08-31','8:00 pm','10:00 pm','1 persona¬$450.00¬450.00¬¬2 personas¬$900.00¬900.00¬¬3 personas¬$1350.1350.00¬¬4 personas¬$1800.1800.00¬¬5 personas¬$2250.00¬2250.00¬¬6 personas¬$2700.00¬2700.00¬¬7 personas¬$3150.00¬3150.00¬¬8 personas¬$3600.00¬3600.00¬¬9 personas¬$4050.00¬4050.00¬¬10 personas¬$4500.00¬4500.00',0,'public/cursopresencial/10/TX7XlkTCFOYqBSFNfYBe5Vn9vw5hrf0FQV2wqfQS.jpeg','',NULL,NULL,'Teatro Virginia Fábregas','$450.00 MXN por persona',NULL,NULL,1),(11,'Noches en Conciencia - ¿Transito o vivo la vida?','Transitamos la vida, pero no vivimos la vida, vamos resolviendo el día a día con el mínimo de nuestras capacidades. Este mes nuestra invitada Sandra Castañeda nos invita a vivir en plena conciencia de nuestro YO SOY a través de la información que otorgan nuestros códigos numéricos de nacimiento y así poder reconocer nuestra grandeza innata, generando un profundo proceso de transmutación interior que hace posible la activación consciente de nuestro potencial.','Transitamos la vida, pero no vivimos la vida, vamos resolviendo el día a día con el mínimo de nuestras capacidades. Este mes nuestra invitada Sandra Castañeda nos invita a vivir en plena conciencia de nuestro YO SOY a través de la información que otorgan nuestros códigos numéricos de nacimiento y así poder reconocer nuestra grandeza innata, generando un profundo proceso de transmutación interior que hace posible la activación consciente de nuestro potencial.','2','2023-11-30','2023-11-30','8:00 pm','10:00 pm','1 persona¬$450.00¬450¬¬2 personas¬$900.00¬900¬¬3 personas¬$1,350.00¬1350¬¬4 personas¬$1,800.00¬1800¬¬5 personas¬$2,250.00¬2250¬¬6 personas¬$2,700.00¬2700¬¬7 personas¬$3,150.00¬3150¬¬8 personas¬$3,600.00¬3600¬¬9 personas¬$4,050.00¬4050¬¬10 personas¬$4,500.00¬4500¬¬',0,'public/cursopresencial/11/N6r8XuP48eBeTmyMVrUKqtXkYYQHAnBD7NKeZfR6.jpeg','',NULL,NULL,'Teatro Virginia Fábregas','$450.00 MXN por persona',NULL,NULL,1),(12,'Danza del Corazón - Presencial','Vamos a agradecer juntos, a celebrar los logros y sembrar deseos para el siguiente año. ¡Hagámoslo con música, baile, alegría, meditación y mucha energía!','Vamos a agradecer juntos, a celebrar los logros y sembrar deseos para el siguiente año. ¡Hagámoslo con música, baile, alegría, meditación y mucha energía!','2','2023-12-09','2023-12-11','11 am','1 pm','1 Adulto y 1 Niño/Adulto Mayor¬$1200¬1200¬¬2 Adultos y 1 Niño/Adulto Mayor¬$2000¬2000¬¬1 Adulto y 2 Niños/Adultos Mayores¬$1600¬1600¬¬2 Adultos y 2 Niño/Adulto Mayor¬$2400¬2400¬¬1 Adulto¬$800¬800¬¬2 Adultos¬$1600¬1600¬¬3 Adultos¬$2400¬2400¬¬4 Adultos¬$3200¬3200¬¬5 Adultos¬$4000¬4000¬¬6 Adultos¬$4800¬4800¬¬7 Adultos¬$5600¬5600¬¬8 Adultos¬$6400¬6400¬¬9 Adultos¬$7200¬7200¬¬10 Adultos¬$8000¬8000¬¬',0,'public/cursopresencial/12/GyNZZMMPcn16Kzpl4EjczPz5tO5hy2UnRSjBSkgw.jpeg','',NULL,NULL,NULL,NULL,NULL,NULL,1),(13,'El Kybalión','El Kybalion es una guía práctica para entender el funcionamiento de las leyes cósmicas y cómo nos afectan, para aprender a manejarlas correctamente y crear la vida que siempre hemos soñado.','La comprensión y la aplicación práctica en nuestra vida de las siete leyes que rigen el Universo es básica para nuestro desarrollo interior y nuestro crecimiento espiritual, quizás conocías alguno de los principios, pero no cómo te afectaba y cómo podías usarlos para tu beneficio. Con este taller te llevarás tips que podrás aplicar fácilmente y ver grandes resultados inmediatos. Verás lo fácil que es, una vez que lo entiendes y lo llevas a cabo en tu vida.','7','2024-04-27','2024-04-29','10:00 am','06:00 pm','1 Adulto¬$1,800.00 MXN¬1800¬¬2 Adultos¬$3,600.00¬3600¬¬3 Adultos¬$5,400.00¬5400¬¬4 Adultos¬$7,200.00¬7200¬¬5 Adultos¬$9,000.00¬9000¬¬6 Adultos¬$10,800.00¬10800¬¬7 Adultos¬$12,600.00¬12600¬¬8 Adultos¬$14,400.00¬14400¬¬9 Adultos¬$16,200.00¬16200¬¬10 Adultos¬$18,000.00¬18000¬¬',0,'public/cursopresencial/13/ynpyDQIRure58XvTlHJr2oQMU6FU43rSiaVaUQx2.jpeg','',NULL,NULL,NULL,NULL,NULL,NULL,1),(14,'Sandra Castañeda','Acompáñame en esta plática junto a Sandra Castañeda para sumar energía positiva y lograr que nuestra luz interior brille iluminando nuestro camino.','Acompáñame en esta plática junto a Sandra Castañeda para sumar energía positiva y lograr que nuestra luz interior brille iluminando nuestro camino.','3','2024-06-28','2024-07-07','8:00 pm','10:00 pm','1 Persona¬$440¬440¬¬2 Personas¬$880¬880¬¬3 Personas¬$1,320¬1320¬¬4 Personas ¬$1,760¬1760¬¬5 Personas¬$2,200¬2200¬¬6 Personas¬$2,640¬2640¬¬7 Personas¬$3,080¬3080¬¬8 Personas¬$3,520¬3520¬¬',1,'public/cursopresencial/14/A4fYF61snZsN1Py5i0FAtNskIckQFKaq6FMJnh5f.jpeg','',NULL,NULL,NULL,NULL,NULL,NULL,1);

--
-- Table structure for table `courses_ftf_users`
--

CREATE TABLE `courses_ftf_users` (
  `id` int(10) unsigned NOT NULL AUTO_INCREMENT,
  `idUser` int(10) unsigned NOT NULL,
  `idCourse_ftf` int(10) unsigned NOT NULL,
  `fecha_inscripcion` datetime NOT NULL,
  `payment_method` int(11) DEFAULT NULL,
  `created_at` timestamp NULL DEFAULT NULL,
  `updated_at` timestamp NULL DEFAULT NULL,
  `course_option` int(11) NOT NULL DEFAULT '0',
  PRIMARY KEY (`id`),
  KEY `courses_ftf_users_iduser_foreign` (`idUser`),
  KEY `courses_ftf_users_idcourse_ftf_foreign` (`idCourse_ftf`),
  CONSTRAINT `courses_ftf_users_idcourse_ftf_foreign` FOREIGN KEY (`idCourse_ftf`) REFERENCES `courses_ftf` (`id`),
  CONSTRAINT `courses_ftf_users_iduser_foreign` FOREIGN KEY (`idUser`) REFERENCES `users` (`id`)
) ENGINE=InnoDB AUTO_INCREMENT=94 DEFAULT CHARSET=utf8mb4 COLLATE=utf8mb4_unicode_ci;

--
-- Dumping data for table `courses_ftf_users`
--

INSERT INTO `courses_ftf_users` VALUES (2,1267,1,'2020-10-20 19:08:35',1,NULL,NULL,0),(3,4,1,'2020-10-21 23:43:39',2,NULL,NULL,0),(4,1275,1,'2020-10-22 16:52:32',1,NULL,NULL,0),(5,960,1,'2020-10-23 20:26:33',1,NULL,NULL,0),(6,442,1,'2020-10-23 22:18:59',2,NULL,NULL,0),(8,1477,2,'2020-12-02 16:36:20',1,NULL,NULL,0),(9,783,2,'2020-12-02 18:15:52',2,NULL,NULL,0),(10,667,2,'2020-12-02 20:06:11',1,NULL,NULL,0),(11,1480,2,'2020-12-03 01:13:02',2,NULL,NULL,0),(12,1085,2,'2020-12-03 02:08:53',1,NULL,NULL,0),(13,765,2,'2020-12-03 21:11:42',1,NULL,NULL,0),(14,1490,2,'2020-12-04 11:16:37',1,NULL,NULL,0),(15,330,2,'2020-12-04 11:50:31',1,NULL,NULL,0),(16,1493,2,'2020-12-04 13:09:09',2,NULL,NULL,0),(17,1495,2,'2020-12-04 13:52:51',1,NULL,NULL,0),(18,587,2,'2020-12-04 14:49:18',1,NULL,NULL,0),(19,565,2,'2020-12-04 15:29:43',2,NULL,NULL,0),(20,26,2,'2020-12-04 16:19:16',1,NULL,NULL,0),(21,1508,2,'2020-12-04 16:32:51',1,NULL,NULL,0),(22,740,2,'2020-12-04 16:33:25',1,NULL,NULL,0),(23,1369,2,'2020-12-04 17:14:22',2,NULL,NULL,0),(24,430,2,'2020-12-04 19:02:09',1,NULL,NULL,0),(25,1510,2,'2020-12-04 19:25:45',1,NULL,NULL,0),(26,518,2,'2020-12-04 20:56:53',1,NULL,NULL,0),(27,965,2,'2020-12-04 23:22:24',2,NULL,NULL,0),(28,1439,2,'2020-12-04 23:51:53',2,NULL,NULL,0),(29,4,2,'2020-12-05 08:51:54',1,NULL,NULL,0),(30,1520,2,'2020-12-05 10:15:13',1,NULL,NULL,0),(31,1521,2,'2020-12-05 10:33:55',2,NULL,NULL,0),(32,1337,2,'2020-12-05 10:53:18',2,NULL,NULL,0),(33,1585,3,'2020-12-10 14:16:46',2,NULL,NULL,0),(34,1550,3,'2020-12-11 09:17:03',1,NULL,NULL,0),(35,1597,3,'2020-12-11 11:19:35',2,NULL,NULL,0),(36,1560,3,'2020-12-12 21:43:12',1,NULL,NULL,0),(37,1599,3,'2020-12-14 13:40:38',1,NULL,NULL,0),(38,1507,3,'2020-12-15 12:59:46',2,NULL,NULL,0),(39,1657,3,'2020-12-15 21:39:39',2,NULL,NULL,0),(40,559,3,'2020-12-16 13:21:46',2,NULL,NULL,0),(41,507,3,'2020-12-17 17:04:29',2,NULL,NULL,0),(42,1427,3,'2020-12-19 14:16:56',2,NULL,NULL,0),(43,1761,3,'2020-12-21 18:11:25',2,NULL,NULL,0),(44,471,3,'2020-12-22 12:12:24',1,NULL,NULL,0),(45,1343,3,'2020-12-23 09:57:14',2,NULL,NULL,0),(46,1233,3,'2020-12-28 16:25:22',1,NULL,NULL,0),(47,1816,3,'2020-12-30 12:32:11',2,NULL,NULL,0),(48,1605,3,'2020-12-31 17:21:35',1,NULL,NULL,0),(49,1616,3,'2020-12-31 21:08:09',2,NULL,NULL,0),(50,1325,4,'2021-01-11 12:31:10',1,NULL,NULL,0),(51,1833,4,'2021-01-13 15:00:56',1,NULL,NULL,0),(52,960,4,'2021-01-14 22:33:04',1,NULL,NULL,0),(53,964,4,'2021-01-15 22:04:24',1,NULL,NULL,0),(54,240,6,'2021-10-18 19:05:51',1,NULL,NULL,0),(55,1382,6,'2021-10-19 17:13:42',1,NULL,NULL,0),(56,1275,6,'2021-11-05 12:37:12',1,NULL,NULL,0),(57,866,6,'2021-11-05 22:23:24',1,NULL,NULL,0),(58,508,6,'2021-11-07 15:19:11',1,NULL,NULL,0),(59,2059,6,'2021-11-09 21:53:38',1,NULL,NULL,0),(60,2393,6,'2021-11-11 21:07:27',1,NULL,NULL,0),(62,4,6,'2021-11-11 21:21:14',2,NULL,NULL,0),(63,5,6,'2021-11-11 21:34:55',2,NULL,NULL,0),(66,4435,7,'2022-07-05 23:34:30',1,NULL,NULL,1),(67,4,7,'2022-07-19 13:56:40',3,NULL,NULL,1),(68,2500,7,'2022-08-13 16:35:53',2,NULL,NULL,1),(69,614,7,'2022-08-16 15:21:38',1,NULL,NULL,1),(70,4619,7,'2022-08-27 02:02:08',1,NULL,NULL,1),(71,4623,7,'2022-08-27 10:45:29',1,NULL,NULL,1),(72,4624,7,'2022-08-27 21:03:07',1,NULL,NULL,2),(73,4625,7,'2022-08-27 21:13:53',1,NULL,NULL,1),(74,4453,8,'2022-10-08 13:56:45',1,NULL,NULL,2),(75,4643,8,'2022-10-08 14:07:14',1,NULL,NULL,1),(76,3008,8,'2022-10-12 12:24:39',1,NULL,NULL,1),(77,4649,8,'2022-10-14 09:32:00',1,NULL,NULL,1),(78,4653,8,'2022-10-14 15:42:00',2,NULL,NULL,1),(79,4654,8,'2022-10-14 15:52:09',1,NULL,NULL,1),(80,4,10,'2023-08-11 18:05:52',1,NULL,NULL,11),(81,163,10,'2023-08-29 15:50:07',1,NULL,NULL,1),(82,5704,10,'2023-08-31 08:54:11',1,NULL,NULL,1),(83,4,11,'2023-11-08 12:53:19',1,NULL,NULL,11),(84,6521,11,'2023-11-28 01:01:06',1,NULL,NULL,1),(85,2812,11,'2023-11-29 21:04:33',1,NULL,NULL,1),(86,4,12,'2023-12-02 14:59:10',1,NULL,NULL,15),(87,1771,12,'2023-12-06 13:34:37',1,NULL,NULL,5),(88,4,13,'2024-04-01 16:51:27',1,NULL,NULL,10),(89,6986,13,'2024-04-08 19:28:02',1,NULL,NULL,1),(90,3172,13,'2024-04-22 18:30:06',1,NULL,NULL,2),(91,6972,13,'2024-04-23 16:21:00',1,NULL,NULL,1),(92,7023,13,'2024-04-26 12:51:21',1,NULL,NULL,2),(93,2493,14,'2024-07-02 14:21:49',1,NULL,NULL,3);

--
-- Table structure for table `courses_previous`
--

CREATE TABLE `courses_previous` (
  `id` int(10) unsigned NOT NULL AUTO_INCREMENT,
  `id_course` int(10) unsigned NOT NULL,
  `id_course_previous` int(10) unsigned NOT NULL,
  `created_at` timestamp NULL DEFAULT NULL,
  `updated_at` timestamp NULL DEFAULT NULL,
  PRIMARY KEY (`id`),
  KEY `courses_previous_id_course_foreign` (`id_course`),
  KEY `courses_previous_id_course_previous_foreign` (`id_course_previous`),
  CONSTRAINT `courses_previous_id_course_foreign` FOREIGN KEY (`id_course`) REFERENCES `courses` (`id`),
  CONSTRAINT `courses_previous_id_course_previous_foreign` FOREIGN KEY (`id_course_previous`) REFERENCES `courses` (`id`)
) ENGINE=InnoDB AUTO_INCREMENT=45 DEFAULT CHARSET=utf8mb4 COLLATE=utf8mb4_unicode_ci;

--
-- Dumping data for table `courses_previous`
--

INSERT INTO `courses_previous` VALUES (1,24,6,NULL,NULL),(2,24,13,NULL,NULL),(3,24,15,NULL,NULL),(4,24,17,NULL,NULL),(5,24,18,NULL,NULL),(6,24,20,NULL,NULL),(7,24,21,NULL,NULL),(8,27,6,NULL,NULL),(9,27,13,NULL,NULL),(10,27,15,NULL,NULL),(11,27,17,NULL,NULL),(12,27,18,NULL,NULL),(13,27,20,NULL,NULL),(14,27,21,NULL,NULL),(15,27,24,NULL,NULL),(16,27,25,NULL,NULL),(17,27,26,NULL,NULL),(27,57,53,NULL,NULL),(28,58,52,NULL,NULL),(29,58,42,NULL,NULL),(30,58,34,NULL,NULL),(31,58,26,NULL,NULL),(32,58,25,NULL,NULL),(33,58,21,NULL,NULL),(34,58,20,NULL,NULL),(35,58,18,NULL,NULL),(36,58,17,NULL,NULL),(37,58,15,NULL,NULL),(38,58,13,NULL,NULL),(39,58,6,NULL,NULL),(40,62,46,NULL,NULL),(41,62,51,NULL,NULL),(42,62,53,NULL,NULL),(43,62,57,NULL,NULL),(44,62,60,NULL,NULL);

--
-- Table structure for table `courses_to_discount`
--

CREATE TABLE `courses_to_discount` (
  `id` int(10) unsigned NOT NULL AUTO_INCREMENT,
  `id_course` int(10) unsigned NOT NULL,
  `id_course_to_discount` int(10) unsigned NOT NULL,
  `created_at` timestamp NULL DEFAULT NULL,
  `updated_at` timestamp NULL DEFAULT NULL,
  PRIMARY KEY (`id`),
  KEY `courses_to_discount_id_course_foreign` (`id_course`),
  KEY `courses_to_discount_id_course_to_discount_foreign` (`id_course_to_discount`),
  CONSTRAINT `courses_to_discount_id_course_foreign` FOREIGN KEY (`id_course`) REFERENCES `courses` (`id`),
  CONSTRAINT `courses_to_discount_id_course_to_discount_foreign` FOREIGN KEY (`id_course_to_discount`) REFERENCES `courses` (`id`)
) ENGINE=InnoDB AUTO_INCREMENT=80 DEFAULT CHARSET=utf8mb4 COLLATE=utf8mb4_unicode_ci;

--
-- Dumping data for table `courses_to_discount`
--

INSERT INTO `courses_to_discount` VALUES (1,25,6,NULL,NULL),(2,25,13,NULL,NULL),(3,25,15,NULL,NULL),(4,25,17,NULL,NULL),(5,25,18,NULL,NULL),(6,25,20,NULL,NULL),(7,25,21,NULL,NULL),(8,26,25,NULL,NULL),(9,26,21,NULL,NULL),(10,26,20,NULL,NULL),(11,26,18,NULL,NULL),(12,26,17,NULL,NULL),(13,26,15,NULL,NULL),(14,26,13,NULL,NULL),(15,26,6,NULL,NULL),(16,27,24,NULL,NULL),(17,29,27,NULL,NULL),(18,29,24,NULL,NULL),(19,30,28,NULL,NULL),(20,34,6,NULL,NULL),(21,34,13,NULL,NULL),(22,34,15,NULL,NULL),(23,34,17,NULL,NULL),(24,34,18,NULL,NULL),(25,34,20,NULL,NULL),(26,34,21,NULL,NULL),(27,34,25,NULL,NULL),(28,34,26,NULL,NULL),(29,35,28,NULL,NULL),(30,35,30,NULL,NULL),(31,40,28,NULL,NULL),(32,40,30,NULL,NULL),(33,40,35,NULL,NULL),(34,42,34,NULL,NULL),(35,42,26,NULL,NULL),(36,42,25,NULL,NULL),(37,42,21,NULL,NULL),(38,42,20,NULL,NULL),(39,42,18,NULL,NULL),(40,42,17,NULL,NULL),(41,42,15,NULL,NULL),(42,42,13,NULL,NULL),(43,42,6,NULL,NULL),(44,48,28,NULL,NULL),(45,48,30,NULL,NULL),(46,48,35,NULL,NULL),(47,48,40,NULL,NULL),(48,52,42,NULL,NULL),(49,52,34,NULL,NULL),(50,52,26,NULL,NULL),(51,52,25,NULL,NULL),(52,52,21,NULL,NULL),(53,52,20,NULL,NULL),(54,52,18,NULL,NULL),(55,52,17,NULL,NULL),(56,52,15,NULL,NULL),(57,52,13,NULL,NULL),(58,52,6,NULL,NULL),(59,55,28,NULL,NULL),(60,55,30,NULL,NULL),(61,55,35,NULL,NULL),(62,55,40,NULL,NULL),(63,55,48,NULL,NULL),(64,57,53,NULL,NULL),(65,58,29,NULL,NULL),(66,58,27,NULL,NULL),(67,58,24,NULL,NULL),(68,61,52,NULL,NULL),(69,61,42,NULL,NULL),(70,61,34,NULL,NULL),(71,61,26,NULL,NULL),(72,61,25,NULL,NULL),(73,61,21,NULL,NULL),(74,61,20,NULL,NULL),(75,61,18,NULL,NULL),(76,61,17,NULL,NULL),(77,61,15,NULL,NULL),(78,61,13,NULL,NULL),(79,61,6,NULL,NULL);

--
-- Table structure for table `favoritos`
--

CREATE TABLE `favoritos` (
  `id` int(10) unsigned NOT NULL AUTO_INCREMENT,
  `id_articulo` int(10) unsigned NOT NULL,
  `id_user` int(10) unsigned NOT NULL,
  `created_at` timestamp NULL DEFAULT NULL,
  `updated_at` timestamp NULL DEFAULT NULL,
  PRIMARY KEY (`id`),
  KEY `favoritos_id_articulo_foreign` (`id_articulo`),
  KEY `favoritos_id_user_foreign` (`id_user`),
  CONSTRAINT `favoritos_id_articulo_foreign` FOREIGN KEY (`id_articulo`) REFERENCES `articulos` (`id`),
  CONSTRAINT `favoritos_id_user_foreign` FOREIGN KEY (`id_user`) REFERENCES `users` (`id`)
) ENGINE=InnoDB AUTO_INCREMENT=66 DEFAULT CHARSET=utf8mb4 COLLATE=utf8mb4_unicode_ci;

--
-- Dumping data for table `favoritos`
--

INSERT INTO `favoritos` VALUES (1,1,1800,NULL,NULL),(2,1,1247,NULL,NULL),(3,1,1396,NULL,NULL),(4,1,1118,NULL,NULL),(5,1,1700,NULL,NULL),(6,1,870,NULL,NULL),(7,1,2133,NULL,NULL),(8,1,2147,NULL,NULL),(9,1,2405,NULL,NULL),(10,1,1980,NULL,NULL),(11,1,2472,NULL,NULL),(12,1,2823,NULL,NULL),(13,1,2669,NULL,NULL),(14,1,2435,NULL,NULL),(15,1,31,NULL,NULL),(16,1,2662,NULL,NULL),(17,1,2414,NULL,NULL),(18,1,2976,NULL,NULL),(19,1,1493,NULL,NULL),(20,1,1928,NULL,NULL),(21,1,253,NULL,NULL),(22,1,300,NULL,NULL),(23,1,2247,NULL,NULL),(24,1,3163,NULL,NULL),(25,1,3179,NULL,NULL),(26,1,3184,NULL,NULL),(27,1,2500,NULL,NULL),(28,1,3564,NULL,NULL),(29,1,2972,NULL,NULL),(30,1,3470,NULL,NULL),(31,1,4293,NULL,NULL),(32,1,3659,NULL,NULL),(33,1,1496,NULL,NULL),(34,1,4609,NULL,NULL),(35,1,3153,NULL,NULL),(36,1,1798,NULL,NULL),(37,1,4724,NULL,NULL),(38,1,4083,NULL,NULL),(39,1,4903,NULL,NULL),(40,1,3200,NULL,NULL),(41,1,4897,NULL,NULL),(42,1,4680,NULL,NULL),(43,1,5508,NULL,NULL),(44,1,6121,NULL,NULL),(45,1,5940,NULL,NULL),(46,1,5627,NULL,NULL),(47,1,5404,NULL,NULL),(48,1,587,NULL,NULL),(49,1,6459,NULL,NULL),(50,1,5378,NULL,NULL),(51,1,5651,NULL,NULL),(52,1,5541,NULL,NULL),(53,1,6725,NULL,NULL),(54,1,6666,NULL,NULL),(55,1,5973,NULL,NULL),(56,1,6512,NULL,NULL),(57,1,2027,NULL,NULL),(58,1,5412,NULL,NULL),(59,1,2486,NULL,NULL),(60,1,2363,NULL,NULL),(61,1,2782,NULL,NULL),(62,1,6750,NULL,NULL),(63,1,1453,NULL,NULL),(64,1,6981,NULL,NULL),(65,1,4795,NULL,NULL);

--
-- Table structure for table `image_chapters`
--

CREATE TABLE `image_chapters` (
  `id` int(10) unsigned NOT NULL AUTO_INCREMENT,
  `url` varchar(255) COLLATE utf8mb4_unicode_ci NOT NULL,
  `idCapitulo` int(10) unsigned NOT NULL,
  `idTipo` int(10) unsigned NOT NULL,
  PRIMARY KEY (`id`),
  KEY `image_chapters_idcapitulo_foreign` (`idCapitulo`),
  KEY `image_chapters_idtipo_foreign` (`idTipo`),
  CONSTRAINT `image_chapters_idcapitulo_foreign` FOREIGN KEY (`idCapitulo`) REFERENCES `chapters` (`id`),
  CONSTRAINT `image_chapters_idtipo_foreign` FOREIGN KEY (`idTipo`) REFERENCES `image_types` (`id`)
) ENGINE=InnoDB AUTO_INCREMENT=1225 DEFAULT CHARSET=utf8mb4 COLLATE=utf8mb4_unicode_ci;

--
-- Dumping data for table `image_chapters`
--

INSERT INTO `image_chapters` VALUES (1,'public/curso/3/capitulo/4/imagen/3/PZCRk9hiFtKD7ucoVc1HqlaYPc6eDfkgWrxAMvRs.jpeg',4,3),(2,'public/curso/3/capitulo/4/imagen/4/RoxaPmhDDt4uTwZsf3dqqzQG02Uqc5fUtGeHiD1r.jpeg',4,4),(3,'public/curso/4/capitulo/5/imagen/1/BKZZkxz8Sg4iQ7dA8pIaL45HXi4uxOYe7OfmkXsS.png',5,4),(4,'public/curso/4/capitulo/6/imagen/3/zPim6b0JDoN0alUeczrz9ior9epSMVDOL2B2rs1A.jpeg',6,3),(5,'public/curso/4/capitulo/6/imagen/4/cNB8627o1AfT49LXUtie0RNkSr58wrrpfbHYS1u9.jpeg',6,4),(6,'public/curso/4/capitulo/7/imagen/3/2xZbr1LOynBOxqD1RbWszFjaaQahZc0vtKgeZ6Y7.jpeg',7,3),(7,'public/curso/4/capitulo/7/imagen/4/LOWcfoWiY689uVNEUzwCgar8zwPcTJkXDsJyAsKo.jpeg',7,4),(8,'public/curso/4/capitulo/8/imagen/3/kFQfENgMvsdT0kuBmpee9szyKFLB2USd71wJVqwH.jpeg',8,3),(9,'public/curso/4/capitulo/8/imagen/4/LRoyozeUTxNvKeCssmHIuZNbhZgug9yXHY00RnIH.jpeg',8,4),(10,'public/curso/4/capitulo/9/imagen/3/Z3RTdevJhZ7s5bFKUXVdpa4QCVOf5NF8arX8xbM4.jpeg',9,3),(11,'public/curso/4/capitulo/9/imagen/4/8mErNgBN6kLIbGXELddh49NmMRCj1BS8hLytykTm.jpeg',9,4),(12,'public/curso/4/capitulo/10/imagen/3/3JrhG9LDkhn2NlXkVFU8T1W55b7j0SIyHQhRp7vn.jpeg',10,3),(13,'public/curso/4/capitulo/11/imagen/3/Ung7Gi5lLypjBZk6VyhIYvHzfQbV2IXyxZIIxmEA.jpeg',11,3),(14,'public/curso/4/capitulo/11/imagen/4/yjcbb52MhUIvPbLZRXr8lkTqWfsBFflM6SNlX7om.jpeg',11,4),(15,'public/curso/5/capitulo/12/imagen/1/sKc2yvgdw2A6nSt5CRiVWkOG5zxZDQhabOJqIqBj.png',12,4),(16,'public/curso/5/capitulo/13/imagen/3/UI2Tgm4mqQsQ0zI4RrcF73fnlac3iHDCQnEguB9Q.jpeg',13,3),(17,'public/curso/5/capitulo/13/imagen/4/Qt18fVApUfjPJntcyhTwSIvCeAfDgxQ9QHs82g69.jpeg',13,4),(18,'public/curso/5/capitulo/14/imagen/3/vOjaGhJ0240Q2y8we8NgT1fPzWtAjaM6XG4ouE2h.jpeg',14,3),(19,'public/curso/5/capitulo/14/imagen/4/jfzNjx9XC5iSrJIghOTTBIpP6sIkEa5IGwMoV9Ur.jpeg',14,4),(20,'public/curso/4/capitulo/17/imagen/3/0FsgjyVnXTz9pX0TYP5cTMxGAm6XVhP3YNsvnm1S.jpeg',17,3),(21,'public/curso/4/capitulo/17/imagen/4/d8d24fRAJvJERG2S3FK8HvcmsdgDn6PjLEagBg5G.jpeg',17,4),(22,'public/curso/6/capitulo/18/imagen/1/U0DpjIhIXapfL0klEY4hZ8e3m3VZIxIOVHAkPKk5.jpg',18,4),(23,'public/curso/7/capitulo/19/imagen/1/4i8ry66lLmUTVVAvCBp2iVv2CoxMLMYUfRDstWca.png',19,4),(24,'public/curso/7/capitulo/20/imagen/3/6TN2A921w9cygR6bZozLF5MHhjfR5cGXxjFpYAg0.jpeg',20,3),(25,'public/curso/7/capitulo/20/imagen/4/WFiH30FuXCElO1xySY6eC9XzgW6iUhTmibEnhPGy.jpeg',20,4),(26,'public/curso/8/capitulo/21/imagen/1/gbDQrxZcb15Oxjrs0ttXYEMvklAnTNBkZSU2IAhh.png',21,4),(27,'public/curso/8/capitulo/22/imagen/3/QdKS9dYg1LkGXUHwlV7WRfBy0So4dFXMYVlCWj1D.jpeg',22,3),(28,'public/curso/8/capitulo/22/imagen/4/eDc9AOXo6moHOZ4Rlo5gwxP2zjplQvOHcsCDkQGQ.jpeg',22,4),(29,'public/curso/8/capitulo/23/imagen/3/bkozQvrv7BQkcznoS0Nh7qhdxceq9j48dt1lwrHu.jpeg',23,3),(30,'public/curso/8/capitulo/23/imagen/4/4J7MrABF0iV3INj1fF1SMG2nD4gFuCZTKpXunlCH.jpeg',23,4),(31,'public/curso/6/capitulo/24/imagen/3/ABgsXehuVy95EVhpbXc4kipENWmt1QfNJH7cWwIX.jpeg',24,3),(32,'public/curso/6/capitulo/24/imagen/4/QsrzExMq7dQFmOeBdNfAilq2nysPQmmZfOpCbJyg.jpeg',24,4),(33,'public/curso/6/capitulo/25/imagen/3/1Tc80jYi7v1tvvSsduGA8IRbxVoH8u7NHl52D3HQ.jpeg',25,3),(34,'public/curso/6/capitulo/25/imagen/4/co9xRKZCj8RWNqZpYvDzNd9ZWP1bCT9tqs4LStzK.jpeg',25,4),(35,'public/curso/6/capitulo/26/imagen/3/dtrRU0BfmpernXf2AutNeIb0uQzqSOvD3WuIsqsT.jpeg',26,3),(36,'public/curso/6/capitulo/26/imagen/4/z8CQBdoVCPONMsmPmM39Z2bJdeu0WRLoAdsp3LpR.jpeg',26,4),(37,'public/curso/6/capitulo/27/imagen/3/LrI2OSYJeALE3iaMeYWvlEh1ctk5Iu7o0mSeFGXV.jpeg',27,3),(38,'public/curso/6/capitulo/27/imagen/4/IxlKQo3u2TqxG5q2oNXzwYpie2svM2IyQDHfXIvp.jpeg',27,4),(39,'public/curso/6/capitulo/28/imagen/3/DpPvzziKGVHcBEFnoKVeVYcVMKXMTlmEHN9VUwjI.jpeg',28,3),(40,'public/curso/6/capitulo/28/imagen/4/MmSjeWQDRdup9PDnk3MFZAdfqegQDqQlN6832GSH.jpeg',28,4),(41,'public/curso/6/capitulo/29/imagen/3/1Hk5a5Nx7MFcFf5tHBJetBCmc0NHWnN6VaF2qAPd.jpeg',29,3),(42,'public/curso/6/capitulo/29/imagen/4/qKvrSI1lgoz3dRgvjuaC7cHZJISiHhc399oOw8FU.jpeg',29,4),(43,'public/curso/6/capitulo/30/imagen/3/tKXoKtcOe7F0spV45XGqzJgc7mH8LfmdY8UJdlP4.jpeg',30,3),(44,'public/curso/6/capitulo/30/imagen/4/us91h1WjmhPUrZmhQ78Og11L6KV6wrMj27ynLdci.jpeg',30,4),(45,'public/curso/6/capitulo/31/imagen/3/RDM60zV49i2THs6A3nptBCIWDSHaB5MnztRwNX1L.jpeg',31,3),(46,'public/curso/6/capitulo/31/imagen/4/2c3daemL5FQjZhuGNv1X3hoNVxgoiiWuMh6Jyz63.jpeg',31,4),(47,'public/curso/9/capitulo/32/imagen/1/ImgBannerMaster.png',32,4),(50,'public/curso/6/capitulo/34/imagen/3/9bd2gHqLO4KIWcPX53CmmbjCgRSsp8wXw9LCcCeR.jpeg',34,3),(51,'public/curso/6/capitulo/34/imagen/4/ZNxTi7EOufi8Gt35V6liwJUHLap1Y4J78ocRMI7A.jpeg',34,4),(52,'public/curso/6/capitulo/35/imagen/3/WQCu4ybheOpf3kVzKVITXlkh7Xdgjg2xmbVmLSK9.jpeg',35,3),(53,'public/curso/6/capitulo/35/imagen/4/Yol8GvkfiN6F3o8Hsw8Q1S6DPmDAvqFMkFrIi6uw.jpeg',35,4),(54,'public/curso/10/capitulo/36/imagen/1/T7QHdrwVgmqw86U1VoeDnfA458YOmZyZtJBys7PK.jpeg',36,4),(55,'public/curso/11/capitulo/37/imagen/1/Zz73q841iuPOQ6RtwAlKP4TPoRAWrSB9Xabsd1QA.jpeg',37,4),(56,'public/curso/11/capitulo/38/imagen/3/DRojuffJhYQlHGV2NIWU6WMDDljhWI6J1ypPcKr8.jpeg',38,3),(57,'public/curso/11/capitulo/38/imagen/4/tHmcJwmcjZO0mRc4ISVJJ0izrAOVmQ2F4QkSJ7E9.jpeg',38,4),(58,'public/curso/10/capitulo/39/imagen/3/6epLvIe5B2cndnezfOJ0QYRq5oUAUINMflxbbsja.jpeg',39,3),(59,'public/curso/10/capitulo/39/imagen/4/U2M3l37oD9AdCI4LAEXUmRqe1UzSCSWzD15fDfQZ.jpeg',39,4),(60,'public/curso/6/capitulo/40/imagen/3/hqFLImysyQ6igyihwNdSQEUbsjP0QtQ8C3qh7l1b.jpeg',40,3),(61,'public/curso/6/capitulo/40/imagen/4/OEsH1RX6BFeYi9dQNnmrSuPhaItVMLQgrWqrQ759.jpeg',40,4),(62,'public/curso/6/capitulo/41/imagen/3/QLtMrcWuJBn7GnP3P5idT2ihpVKwz6qSYm19wLrH.jpeg',41,3),(63,'public/curso/6/capitulo/41/imagen/4/0mFETGOWzoBDCtuKW5iDnxqhhs1eZ0EcmyrsuIfs.jpeg',41,4),(64,'public/curso/6/capitulo/42/imagen/3/AZFnEkaMOLtMthYYwCeBhhanFAmkRA5pTCRnBwAi.jpeg',42,3),(65,'public/curso/6/capitulo/42/imagen/4/YXF6URs1n5RbSaiXiejVh9bl8YyQph8oHpSc6Prk.jpeg',42,4),(66,'public/curso/6/capitulo/43/imagen/3/sFLXohnnDinHso1nTVY7NhjGEo1gT17Zl5LNnY4Q.jpeg',43,3),(67,'public/curso/6/capitulo/43/imagen/4/13RasN0eRZRaMyj2ZeUBYfWCd4ldoD4juLxf3ThX.jpeg',43,4),(68,'public/curso/6/capitulo/43/imagen/3/INFJtXP6y4o6EMODDKof9xaPetyczYkOpzfOTetQ.jpeg',43,3),(69,'public/curso/6/capitulo/43/imagen/4/7vTzFKSScrwRVHJ2N8gujm2Ho1ed4tbCuYFAj8G3.jpeg',43,4),(70,'public/curso/6/capitulo/44/imagen/3/332BHwXiFsA6K7wcN5DsPPMUSQUGhGL9pX2TJmxV.jpeg',44,3),(71,'public/curso/6/capitulo/44/imagen/4/oDKJScFssN3lpMLG7ihsLFwWpUP1e45gTIECkodX.jpeg',44,4),(72,'public/curso/6/capitulo/45/imagen/3/V43xrzZxlwKtZclk8xCVjmUcarzxKycGw0VoTG4z.jpeg',45,3),(73,'public/curso/6/capitulo/45/imagen/4/36OqAXqgwOBRNMzMsNBnNdEpn39patPcPy2VOvgV.jpeg',45,4),(74,'public/curso/6/capitulo/46/imagen/3/q6JlGRGAOrhrbhk5fVWpHfNAM9rGJXbDcHtPZqJJ.jpeg',46,3),(75,'public/curso/6/capitulo/46/imagen/4/NAcM2V2kGK08w6QQca4h9exbsf0CqKHCi91T351c.jpeg',46,4),(76,'public/curso/6/capitulo/47/imagen/3/ilbIWsmCsmg9QXIXH8TPk7yL19gA9rzbPK8x5Wcp.jpeg',47,3),(77,'public/curso/6/capitulo/47/imagen/4/YYHeCcvfFyuZOuWGvp1mGDjaSnAFMjQ63h20b3oB.jpeg',47,4),(78,'public/curso/6/capitulo/48/imagen/3/nBx4HWeB6T1Un8V6bDPJBex4EcCi1G8SVr6PXrwy.jpeg',48,3),(79,'public/curso/6/capitulo/48/imagen/4/LsGZd0kTVurBssfRsABAVkh5bo7FZP2oLdk56Uyv.jpeg',48,4),(80,'public/curso/6/capitulo/49/imagen/3/3Kxl6bvQos88CSrvmCpFNtn6a372rgYwp5SxU6Jq.jpeg',49,3),(81,'public/curso/6/capitulo/49/imagen/4/NfJGUP3yZoxfvRBqWVZWaIe2gAwWb4SqjU8IXIN0.jpeg',49,4),(82,'public/curso/6/capitulo/50/imagen/3/GjHthdcZLUjNf0JPSXuoCNdCxrIrhHGXDdyDXlQa.jpeg',50,3),(83,'public/curso/6/capitulo/50/imagen/4/PoMr8xfEwGjzvi5QFeSgKQ8SikhbBxcCQLiwuUD6.jpeg',50,4),(84,'public/curso/6/capitulo/51/imagen/3/oDV1fAvwhiiYzXuc9pJP1GLaJnL26JvX59WJhRMI.jpeg',51,3),(85,'public/curso/6/capitulo/51/imagen/4/QDBtmV9eSE15lLQCibxqaAikfWij9LvAi7Ko5QFw.jpeg',51,4),(86,'public/curso/6/capitulo/52/imagen/3/RPn1PJYoy9wGaTGzG4Fpr17lPNMNBuKQajY96WHN.jpeg',52,3),(87,'public/curso/6/capitulo/52/imagen/4/z9qITllVJtnmKWWW1TkhMTDR7IgoKwNluq200jxl.jpeg',52,4),(88,'public/curso/6/capitulo/53/imagen/3/wV7lAnSGwOCQvlRTIIXIrvYospsDy5eTXAzg2Csv.jpeg',53,3),(89,'public/curso/6/capitulo/53/imagen/4/7SUkAARDIUSbGdqNbSjlNElKOpNfjZr01BiP5ijv.jpeg',53,4),(90,'public/curso/12/capitulo/54/imagen/1/r2VaXok4YQJSUnvUEWW86HW047hNakBTx0syEatY.png',54,4),(91,'public/curso/13/capitulo/55/imagen/1/PKrIjFG9lMEJ9Fj6Z3ODqL0GqkLm9nZm6u2hYAgv.jpeg',55,4),(92,'public/curso/14/capitulo/56/imagen/1/wjncVXubuFiA0xU9xVT3N4ODQYcHpwNgME3Hcz0r.jpeg',56,4),(93,'public/curso/13/capitulo/57/imagen/3/kKhCBXW9wWf5w4ssBcj4Sckcn4e5bSOs2bHbzhox.jpeg',57,3),(94,'public/curso/13/capitulo/57/imagen/4/zYvF8MYKKVtomQDXZzrI1x3IyC7EW58W2wuRjih6.jpeg',57,4),(95,'public/curso/13/capitulo/58/imagen/3/aWJaeyRP61PCDqZkFunz2ArFBGR3iadaz5LNJ9LG.jpeg',58,3),(96,'public/curso/13/capitulo/58/imagen/4/rO5D2X4Vv7a0oyStzGRTpTopnpHbqjmeTWqki0Lr.jpeg',58,4),(97,'public/curso/14/capitulo/59/imagen/3/vRz5s3EcrRzQmbVEXmpn50Zoysgli4GIoDooUbgu.jpeg',59,3),(98,'public/curso/14/capitulo/59/imagen/4/4JKJjZRN1BY1yJgBG7herOuFCN9VpDSEqgeRjcBx.jpeg',59,4),(99,'public/curso/14/capitulo/59/imagen/3/ixiX1AW6VHBYwKtAjtesuuYsbu8BwqWgTALM9BRu.jpeg',59,3),(100,'public/curso/14/capitulo/60/imagen/3/nLU9JaGw0yknhNaErSmvKDVb7d5Zq8X9Gv3aqSJt.jpeg',60,3),(101,'public/curso/14/capitulo/60/imagen/4/RGsawXjgqPrMcvrroyEmhZ4cse6TiFaNJMJ6TFyB.jpeg',60,4),(102,'public/curso/13/capitulo/57/imagen/4/NwTtzxBaOAhENL5E55p0fXZxzKxeRtC29dUjiP6f.jpeg',57,4),(103,'public/curso/13/capitulo/57/imagen/3/HQxn5CaLWqLyLMENSr4tdD3bM4YbLpbph0wfti8E.jpeg',57,3),(104,'public/curso/13/capitulo/61/imagen/3/GMwB14CofQ4TiwqD2XAhyf66iq2qthX1w1liQ9M8.jpeg',61,3),(105,'public/curso/13/capitulo/61/imagen/4/sAyJRye1AUbTwsV2ybU4bcnXMEeR5qrHPIKMTTae.jpeg',61,4),(106,'public/curso/13/capitulo/61/imagen/3/EYccsCLei4UO6NfJSEO7c5FcL5LO2yy2yFuX79Ru.jpeg',61,3),(107,'public/curso/13/capitulo/61/imagen/4/AAsj1WZvvc9XQkDz9npX8kSWunXV6OhnmPUqxhIj.jpeg',61,4),(108,'public/curso/13/capitulo/61/imagen/3/wOKLHoYTwyhScE67wqD2vBDhD6n79ttzlnUlodPt.jpeg',61,3),(109,'public/curso/13/capitulo/61/imagen/4/wzq9FmZcnwlWyMkj4pZcaFMucXne6Zevj39sH1gO.jpeg',61,4),(110,'public/curso/13/capitulo/61/imagen/3/xJloAhTbdOcOI1h47mxUxEgtkwoBiOFClN47BF2z.jpeg',61,3),(111,'public/curso/13/capitulo/61/imagen/4/7G8uufdpMyJ3eNE2swmwbgLH112RnvzMh7gV4Iqc.jpeg',61,4),(112,'public/curso/13/capitulo/63/imagen/3/U5AXBkyqtCo3aV9cZ1GhrpP7Yt1ji7BzpvdAfV1H.jpeg',63,3),(113,'public/curso/13/capitulo/63/imagen/4/AM7da33mCLVSwhMwfE8XnruaGQYL4idyQ8Z70Uyq.jpeg',63,4),(114,'public/curso/13/capitulo/67/imagen/3/kQtMv6R546WOAlZ5zTiE3ELJSgryz057d5gj1Cvw.jpeg',67,3),(115,'public/curso/13/capitulo/67/imagen/4/KZx5CcfOKw6U8Era7hFEyIfekgUQoqf0hODth7Ol.jpeg',67,4),(116,'public/curso/13/capitulo/68/imagen/3/WrTWmh3nBEeoSaxBiAGeWotKxxsdKJJRTfH9QlMy.jpeg',68,3),(117,'public/curso/13/capitulo/68/imagen/4/wVtuCrquh2dJKwirqwm3QTGJMNGhUyPomV1XCpeA.jpeg',68,4),(118,'public/curso/13/capitulo/69/imagen/3/aMNZbhBFsLbWFyCqBc1SxFB99dKAuQ8AVtMuePkP.jpeg',69,3),(119,'public/curso/13/capitulo/69/imagen/4/jz9jSOwYNfknlpTeBUc4puIfRERvtwJEM44V0h2X.jpeg',69,4),(120,'public/curso/13/capitulo/70/imagen/3/u7UJkOSBv593V8eqRlQORwuC28cshCcFLbpv2O11.jpeg',70,3),(121,'public/curso/13/capitulo/70/imagen/4/1ZjhlzdnYODj1ETxYPT2Wb3agQb1rfz21E0yBxu5.jpeg',70,4),(122,'public/curso/13/capitulo/71/imagen/3/hCPcNELgVzRTxbyP5pJqSwnIYekhhDDz2gHVelVt.jpeg',71,3),(123,'public/curso/13/capitulo/71/imagen/4/iRnobuR5F3ahHsthaJQYYtfPPa7x19Dw2fWxoGrZ.jpeg',71,4),(124,'public/curso/13/capitulo/71/imagen/3/KiqO7yJT1gac5wq7cI7pzaQM7Mwfwhi5FKNtvFj2.jpeg',71,3),(125,'public/curso/13/capitulo/71/imagen/4/bqaln8uz7ASKcq5ClJ7AOFa9jrRDMz0xLZceNvsw.jpeg',71,4),(126,'public/curso/13/capitulo/72/imagen/3/Qe17mvWtwaW1rLF8wJPORqUjjsXItFZH7k11qOuJ.jpeg',72,3),(127,'public/curso/13/capitulo/72/imagen/4/VGMMIg4X3oHInwZmubrTPbTGyyR9NmEmi7eIePFf.jpeg',72,4),(128,'public/curso/13/capitulo/73/imagen/3/a31rm35fth8jKP0cWxB8eZyjOPGI2TgBmctPiiMc.jpeg',73,3),(129,'public/curso/13/capitulo/73/imagen/4/arRwFa3I0EJthNW4PvpLjBPIqtuAXPOO9aSlbAqg.jpeg',73,4),(130,'public/curso/13/capitulo/74/imagen/3/IwBkaSS8yWEzCHyCK1779LnRLagYUibn6rbPEZpb.jpeg',74,3),(131,'public/curso/13/capitulo/74/imagen/4/MHifgMtppLNwqIjwhyHwxKs57B1akI8O6jlqjb67.jpeg',74,4),(132,'public/curso/13/capitulo/75/imagen/3/25ptbP3RwyTKZYTshdinsYzPkOXgalsRjRWOilkx.jpeg',75,3),(133,'public/curso/13/capitulo/75/imagen/4/4cxupOxhNOWzGVBJOEWVYwIcatTzssdyeOY0sKdl.jpeg',75,4),(134,'public/curso/13/capitulo/76/imagen/3/xlubLMwbL84s76H7sjgoH7ncZhmZsHPnPnVGecw6.jpeg',76,3),(135,'public/curso/13/capitulo/76/imagen/4/gT7QQ08WGUYOpcXhQhjJpk6frn1OvNqA7zrsizz1.jpeg',76,4),(136,'public/curso/13/capitulo/77/imagen/3/tkZuP0HT0ecPWPPlv3T3EeHjdPW4cNFHMX5Kptud.jpeg',77,3),(137,'public/curso/13/capitulo/77/imagen/4/E0IxS2ncsnwO6cG15gSHXkTWSzTDxeXasPcE8tl9.jpeg',77,4),(138,'public/curso/13/capitulo/78/imagen/3/63YLj6Hhmbeh3rffgTiVcWNIH6LsuYqDDYcWvQwd.jpeg',78,3),(139,'public/curso/13/capitulo/78/imagen/4/BT5X2AkERcTBPrByWbuynvGgqASIY5dE2GNUjo36.jpeg',78,4),(144,'public/curso/15/capitulo/80/imagen/1/gH1Gqq1CXm5upWNJ3xQkMmVbxMuUKljaQdSzVwui.jpeg',80,4),(149,'public/curso/13/capitulo/79/imagen/3/UgfbIYHhuqjMHuEba3zkz6y7Kkg5bhb365KgGjQw.jpeg',79,3),(150,'public/curso/13/capitulo/79/imagen/4/wjztmeu0vZOZtU5686ewV2w0kAuWDIhK2UxZobWl.jpeg',79,4),(151,'public/curso/13/capitulo/81/imagen/3/KsnGkOr5hTUfXswKvBCEkelEPC7LR0KCzlTsyote.jpeg',81,3),(152,'public/curso/13/capitulo/81/imagen/4/HsJprGYrjis6ZW4QhHOLTIEWxgxIuOdcyJ5uZsKi.jpeg',81,4),(155,'public/curso/13/capitulo/82/imagen/3/WW27r8k6YhaE9MfxYTGrAOHM6S93xdtVE4w5qzEn.jpeg',82,3),(156,'public/curso/13/capitulo/82/imagen/4/HJRArTdNicdfMYwnXzgl5mEHv3iCF2ql41KNzRIM.jpeg',82,4),(157,'public/curso/13/capitulo/83/imagen/3/lWegNdrmUxXsPY2TD7QHHLd4BJIteIFdHqkvNTsk.jpeg',83,3),(158,'public/curso/13/capitulo/83/imagen/4/A0Jc0mnPlkAlLYJwOpiVBdSWgqtJDrEcSZzaRb5j.jpeg',83,4),(159,'public/curso/13/capitulo/84/imagen/3/H2GPmZ2lIz12cokzBoIncD5jMotP18jUcjp0jrN7.jpeg',84,3),(160,'public/curso/13/capitulo/84/imagen/4/Dsj7W0QTKCaepu8FJh88m387QwIf5ZYm0nyoMDTH.jpeg',84,4),(161,'public/curso/13/capitulo/85/imagen/3/AKF9WQooI615l7RlA0Kj58Ipo1Rp2iyHXaigbslB.jpeg',85,3),(162,'public/curso/13/capitulo/85/imagen/4/EzBJB5CN844eowXV0g8sC3IIpueDgXVuAhsdWwIY.jpeg',85,4),(163,'public/curso/13/capitulo/86/imagen/3/5Ymna9o3hCS0B2gPFgbG42933EZQAmhuKJE6DQBi.jpeg',86,3),(164,'public/curso/13/capitulo/86/imagen/4/PrR2xQDZAilpqGewNmAJe9myOaZiHDKuGb2CqBCH.jpeg',86,4),(165,'public/curso/13/capitulo/87/imagen/3/YuciSVXVUnrMtQTWmPNwzQHPI7Iaa7tNjbHBKHlI.jpeg',87,3),(166,'public/curso/13/capitulo/87/imagen/4/ABdR3pQhUZhi3gRlHlpGFeJ4oanq6oDe0PnvS2Zv.jpeg',87,4),(167,'public/curso/15/capitulo/88/imagen/3/1m03CBVoZ5y9bNzzS55U2ZIpSRING26O8L0wFAoB.jpeg',88,3),(168,'public/curso/15/capitulo/88/imagen/4/Wm1KqHP3aSpTv9EuIl6jFe4RO6nuLraPolnqsEvk.jpeg',88,4),(169,'public/curso/15/capitulo/89/imagen/3/b4La3W2maFFrimNWpjhZcXVGmbwKwhwDjjiVk39j.jpeg',89,3),(170,'public/curso/15/capitulo/89/imagen/4/qll1Hn3fGUPvjO75ndPQKNpKs1RN5NMCl7d8shI3.jpeg',89,4),(171,'public/curso/15/capitulo/90/imagen/3/YKmqI7TZ4TiSx5oepp9KtMhCQ4cWbvZKKZYCWPKo.jpeg',90,3),(172,'public/curso/15/capitulo/90/imagen/4/3Ki47rV1Ut9igCqtpLmmukYGGdyFQEaC9Tp6iNzy.jpeg',90,4),(173,'public/curso/15/capitulo/91/imagen/3/9zvY2l6evFS9UlGZBkjjzb8xDh1iA1v8sZSSSQ1y.jpeg',91,3),(174,'public/curso/15/capitulo/91/imagen/4/cg2lvQDrwHUHp7tBTSANH5L0vmWaDiZQVT6UTceA.jpeg',91,4),(175,'public/curso/15/capitulo/92/imagen/3/OvhdL1dct0tm3Uf93Cap44JH4QBMKwhTIBfNtWm2.jpeg',92,3),(176,'public/curso/15/capitulo/92/imagen/4/2cTFlb1uwHnn24hphweCiUbRJj3dK2HhclgWXp29.jpeg',92,4),(177,'public/curso/15/capitulo/93/imagen/3/rtAfsJiw2Vapd9WZ6aKmmrcxukXvd6VYFcnpV9Qn.jpeg',93,3),(178,'public/curso/15/capitulo/93/imagen/4/SESXjCgZQigfmZWMjbjtWIWBEO63xZjN7MRxnYgW.jpeg',93,4),(179,'public/curso/15/capitulo/94/imagen/3/f3OpB8bqitEQWXsECPwmEjrf0Hhav3rZbASqxakN.jpeg',94,3),(180,'public/curso/15/capitulo/94/imagen/4/Yb7HcvJ6rT85lwAu64wpqdJCZT9avGtyfVWZUiN4.jpeg',94,4),(181,'public/curso/15/capitulo/95/imagen/3/csm9dAUdGg5CDGhMwsoRr8nDu1CAloxFqefLDWoQ.jpeg',95,3),(182,'public/curso/15/capitulo/95/imagen/4/JS7TWQ20exu17pfUW129sfHysoL0q3TT86dixqw7.jpeg',95,4),(183,'public/curso/15/capitulo/96/imagen/3/2oOYr6kChTyYgRW4ZtTC5L2WNb0mwsDUfdFuxY6e.jpeg',96,3),(184,'public/curso/15/capitulo/96/imagen/4/xO2s8jYtE23qGTellUO3cNyVPOcKf057n2N4137u.jpeg',96,4),(185,'public/curso/15/capitulo/97/imagen/3/joIQtyWCpl7pVe9TETkCswinzNcdmp40g0yuxWwl.jpeg',97,3),(186,'public/curso/15/capitulo/97/imagen/4/8PWHix3qeCaQsS9kIoQtYZ9l8rVoPA7obHzroJ5i.jpeg',97,4),(187,'public/curso/15/capitulo/98/imagen/3/7DchPXsXc8UlO8e06bFlPtcrRMWUVUXMKFK6tguM.jpeg',98,3),(188,'public/curso/15/capitulo/98/imagen/4/WripXHTaeiDd8qNCDBTh5h8UAAlrW6lXGUbgGfcu.jpeg',98,4),(189,'public/curso/15/capitulo/99/imagen/3/TOVETSZ95tK3EZ6T6gqH6dPeaOOl5aNpbfHqln2C.jpeg',99,3),(190,'public/curso/15/capitulo/99/imagen/4/yUqnSjDd3sFlVSufmGOnXp1kns835S7aK4AvuTaM.jpeg',99,4),(191,'public/curso/15/capitulo/100/imagen/3/XXrjBhcUavVtFsNu7MXzaOc6GGtwY8dKolZ9OPo5.jpeg',100,3),(192,'public/curso/15/capitulo/100/imagen/4/36MNtRLN7M191c2VYaMrMzzIzTmBOXQ0IUcoyn1g.jpeg',100,4),(193,'public/curso/15/capitulo/101/imagen/3/ZDTLFFEwnkIXUTkkkWr9v4WYgBkLsAIH7KTFL1Rf.jpeg',101,3),(194,'public/curso/15/capitulo/101/imagen/4/dmDkIrf3axXgZ7gUNSYdY0CKSTRSYPS24AJxe9IE.jpeg',101,4),(196,'public/curso/17/capitulo/103/imagen/1/7UdCprPDLKhiB73PFXE5Al8wMcdAa3DW2bm98b2w.jpeg',103,4),(197,'public/curso/15/capitulo/104/imagen/3/woKttIuV8cPccACNkEmdlcL0hNui83s1LeV7lZBe.jpeg',104,3),(198,'public/curso/15/capitulo/104/imagen/4/aswyzXJNqCaFnm8wCZZwn6Sc4nnjFOkqjAiHsXml.jpeg',104,4),(199,'public/curso/15/capitulo/105/imagen/3/uNAfVEnLOgTNc2hB6S9oFusRJw02GpmLTfJNf4IO.jpeg',105,3),(200,'public/curso/15/capitulo/105/imagen/4/DhADEtQsoC8kemuiZuyvE6SrmmaAzIrlcoCQp4p2.jpeg',105,4),(201,'public/curso/15/capitulo/105/imagen/3/doYD9gHENuZjGGLrdVhCmMmUgDIZstOqOtqXva6k.jpeg',105,3),(202,'public/curso/15/capitulo/105/imagen/4/cCNKX6IZJ5lxo5kI0yPrRxGpqvqoZgx0CR6T0V2x.jpeg',105,4),(203,'public/curso/15/capitulo/106/imagen/3/rQZ6XxiTjgnzD99pJFs5KY4qbwxfaNMUubSiE5ZQ.jpeg',106,3),(204,'public/curso/15/capitulo/106/imagen/4/puvTYEkjelwk5TXbO6y7X4QudVSyKFfyAuX1QW71.jpeg',106,4),(205,'public/curso/15/capitulo/107/imagen/3/2QhLocQwl9W3Q2TFsKK7YcIg57fP0d9w2dHf6RiR.jpeg',107,3),(206,'public/curso/15/capitulo/107/imagen/4/Etot2v276NZyv2qIS19crHrEHrSlFmI1IHzwYlko.jpeg',107,4),(207,'public/curso/15/capitulo/108/imagen/3/9pj4GmFekSvHw2tIkGOShyuiuCUUDzS72rhrUMXe.jpeg',108,3),(208,'public/curso/15/capitulo/108/imagen/4/FHfjBNl6Xs6qpx9NydyMj70s8pzIhUDtujVrVHhF.jpeg',108,4),(209,'public/curso/15/capitulo/109/imagen/3/Rq8Pgs97CeqU8VKF9xt9rc8aX9fCpgtttqwEIwBV.jpeg',109,3),(210,'public/curso/15/capitulo/109/imagen/4/cCT3ORGfVELqFIDY2Gd1BqKNaJC4zq2JWvMinafT.jpeg',109,4),(211,'public/curso/15/capitulo/110/imagen/3/MBb6Pku85OW1UupWtuzHFGF6mJpA8XVKoreVCR0M.jpeg',110,3),(212,'public/curso/15/capitulo/110/imagen/4/3Sm8seCZzGjc6zaxEiZr0ECAQ8TfAMdFeCP7IM5D.jpeg',110,4),(213,'public/curso/15/capitulo/111/imagen/3/KCXrQb49YGRIFq3eAWlq8pwcxqS6wCtasjCEYV96.jpeg',111,3),(214,'public/curso/15/capitulo/111/imagen/4/JBOUG7GpndIYjwrKze7MEYcIjSniGpHi8Kxqy2EI.jpeg',111,4),(215,'public/curso/12/capitulo/112/imagen/3/rCOOPLj8XzGwkPjTrShxPI0xgbBeHTUCPmyS1jq0.jpeg',112,3),(216,'public/curso/12/capitulo/112/imagen/4/RSd0wLCbuQNZjuKWiBNKxswxXibC1w0J1Gk821CK.jpeg',112,4),(217,'public/curso/12/capitulo/113/imagen/3/vSfWXSmkSM0BJjAzhqJOy86Gdvz4BabD0utUAMFP.jpeg',113,3),(218,'public/curso/12/capitulo/113/imagen/4/I3bRkqSnJaXOflxZRiFL0wK0GukQOwRSSjOGUPSe.jpeg',113,4),(219,'public/curso/15/capitulo/114/imagen/3/hOwhqmkKYcXn1c0LZr7QOrTUNvuFwzGaqr48w8xb.jpeg',114,3),(220,'public/curso/15/capitulo/114/imagen/4/lqpJBLRi4At3NDC9WrNNbonRsNVSpqv0qJvwfKRY.jpeg',114,4),(221,'public/curso/15/capitulo/115/imagen/3/uGIOx1BFsg5nPzJv7FNcIJx83D4E6gt9kXeNignq.jpeg',115,3),(222,'public/curso/15/capitulo/115/imagen/4/3PrYVkcWIdlZpiOasViqXT6ZcaaXPGlhSc5fGbKI.jpeg',115,4),(223,'public/curso/17/capitulo/116/imagen/3/0fle8rSOUoCPvMyWIDpa8eGk4ltRq6IwBZfVqOVP.jpeg',116,3),(224,'public/curso//capitulo//imagen//0ZJesFP4irFXdSlFymxvNCxxPoPusjQHn0NeEkGh.jpeg',116,4),(225,'public/curso/17/capitulo/117/imagen/3/UN1Y7NW4lvfBKjC4r3971fpmmFz4dzctdUMxazry.jpeg',117,3),(226,'public/curso/17/capitulo/117/imagen/4/8jN7fRyH1ywQrofFODoZUr0zF7lNs1YDZrztMt3T.jpeg',117,4),(227,'public/curso/17/capitulo/118/imagen/3/XIoyhVJGP9wiqTD1FD8iKeEzEY6devYFsp2g9BdB.jpeg',118,3),(228,'public/curso/17/capitulo/118/imagen/4/fEnOPJMEC1TC882Kyv1dIKDFH0J2VQuysGX1w0mN.jpeg',118,4),(229,'public/curso/17/capitulo/120/imagen/3/auD1H8Ng0OaXxlHvXPd8XGmXKIeMoFx17McKEByB.jpeg',120,3),(230,'public/curso/17/capitulo/120/imagen/4/HWobHi7IxQx3Og0S35gBId6E2LRzyriAY3Rnu0iX.jpeg',120,4),(231,'public/curso/17/capitulo/121/imagen/3/wRV4uDMNxYZk46YWcQRqdOZeCDzhBBQOwtoBqY0y.jpeg',121,3),(232,'public/curso/17/capitulo/121/imagen/4/vJCts5j4v88Ik8lXlKRBcRSosba2ZUEkr3Hjk1Vr.jpeg',121,4),(233,'public/curso/17/capitulo/122/imagen/3/DXR3PjTmGxCLQUvZ9hFtKJSkAg9kjljylpJ5fLJI.jpeg',122,3),(234,'public/curso/17/capitulo/122/imagen/4/LKD3FfJVzh5NolCSYho0x0eSnKna9GexOKVqo6z7.jpeg',122,4),(235,'public/curso/17/capitulo/123/imagen/3/qogWea1Kmn2rtAQzTm3k7Xp7DhsPW2WRFxAP4d8j.jpeg',123,3),(236,'public/curso/17/capitulo/123/imagen/4/JO2IyJCcR2GS82r7UxlHgsJewSdurRbzSYvMP0kO.jpeg',123,4),(237,'public/curso/15/capitulo/124/imagen/3/QSLlEVsfWvkm999DhSzjtURV8NcpU96RmD38et1i.jpeg',124,3),(238,'public/curso/15/capitulo/124/imagen/4/NLXX4dPh9dEu0GuMgmhkcWRXR3s0jGOoiADWlqu4.jpeg',124,4),(239,'public/curso/17/capitulo/125/imagen/3/DWiLEm1hwuKzHGKW438c73mUz7l5KhXPprvaxaBG.jpeg',125,3),(240,'public/curso/17/capitulo/125/imagen/4/g7l8UgLzFPeHnoGLLGYnto1ypW0HXntTv4DtHDPr.jpeg',125,4),(241,'public/curso/17/capitulo/126/imagen/3/likGzWskkdNoAfCX97dw30Yq45XhjkaKROjWPgxt.jpeg',126,3),(242,'public/curso/17/capitulo/126/imagen/4/ttxXlvRyM2MZLDbIekCp2EYQ1GSfF3sWFPHkIggt.jpeg',126,4),(243,'public/curso/17/capitulo/127/imagen/3/ZNTxNvPpGaD2QdOndtgMPTUBgSmuMkgJW16uOvgN.jpeg',127,3),(244,'public/curso/17/capitulo/127/imagen/4/xO3GQ36bxgJaVumWtjf5DHAZPL6XhXv3sWkUU3r5.jpeg',127,4),(245,'public/curso/17/capitulo/128/imagen/3/Yu2TelJeKNMgaLzetHVpkLWfqevHjutx3OkdM1NQ.jpeg',128,3),(246,'public/curso/17/capitulo/128/imagen/4/a9zNpYGd2wRJAQJnp5jPlPUVK3OVqN1U0Yse7WEQ.jpeg',128,4),(247,'public/curso/17/capitulo/129/imagen/3/nBztI11NZkI6LUalqSIZDfJvUWJChnaWnmsdSwRQ.jpeg',129,3),(248,'public/curso/17/capitulo/129/imagen/4/G2iyB2B4Kw2zZknstefOozMO9QwOukctjTO4DcAE.jpeg',129,4),(249,'public/curso/17/capitulo/130/imagen/3/SMPg9ab1aVv3b087v5u4dJ8zxKLbsugCOQufdyfd.jpeg',130,3),(250,'public/curso/17/capitulo/130/imagen/4/XWNdFdJOUmWDP55JQ7Jw7ElPR4pQ6DexGDRw1aY8.jpeg',130,4),(251,'public/curso/17/capitulo/131/imagen/3/A0rCCfQdTTAy28kJkpukMCfLoShr8Y2keJlMsN90.jpeg',131,3),(252,'public/curso/17/capitulo/131/imagen/4/rXWTeZoQqnHL6vimIFKmNUgOxwAfapuPJQwA1K98.jpeg',131,4),(253,'public/curso/17/capitulo/132/imagen/3/wOTkcEGMtOInhMRIl1OYPACspk3GvcOS4xeQEFo9.jpeg',132,3),(254,'public/curso/17/capitulo/132/imagen/4/QM8ltdYGkuh7Q6IDFq4yQERmLG9Sg2TsCEB0Bzmx.jpeg',132,4),(255,'public/curso/17/capitulo/133/imagen/3/C0BLyfQxHIGEadLXB8HQd5MKmsDj4OELrTN5Bt96.jpeg',133,3),(256,'public/curso/17/capitulo/133/imagen/4/a8ow10ZDGkPETqlezruXQgL04YGKGXmbnlgfdLGh.jpeg',133,4),(257,'public/curso/17/capitulo/134/imagen/3/vrwL1kNhMv8XAQjaknHFuHVtmxsIuNv4en6vFXCc.jpeg',134,3),(258,'public/curso/17/capitulo/134/imagen/4/x2vlZarQSiqtoq96eVv4MV3LGQMFHcdihaOrlZPI.jpeg',134,4),(259,'public/curso/17/capitulo/135/imagen/3/7g6NpCVi9tNS3HfjAtyI1nxbxEm4yKlxCZwp0o9I.jpeg',135,3),(260,'public/curso/17/capitulo/135/imagen/4/znNpD4zAU1Zunw2UbBAYXUc8k3TtoRnm93SA7zOG.jpeg',135,4),(261,'public/curso/18/capitulo/136/imagen/1/lF7OrfosIHV8temWyEPCp0tkOFqcqiqqc2QHmmkL.jpeg',136,4),(262,'public/curso/18/capitulo/137/imagen/3/P6eyMBtTBjWqORwq49ADtDQJUoxUaaVaGQdzREb4.jpeg',137,3),(263,'public/curso/18/capitulo/137/imagen/4/n46peGhd4MMy3EH25PRNoIkaxQQDo8SEhR0nw6pH.jpeg',137,4),(264,'public/curso/18/capitulo/138/imagen/3/yUtDOBTdbwB4kj4Btwg7JRnl4o4pB4dCXPzFDmQm.jpeg',138,3),(265,'public/curso/18/capitulo/138/imagen/4/xcPOLWo8f1UTGdYYO5HV4EGyNpzFyaRPcJX0CYnl.jpeg',138,4),(266,'public/curso/17/capitulo/139/imagen/3/NkbGayKPp8AHyr5wOOgTxlIlo2fWdS4qu1g0yhn2.jpeg',139,3),(267,'public/curso/17/capitulo/139/imagen/4/Z0cTQIuf2mGTFp87CuEdRnXIUszJ9CwPS6y7Cotc.jpeg',139,4),(268,'public/curso/17/capitulo/140/imagen/3/LVdBstvh0jp60BPW48x4ripdB1ROENLLjtI2xy1e.jpeg',140,3),(269,'public/curso/17/capitulo/140/imagen/4/0Lqrsvq1HZPa1LfnjlHM0buwMAeDbd6GrwDqvBQm.jpeg',140,4),(270,'public/curso/17/capitulo/141/imagen/3/tFrrkpltAloJJjY5c8eZeP1VkM7ihLHkCWHMjOTL.jpeg',141,3),(271,'public/curso/17/capitulo/141/imagen/4/BpLUB4L5pd2b8imFc0hO5Jip2LgAPvv7xen3xt3I.jpeg',141,4),(272,'public/curso/17/capitulo/142/imagen/3/a4WjXWD1i8Se9lsOYb3J3863AMl5ZvQkODzYqEgM.jpeg',142,3),(273,'public/curso/17/capitulo/142/imagen/4/0YDxXV11Tk1uqoLO79NNzhw2QZDuSFLN1aWeBJuk.jpeg',142,4),(274,'public/curso/17/capitulo/143/imagen/3/xl6CYBS60SpXlVZYP2iD4PBIZoWpBtlHbqsWrNNU.jpeg',143,3),(275,'public/curso/17/capitulo/143/imagen/4/xg2mBGxukm0oeA3XNG9ENWTbKCy40n5z7zg77Zwp.jpeg',143,4),(276,'public/curso/17/capitulo/144/imagen/3/2JQxYzadD5l6gXkdmXsWGAUg1Gu19uf9AH3KWRdz.jpeg',144,3),(277,'public/curso/17/capitulo/144/imagen/4/uKdeaFGeLqBFFTju9OH1DsHMiPHK99mW2ZxNs8xp.jpeg',144,4),(278,'public/curso/1/capitulo/145/imagen/3/5fsmyjjQ7dVTBOwaw71rl66W3Vj9YwvFSQXaWtE8.jpeg',145,3),(279,'public/curso/1/capitulo/145/imagen/4/gJpmnFdPHqcYK69HGbN3NbkcPkKoEAMzv0qZRhVb.jpeg',145,4),(280,'public/curso/1/capitulo/1/imagen/1/jWczW6AWOZLY3HQ9ZHWnlhWIDtItG9NxstbuByjO.jpeg',1,4),(281,'public/curso/1/capitulo/1/imagen/1/jWczW6AWOZLY3HQ9ZHWnlhWIDtItG9NxstbuByjO.jpeg',1,3),(282,'public/curso/17/capitulo/146/imagen/3/9ovejF1QntLqgXA0qJ22WdyVtGsBBti6EFub6tMI.jpeg',146,3),(283,'public/curso/17/capitulo/146/imagen/4/6VMqOuKyd5ajbSgLRHcEY3jwoh7icPGWtxDucaxW.jpeg',146,4),(284,'public/curso/2/capitulo/2/imagen/3/HlumYz3H4TPx8ldxmSygSyDuLOJ7YtxLFWw6Ezwb.jpeg',2,3),(285,'public/curso/2/capitulo/2/imagen/4/2w437SpFkMRC7AXOvyQ3sYEpVwmyDrp7Qfyv5nut.jpeg',2,4),(286,'public/curso/2/capitulo/147/imagen/3/8aUw47djcYasCNRT9vIc6HV2hvWkv0UkYyqkR5D1.jpeg',147,3),(287,'public/curso/2/capitulo/147/imagen/4/UaViVLPNnJ6l49ARlDjYOPxvJQ8Jf2Q3T5nmumgC.jpeg',147,4),(288,'public/curso/18/capitulo/148/imagen/3/5HlHlgvwKBqd0eTDCQfZyzcpW4QvlHlc3m3bQaGp.jpeg',148,3),(289,'public/curso/18/capitulo/148/imagen/4/9H9TuYYRnD6NUxVtb3S1Zz7UTyumnnAZ8scbJX0Q.jpeg',148,4),(290,'public/curso/18/capitulo/149/imagen/3/bRdeQXptTPtxF8Yw7EjI5qeOyNfaWHWwVvqWpw8V.jpeg',149,3),(291,'public/curso/18/capitulo/149/imagen/4/vXu1ABLvEElZuyJeCJLHFJ13mpuwJzUcLdtM33GG.jpeg',149,4),(292,'public/curso/18/capitulo/150/imagen/3/vZCM9NqvsCIBlRFjLtZBWhuXxDrEOTibV1SJmGRS.jpeg',150,3),(293,'public/curso/18/capitulo/150/imagen/4/eosybzemEIdvUoVlXJOv5ooisZHNEpLyAOLqHoxf.jpeg',150,4),(294,'public/curso/18/capitulo/151/imagen/3/W8x8qPV7k2ndxay7S74MMrslWQaW82DtUFBneHFu.jpeg',151,3),(295,'public/curso/18/capitulo/151/imagen/4/ozshkkMO4M2lRID3RE74bNNhAy9haK9EOdcEESaU.jpeg',151,4),(296,'public/curso/18/capitulo/152/imagen/3/wbANnGP30Tid6s3W2CKYSj08TpJoidVva5iX6NFQ.jpeg',152,3),(297,'public/curso/18/capitulo/152/imagen/4/wi4pGK5GT9O5tiGAfJtzK97W9Ld0pZI3J206Ew9l.jpeg',152,4),(298,'public/curso/18/capitulo/153/imagen/3/cSAGcLPftrwthlfRqhYX74Ny3FlPHygQKLIXdmC7.jpeg',153,3),(299,'public/curso/18/capitulo/153/imagen/4/pgdE41FaSMgK69cqjxJ0Nb4yql04PQjMbyCy658n.jpeg',153,4),(300,'public/curso/18/capitulo/154/imagen/3/9CM7e5AfYShvse0bEP8tfx6Ep3zenfAkT2hqkidC.jpeg',154,3),(301,'public/curso/18/capitulo/154/imagen/4/g558QLQuuSirU8EI0ogS189gnFfddW9wyZtvJw3N.jpeg',154,4),(302,'public/curso/18/capitulo/155/imagen/3/co76oiJZhKbybNgTWRiai9iOQD1eRTP5zoJRSan9.jpeg',155,3),(303,'public/curso/18/capitulo/155/imagen/4/DRk8BFDny8INoiTYImw43X1GarYUYKrzSd8NolXp.jpeg',155,4),(304,'public/curso/19/capitulo/156/imagen/1/Vbo0KP9FMOXhkR6kVlQb4YpjBgr71boScn7XxWD1.jpeg',156,4),(305,'public/curso/18/capitulo/157/imagen/3/cuEb167vCfRbVOc2gVExKzaoXAhsPW43lagcpOYD.jpeg',157,3),(306,'public/curso/18/capitulo/157/imagen/4/VgzAB5ahgMAvhF7cOyE9tRu2qrOMpjSSUf17bSEf.jpeg',157,4),(307,'public/curso/18/capitulo/158/imagen/3/WEz74brFsNvIeIcmXlK5NYgGzyodNiMUgDyztyQh.jpeg',158,3),(308,'public/curso/18/capitulo/158/imagen/4/4LmdPjo4o5NohqxzABDaWn79MOX7vNMQjpZ9L0vP.jpeg',158,4),(309,'public/curso/18/capitulo/159/imagen/3/xcl2kTJeubLrzYWhF6szrTfgb0ndiLaRRx5paEGg.jpeg',159,3),(310,'public/curso/18/capitulo/159/imagen/4/0bpO6Ha9a1wCygX5P5EmXUbpH3E7kVwwl74yLoIt.jpeg',159,4),(311,'public/curso/18/capitulo/160/imagen/3/KEJInQ8qszs7ENA5uMFIVoJjiGjfrD9FAxAyrTwT.jpeg',160,3),(312,'public/curso/18/capitulo/160/imagen/4/tE322V6D12xPI3BQyR2uY4bSSzwaahlRBBERNerW.jpeg',160,4),(313,'public/curso/18/capitulo/161/imagen/3/Q7cTjFXURW88NWqNF0czxjdqjrBOwfK0pfkhWrSM.jpeg',161,3),(314,'public/curso/18/capitulo/161/imagen/4/3hOA1kXy1EIwEkDYy5coJR8ivHcXjdzQ768pK780.jpeg',161,4),(315,'public/curso/18/capitulo/162/imagen/3/CRdY5bqVcLKsXDcgNXliQF0X7rQDhQOxQGHL1gm0.jpeg',162,3),(316,'public/curso/18/capitulo/162/imagen/4/bVJV49QISnC2TeCp4VuwUIVUNhj3z16s3i0IYjJ9.jpeg',162,4),(317,'public/curso/18/capitulo/163/imagen/3/yG5xHfBR2Ai5jwih4ZoVrKUOisy13gqVHU9VSYPS.jpeg',163,3),(318,'public/curso/18/capitulo/163/imagen/4/TQ7v8AtA7qzBNmjVgQi6LSBXUxFngBIqb4095qE3.jpeg',163,4),(319,'public/curso/18/capitulo/164/imagen/3/x5jQJzADN8VUrEvC8g9wIIYUgzYpS13QB5J6cmV8.jpeg',164,3),(320,'public/curso/18/capitulo/164/imagen/4/592FJP7UtncPXmKoVqhbjPMqE7ttQZgvUNTKcMh3.jpeg',164,4),(321,'public/curso/18/capitulo/165/imagen/3/SxPaw1uL1HwDggzrKmEhRKaummmbSG2DLjibYRQa.jpeg',165,3),(322,'public/curso/18/capitulo/165/imagen/4/gIBHFjclQtadCD9brfb2wvTpNwVeabDamJrlUE3C.jpeg',165,4),(323,'public/curso/18/capitulo/166/imagen/3/kOblWXslhxoYPgYeU4Iw0vbgDb5YCBnU3kJEfQmF.jpeg',166,3),(324,'public/curso/18/capitulo/166/imagen/4/NXlfzeBSPx1lgyK7jzOEu4AxkEog3wsJCycdhH1Y.jpeg',166,4),(325,'public/curso/18/capitulo/167/imagen/3/dGxEylnzFSnt8Pc7NwwjBQhsxBYEkuNbnI7cDsSJ.jpeg',167,3),(326,'public/curso/18/capitulo/167/imagen/4/UE6SbgOBcfLaR2GoCI35cVBYWYn49rczCJEZI3P6.jpeg',167,4),(327,'public/curso/18/capitulo/168/imagen/3/gq0ieV6ynXT58pdyvNFRgBxh38huT2Xu7Y4w9466.jpeg',168,3),(328,'public/curso/18/capitulo/168/imagen/4/2cG9C4pne7rugOM2YYr3rPmhTmNwvyrpG8xqunRO.jpeg',168,4),(329,'public/curso/18/capitulo/169/imagen/3/aPOGjPpXiyUVRcCq73tOrJzzZuDshAQQaDYRsUCV.jpeg',169,3),(330,'public/curso/18/capitulo/169/imagen/4/0bLGrvsd7qjJT4l3HUDt2vqkVuG8rkScQ7UGgWbz.jpeg',169,4),(331,'public/curso/18/capitulo/170/imagen/3/Kkaf64akay39zonaiRSQsgmxEDr6U1A0ENTfHOAi.jpeg',170,3),(332,'public/curso/18/capitulo/170/imagen/4/MIthW4tKORNF4RqAXMov95JIYJMXoPM7QSHmK66D.jpeg',170,4),(333,'public/curso/20/capitulo/171/imagen/1/sYPmtEPMQ0pKraUpHiX18qcb75gi8ABalTdIEVok.jpeg',171,4),(334,'public/curso/20/capitulo/172/imagen/3/XkmDqkamNBkuDld9IgxfbI2Jll3pMODdnwVf5ih4.jpeg',172,3),(335,'public/curso/20/capitulo/172/imagen/4/j9G6irtAQSmh6W3pMTkbZmHYyZ9yigNPPh4mNZVn.jpeg',172,4),(336,'public/curso/20/capitulo/173/imagen/3/qCvusuXM7jTj9Zy5jbt2XzPeiSh5rNaP8xMIsdgE.jpeg',173,3),(337,'public/curso/20/capitulo/173/imagen/4/lKXzkmZDWZBsEcV6d6zoC0zW3Uu0CJV1Yd2DAymu.jpeg',173,4),(338,'public/curso/20/capitulo/174/imagen/3/mhwYaAwkABiO7hDj2Y08NkPuuCH52CYhLBtavzIN.jpeg',174,3),(339,'public/curso/20/capitulo/174/imagen/4/qddCmjhkAmXNKnFztpliZcv63IEY1VgSx7pLU7Ks.jpeg',174,4),(340,'public/curso/20/capitulo/175/imagen/3/Qz3MM3z7M47KpWrWxnwzMe9vPPACoupTKD3shYid.jpeg',175,3),(341,'public/curso/20/capitulo/175/imagen/4/48eUswquAPLpuUod7BUoE4Lwvwl9mxMIdcwb7YA7.jpeg',175,4),(342,'public/curso/20/capitulo/176/imagen/3/kp8twT6exXch0KD6XIMLgC1i0aTBDFZSk3PlRH5u.jpeg',176,3),(343,'public/curso/20/capitulo/176/imagen/4/PV0m9lvMrAWds4VZyxVcfYyHasYv6vx4QDpMHrxK.jpeg',176,4),(344,'public/curso/20/capitulo/177/imagen/3/exuqyBX8H9ddYaU0WUbxE06ZIJNCQkxgIMX31puA.jpeg',177,3),(345,'public/curso/20/capitulo/177/imagen/4/pozYEG73zg0mnioclJJevLcjVLd43E76p4Ih6PsA.jpeg',177,4),(346,'public/curso/20/capitulo/178/imagen/3/ogRNoKyJsSjIZYGQnZiAl80F5P8xqDtHQTVg06ul.jpeg',178,3),(347,'public/curso/20/capitulo/178/imagen/4/EYulv3hyHwzjHew1q5kS0n1RmxNKDLBkxPaH68WF.jpeg',178,4),(348,'public/curso/20/capitulo/179/imagen/3/lcQlezGXe8UnNxV2P5zr335BfSy09QWafw4LB4uQ.jpeg',179,3),(349,'public/curso/20/capitulo/179/imagen/4/2kznr1Ha9MadWETel9hKHWbd2uyd0aGtCUUk5k7z.jpeg',179,4),(350,'public/curso/20/capitulo/180/imagen/3/SRmM7ip9nmdU0r9Ttyslo3ANLGLIc0yWhpvVjtoW.jpeg',180,3),(351,'public/curso/20/capitulo/180/imagen/4/yoB2lL7viHQnkuFC3otNgiY4ig0CnNJfys6x0gdq.jpeg',180,4),(352,'public/curso/20/capitulo/181/imagen/3/EJnGb1xjMQblGR0NKGcQF9EOmerbn2C7RXKJrkUO.jpeg',181,3),(353,'public/curso/20/capitulo/181/imagen/4/19Tdyy5gXFqSsgMAr3gNhzZZbs8naQl7xLSAZsCf.jpeg',181,4),(354,'public/curso/20/capitulo/182/imagen/3/Xvl1yx354LstcdEh36cRvEvbq8HAounFfjXqUM44.jpeg',182,3),(355,'public/curso/20/capitulo/182/imagen/4/0z47TX5MRJtPAX2EnQK91aXQKmQubji0I7UZU21m.jpeg',182,4),(356,'public/curso/20/capitulo/183/imagen/3/MAZCeY88rjNfsrB7arTvrgksBSvSpcju9DZPMfo4.jpeg',183,3),(357,'public/curso/20/capitulo/183/imagen/4/LOAXTQjEY9sZnF4ob3NEWL4XtwdTXt2xM3paKXyL.jpeg',183,4),(358,'public/curso/20/capitulo/184/imagen/3/TM8YqiFURn2nBJSB2t8yPQIqCzs3Tk5tlg7mA5PQ.jpeg',184,3),(359,'public/curso/20/capitulo/184/imagen/4/taOmSmXlnrMBXFfG2E0Ifc5xDF41O1SrgAf5Fbyw.jpeg',184,4),(360,'public/curso/20/capitulo/185/imagen/3/flg25pU2wrB9suiSanKc5JiqWGElAZSML4ARcBVb.jpeg',185,3),(361,'public/curso/20/capitulo/185/imagen/4/mlJCXKF6FIJUIvmlUihqUajtickOPNqFODmBEyl7.jpeg',185,4),(362,'public/curso/20/capitulo/186/imagen/3/V8aYUncL46zuaS4I3cZ8HGoCh3jYHjV3uQW6CC2p.jpeg',186,3),(363,'public/curso/20/capitulo/186/imagen/4/d6dIazJWBBvAwFuRYc3e31Zm8rrJSlozpHc4Tyam.jpeg',186,4),(364,'public/curso/20/capitulo/187/imagen/3/Cv8UWAM2PZ7xkgY8pzAYKD2iFDL0qzOA4b9Xyrh0.jpeg',187,3),(365,'public/curso/20/capitulo/187/imagen/4/91gROipB4hbIjHFJXOATFKfH2buNFdfy2hOUzvzH.jpeg',187,4),(366,'public/curso/20/capitulo/188/imagen/3/jbUd754F4dgzPXUthiWAE9NIvyXyySAfDpTem7Bh.jpeg',188,3),(367,'public/curso/20/capitulo/188/imagen/4/qSONmaVzcOhBsdQDw1aQsiJWLDMhYHvRKEfvZ6JK.jpeg',188,4),(368,'public/curso/20/capitulo/189/imagen/3/mKMhRY3xHDvYe57ajcel1vzIBKQjlTRWVXvrM4ph.jpeg',189,3),(369,'public/curso/20/capitulo/189/imagen/4/lE5DwaDRTP95wyGSb8AefR83j5I7sjG7atswbS3a.jpeg',189,4),(370,'public/curso/20/capitulo/190/imagen/3/3eiYz4P82Xg2KsOpmd4mYvgrOUZ6hWLVfu3Zh06g.jpeg',190,3),(371,'public/curso/20/capitulo/190/imagen/4/i1dvQdFtbPPjMcb95NMHaPAFJdl7cewMFKgvPc0f.jpeg',190,4),(372,'public/curso/20/capitulo/191/imagen/3/iftiuoQlc5tfD36VoTAkNyianNhrgsJU1a3L5RMc.jpeg',191,3),(373,'public/curso/20/capitulo/191/imagen/4/PU15BKpu3JCZooPFIKPYohG83NysMglbbrXOIHwq.jpeg',191,4),(374,'public/curso/20/capitulo/192/imagen/3/2iAcvcN3MV8ITaBzXBz8aW35NfrwpwVowUwHAWzS.jpeg',192,3),(375,'public/curso/20/capitulo/192/imagen/4/8cCmuf5s02N8OSscb8NhObxmQqdO8m77CTFt0QjQ.jpeg',192,4),(376,'public/curso/20/capitulo/193/imagen/3/xnf02EXHgWOHv3n3LS9vVZRYJw7a04jgyuhga5C8.jpeg',193,3),(377,'public/curso/20/capitulo/193/imagen/4/RXN55xiJoP0P1JkQFG76cZDkcsVYjPE0yZY8mw6u.jpeg',193,4),(378,'public/curso/20/capitulo/194/imagen/3/rquZt8zT1RLC7ujd0Lkt2MxbM6XzytX6tmytks5E.jpeg',194,3),(379,'public/curso/20/capitulo/194/imagen/4/TR1qlQpcIbypZ6WYepbQKNyLUeuOAclNffXpXEgU.jpeg',194,4),(380,'public/curso/21/capitulo/195/imagen/1/U31Xe5ZDe0bESRlKxpd059KcZHYKLfSfFBU51pCL.jpeg',195,4),(381,'public/curso/21/capitulo/196/imagen/3/cpeAnZGeUype9uzPrU9v7s2cSAZN6vhqFOlKG5ea.jpeg',196,3),(382,'public/curso/21/capitulo/196/imagen/4/kjsuzL0afxi6vFp6QVnb8sp1ZZQJTV9QfhkWN7D6.jpeg',196,4),(383,'public/curso/20/capitulo/197/imagen/3/luMGW9kw31ta7PaFSvPhvoyIKs5nev0JeOLocxKu.jpeg',197,3),(384,'public/curso/20/capitulo/197/imagen/4/mtxNYA4IjcwKprDu6nvY83yqA7qqjXHZnaneYOV3.jpeg',197,4),(385,'public/curso/20/capitulo/198/imagen/3/wNF38oVXveY89uELySb9cXFEPGwcie2zV2FxjFxi.jpeg',198,3),(386,'public/curso/20/capitulo/198/imagen/4/kfePA9Vfv75pH1KsLBk7jnOuNdz4G486gY7pOHuw.jpeg',198,4),(387,'public/curso/21/capitulo/199/imagen/3/exDUkAxJBbJaIuEPh1RYIi6NfUf91hCdVdwxiw60.jpeg',199,3),(388,'public/curso/21/capitulo/199/imagen/4/Jm56AnfUsH3PwXsWv2Qo8FXO54KONK41Jz9m3YcJ.jpeg',199,4),(389,'public/curso/21/capitulo/200/imagen/3/bFnxxjI7QE1qpFSAF3Ppj2Q1ufpqwxHSlbOlyd2W.jpeg',200,3),(390,'public/curso/21/capitulo/200/imagen/4/2REQlctySg8yYuBbvQUyfYg3PvrA8xkitW64EYQQ.jpeg',200,4),(391,'public/curso/21/capitulo/201/imagen/3/Lst7sT3MGZSuzpC9v5WrYUJa1eLxidKAgAyGvadg.jpeg',201,3),(392,'public/curso/21/capitulo/201/imagen/4/gmQ5dEMqUQyzIa1LataISoLaAxUajHpF1pKf8COn.jpeg',201,4),(393,'public/curso/21/capitulo/202/imagen/3/cvk5iq1EmacEmPohrYCEKuMPTlkGXmMhe40cXzJb.jpeg',202,3),(394,'public/curso/21/capitulo/202/imagen/4/5hWS7xJjylIf9T9D9Z0epL27Bs4yEDQrI7vQ2Vbd.jpeg',202,4),(395,'public/curso/21/capitulo/203/imagen/3/0dmRtxBPbJB2yfrkQE4qPcXLTjVYEqxmeAm6a5Yj.jpeg',203,3),(396,'public/curso/21/capitulo/203/imagen/4/hZ2StWmwS0AyxggvNBTL0vjwHB1n4CZnKOF7XnYb.jpeg',203,4),(397,'public/curso/21/capitulo/204/imagen/3/5hJUpd0NpkEE3on3QugAGiCZJRrlstrv3PIn9pjQ.jpeg',204,3),(398,'public/curso/21/capitulo/204/imagen/4/jkNPIWlsZNadNjKdxBixFrvGBpjMERybMGIUNIHk.jpeg',204,4),(399,'public/curso/21/capitulo/205/imagen/3/oqHtOmwlVXhuQPPZgOXUrxa1ulJHPfAhMw6hLk71.jpeg',205,3),(400,'public/curso/21/capitulo/205/imagen/4/QK1uUyUKVkLnu6Po3dCELlxEMnbpjLCblrx7ohQm.jpeg',205,4),(401,'public/curso/21/capitulo/206/imagen/3/0U4DTUNaCz6TvcuVvtcBTawRxMueBtoIZ1l1JwKx.jpeg',206,3),(402,'public/curso/21/capitulo/206/imagen/4/MDWRN1zxCy6wXEsfJxgqsAKhnJdSKYD6xmdaY9rU.jpeg',206,4),(403,'public/curso/21/capitulo/207/imagen/3/Q9dQjZgaeOKOKvjFo45mpVyI21ikOmspbt6I62B4.jpeg',207,3),(404,'public/curso/21/capitulo/207/imagen/4/RGGTM3GnOGqKfWFceCFAFwSu7jpsUrPhxeoZe4WZ.jpeg',207,4),(405,'public/curso/21/capitulo/208/imagen/3/1Yul2HNz45PnWP5LO2MevG5UAlkuA19A1CrE8w94.jpeg',208,3),(406,'public/curso/21/capitulo/208/imagen/4/F4JTvvCcgB8VcwSVyeguvf7K6HYtSGIiEdpyIN5J.jpeg',208,4),(407,'public/curso/21/capitulo/209/imagen/3/ICs0jEFpk8fNlfdCqis8E3AWzRh3VJx0CgWxA1jt.jpeg',209,3),(408,'public/curso/21/capitulo/209/imagen/4/vOAyF8wKFExX5addOuJw2lDgHbfIAgpaqDGhr4bZ.jpeg',209,4),(409,'public/curso/21/capitulo/210/imagen/3/FYtTxAs4EPT8RdDJRejjbxTKQHvG6DK8tucjHpbr.jpeg',210,3),(410,'public/curso/21/capitulo/210/imagen/4/N37FuyClrTlep4DAWlqelUyONyJiD4izQNnqZXGL.jpeg',210,4),(411,'public/curso/21/capitulo/211/imagen/3/oaH948EgPcdqiUbcCeHP0nlgPd6vzaRnZVJq1KUz.jpeg',211,3),(412,'public/curso/21/capitulo/211/imagen/4/msGMEIGey732zgJyBOTOtpxhyTUfm9A0qAEdjFhU.jpeg',211,4),(413,'public/curso/21/capitulo/212/imagen/3/kZjOfDXrI9tyPYuMol8jiNF02JS3IRRWJXwvWOzf.jpeg',212,3),(414,'public/curso/21/capitulo/212/imagen/4/awr1BsY41rSwkdsGOfKrpRXU3E1bDEyIz5RQw0UL.jpeg',212,4),(415,'public/curso/21/capitulo/213/imagen/3/jOtXcoT8hj0X8P31FWF6X5c5RSgfq7vYhU1njLU4.jpeg',213,3),(416,'public/curso/21/capitulo/213/imagen/4/rbfV3TBzmrFviUw37hNNlAPSkxIWa8SeAqCNwWQ3.jpeg',213,4),(417,'public/curso/21/capitulo/214/imagen/3/n0KZxg2fUeMBJ8ROulPtjEcfQV0BAkh4DMCkCQI5.jpeg',214,3),(418,'public/curso/21/capitulo/214/imagen/4/2Ff3PVeC9dA55enopSOej6zC72ITsmNVEH3b7O2K.jpeg',214,4),(419,'public/curso/21/capitulo/215/imagen/3/gRVXcn1e4YeP4r7Su7tDltNvYxGfFXO5pCRmoLbj.jpeg',215,3),(420,'public/curso/21/capitulo/215/imagen/4/PM1INk7h5iUnVymVomavNSQ6qzTE0c4Uat9vvVyo.jpeg',215,4),(421,'public/curso/21/capitulo/216/imagen/3/0n7hmg8SPMogYw8STCrgaqKLJOcAr4UrUyCEcmUo.jpeg',216,3),(422,'public/curso/21/capitulo/216/imagen/4/w0AL2LlqTS93VfzXeaOTUZBo0IPcbSoEcDOXdfvC.jpeg',216,4),(423,'public/curso/22/capitulo/217/imagen/1/VmaVdIeeZN4EDCSCojq8mamNSC5VtUfaoMvhJp5N.jpeg',217,4),(424,'public/curso/22/capitulo/218/imagen/3/84wFojWNOWyLYQnoUgaAdfFjWNaoYvIui4mo3a5U.jpeg',218,3),(425,'public/curso/22/capitulo/218/imagen/4/d87EGfStlANlCQnhtHDx0D2WmDJ3GTFC6YhdcojZ.jpeg',218,4),(426,'public/curso/21/capitulo/219/imagen/3/w7gITeZo1NWoiZJoo0RHoyZuPvrQ1TnH9xnnQtyE.jpeg',219,3),(427,'public/curso/21/capitulo/219/imagen/4/bp8qzkNp42HKXJZbXXOeuo5ybA5yzWM8q0Y42CbW.jpeg',219,4),(428,'public/curso/21/capitulo/220/imagen/3/Eb4iPXURiJ2yydzo8WyombCsyM7FsxZtvJgxRy14.jpeg',220,3),(429,'public/curso/21/capitulo/220/imagen/4/T9p7VyteEWluvrgFhLC5HdMTMFD5qOh38KUZsIc1.jpeg',220,4),(430,'public/curso/21/capitulo/221/imagen/3/2uHBmyLwbOFnRFNWMjYrrUu4qzWfvDNXuckA9j4z.jpeg',221,3),(431,'public/curso/21/capitulo/221/imagen/4/S0KfM8F19MZvHU7FqCAafsZEyEQOBHaHuAbg17LX.jpeg',221,4),(432,'public/curso/21/capitulo/222/imagen/3/wPkuVT0dDLRIosq4Zo6BZTCHNQrekOvsIPu2047S.jpeg',222,3),(433,'public/curso/21/capitulo/222/imagen/4/IXuK6i3twThLLKZdmFNAKojki053CVMFZ8ifTOwN.jpeg',222,4),(434,'public/curso/21/capitulo/223/imagen/3/VVHlaGNoi5g4mWErWzogdSHvnY42goGZ0zbSUeD5.jpeg',223,3),(435,'public/curso/21/capitulo/223/imagen/4/H8foIR7VTB3fz0q6GqxZD5Sg4r43Wm9lgrB8SQJU.jpeg',223,4),(436,'public/curso/21/capitulo/224/imagen/3/SrdJFB4yuYI4Hk1hAKiqmEAklvqa3aPyKOSDoeg8.jpeg',224,3),(437,'public/curso/21/capitulo/224/imagen/4/NblJgDeJmxOrODh9q5bdz9gTy24gL0hSaYCr5osq.jpeg',224,4),(438,'public/curso/23/capitulo/225/imagen/1/P81DqXO54f2guHUoeI7n1WD03aJEOXYmo10Ofv5g.jpeg',225,4),(439,'public/curso/23/capitulo/226/imagen/3/gVrG67YhMY3VXaWLOowKxCHMXp0gCSeKIyVoJtTp.jpeg',226,3),(440,'public/curso/23/capitulo/226/imagen/4/j9E7sG0y6SWYlJ0aZFWHCuVH7t48N68TwR5B6A9p.jpeg',226,4),(441,'public/curso/24/capitulo/227/imagen/1/EmcEHgXTHbsfpBcXipzUbDE3sMqnwdij8cGSDPXY.jpeg',227,4),(444,'public/curso/21/capitulo/195/imagen/1/U31Xe5ZDe0bESRlKxpd059KcZHYKLfSfFBU51pCL.jpeg',229,4),(445,'public/curso/21/capitulo/196/imagen/3/cpeAnZGeUype9uzPrU9v7s2cSAZN6vhqFOlKG5ea.jpeg',230,3),(446,'public/curso/21/capitulo/196/imagen/4/kjsuzL0afxi6vFp6QVnb8sp1ZZQJTV9QfhkWN7D6.jpeg',230,4),(447,'public/curso/24/capitulo/228/imagen/3/5PMCk9MdJPjys0NOi6gPAH0llEqkhWF5ExGtqGhd.jpeg',228,3),(448,'public/curso/24/capitulo/228/imagen/4/UkQfdQU5829huMyLLI2Dtg8bMajJdRncs7kygtRB.jpeg',228,4),(449,'public/curso/24/capitulo/231/imagen/3/5GscjCUMYC1gkYJLVQ5WmzU2ImrA8jN8wBf4pGo6.jpeg',231,3),(450,'public/curso/24/capitulo/231/imagen/4/KCe2JUnrCDkSF9RLFavexL2kzEBU8WTFd3vO5xtk.jpeg',231,4),(451,'public/curso/24/capitulo/232/imagen/3/ZC4GSxGDdRAqsFcGufpyS4lwWkd2qGpBX2t5v4sq.jpeg',232,3),(452,'public/curso/24/capitulo/232/imagen/4/mXTHkayPryqQ2uvlCIXOw4QAL4QRNVyfTjEgeqzm.jpeg',232,4),(453,'public/curso/25/capitulo/233/imagen/3/Xy468fy4L7HRclwHBEBkJWN4oXFQxhcPT5F2W3gz.jpeg',233,3),(454,'public/curso/25/capitulo/233/imagen/4/HFnUJB47P9iMgM6sO3N6eVD0VlS07jeONXpfdEQU.jpeg',233,4),(455,'public/curso/24/capitulo/234/imagen/3/Ms4VNnk6PPSfVfwuBdCus4luZhP9U9bVZjQ30DjX.jpeg',234,3),(456,'public/curso/24/capitulo/234/imagen/4/l4RgU4XkCk8gX1gynbZYkD5fhQCUaTirSeryMz5E.jpeg',234,4),(457,'public/curso/24/capitulo/235/imagen/3/Y76mAmIq3tj7FdJIxtETf7veWFY200akVlUtN0II.jpeg',235,3),(458,'public/curso/24/capitulo/235/imagen/4/u9jdn46Ypub9oun7I9EnmVPnuqwaGjdlpZxYUD3J.jpeg',235,4),(459,'public/curso/25/capitulo/236/imagen/3/3rlsPFG39HmW1QmLELuN8bKwFoPVWDOIXjyjhqSh.jpeg',236,3),(460,'public/curso/25/capitulo/236/imagen/4/WpWqTEaQfG5nDnc40S1GkNoD9o8iv9W0DK4lac7X.jpeg',236,4),(461,'public/curso/25/capitulo/237/imagen/3/K1U8fdcab1CUEIla6peziVqadCgcOzZgLh3F283S.jpeg',237,3),(462,'public/curso/25/capitulo/237/imagen/4/6SA2Ps3NPrczsOkkTBP5gkF3FYvsJngS6564Cojv.jpeg',237,4),(463,'public/curso/24/capitulo/238/imagen/3/fatK4zWlruqKTv1r4lK6xZbES98xFA19ayJfWTLN.jpeg',238,3),(464,'public/curso/24/capitulo/238/imagen/4/1RATTjuAMJN7WbIkgs0Dbysrye6Y6brTVdIlfUX5.jpeg',238,4),(465,'public/curso/24/capitulo/239/imagen/3/esOtdmqp3jFGCerBhlxxmbxaRZhvUuSK5vlzbe6l.jpeg',239,3),(466,'public/curso/24/capitulo/239/imagen/4/dCZ8kWEvcqTB2LsEowBS1LPqQc5UpuO1D5TyOcHs.jpeg',239,4),(467,'public/curso/25/capitulo/240/imagen/3/sorutyu83NeQAa039DD4kujJRjcgAfIdRO4BwyJw.jpeg',240,3),(468,'public/curso/25/capitulo/240/imagen/4/AYl2D4VYhw809t0XNkk2HiiksHLSrzEjYN7pKMGK.jpeg',240,4),(469,'public/curso/25/capitulo/241/imagen/3/6LZv2Umwi95QMF8bFxYtRLmTpexpdlJVfjgls7IN.jpeg',241,3),(470,'public/curso/25/capitulo/241/imagen/4/5vELPKIQlmxFgrazw0rwxqK5rGgBtKSNfC4ElxuF.jpeg',241,4),(471,'public/curso/24/capitulo/242/imagen/3/gbGpm7LzDtCPOPHQIzKzcrWNfUzJBndb6iu9zKl5.jpeg',242,3),(472,'public/curso/24/capitulo/242/imagen/4/YllCtN7yh480Y0moA2eWOxJC22HYT6mDwo0vzTDE.jpeg',242,4),(473,'public/curso/24/capitulo/243/imagen/3/2KNbn2FxILiVNin3ADpi72RgbDtYBW4dC2QvlZDd.jpeg',243,3),(474,'public/curso/24/capitulo/243/imagen/4/y6cX9U9Kbr6zxaDGvug0TF82cgBo6wPrEOcHBoSb.jpeg',243,4),(475,'public/curso/24/capitulo/244/imagen/3/Q3bS49bmnnXK2a6KvREHsUqBz1PpFRyx7xFlMVGK.jpeg',244,3),(476,'public/curso/24/capitulo/244/imagen/4/3HvgXafdHuhUJ79hCb2fmEkmebE5dfdzvJD2SrQv.jpeg',244,4),(477,'public/curso/24/capitulo/245/imagen/3/PhP1V0wcmNgYoJ9u8YJDNeYhs9x89Po3GihYzS6y.jpeg',245,3),(478,'public/curso/24/capitulo/245/imagen/4/YK0Uihs69F2uvCAX47IPeKRJBtbmPppzBWN08H86.jpeg',245,4),(479,'public/curso/24/capitulo/246/imagen/3/ShtefrilDybwP2WofL4AYT7FzXeL4GYoemJEGYeB.jpeg',246,3),(480,'public/curso/24/capitulo/246/imagen/4/ztce0Tfks3x6CY3AY2DtpZAhuXncZXJ0f13z5PyK.jpeg',246,4),(481,'public/curso/25/capitulo/247/imagen/3/dMxxnm7WirHok9xskFVhdYbFTo8pEzBfcS1sX8IP.jpeg',247,3),(482,'public/curso/25/capitulo/247/imagen/4/f7NMI1S1jEl69WkB6PHui6oL8qAUBUc73OMmDNYR.jpeg',247,4),(483,'public/curso/25/capitulo/248/imagen/3/Iro79cJcYNjTu0RLTXu3OmJZlKa9Fi5okLF3968N.jpeg',248,3),(484,'public/curso/25/capitulo/248/imagen/4/EPM844OIBPZKgb9HdBrtQIckbcCUQhdEAib6nfos.jpeg',248,4),(485,'public/curso/24/capitulo/249/imagen/3/gqTeOl9gNOhlzdaIYWPbw0oy1Hwsm6nL0HWgKLX5.jpeg',249,3),(486,'public/curso/24/capitulo/249/imagen/4/Nf8WSC9vwyR5XUTm88PeRUkqx9WHCdYBDooAnYKj.jpeg',249,4),(487,'public/curso/24/capitulo/250/imagen/3/bdhSCSzovJ1y6uJ5Q1FU8W2zPviicugsnpGBDAFj.jpeg',250,3),(488,'public/curso/24/capitulo/250/imagen/4/fVHlhpQhLU2moZriEExmaKbJ8Qp79tlqx66iCsux.jpeg',250,4),(489,'public/curso/25/capitulo/251/imagen/3/nzExlfh7ZRyZK9VieHhLJBhiFHAr4c6AkQhiClSc.jpeg',251,3),(490,'public/curso/25/capitulo/251/imagen/4/89fooIeNLxvbpUzsHFmjPbg56c2jcWxWzAa3Dji4.jpeg',251,4),(491,'public/curso/25/capitulo/252/imagen/3/AhCJwhfOvjE6ul19hQghO7pR4WCclnVKJUC0gyy6.jpeg',252,3),(492,'public/curso/25/capitulo/252/imagen/4/9YXCZfMfg4Nsk6YvAUcKBho5BufMvTJKY69sNZep.jpeg',252,4),(493,'public/curso/24/capitulo/253/imagen/3/ie4lZb9BD5WAoQXzFfqGy2sCrRdBRdbj0dT5B9QD.jpeg',253,3),(494,'public/curso/24/capitulo/253/imagen/4/MNUHmdbInsnBXtV95PDC0rjvdfIbJwUT069wIiey.jpeg',253,4),(495,'public/curso/24/capitulo/254/imagen/3/5hIGoQ9y5OaWDXU1wEuyGKMtnvJ4lgHIQy1LoXdz.jpeg',254,3),(496,'public/curso/24/capitulo/254/imagen/4/3ovwTNdHW2NPhonvAyUhJfrltAPkucRzAEyER69Z.jpeg',254,4),(497,'public/curso/25/capitulo/255/imagen/3/f5lZcdyvlSkadTCsIHu3OO8jTpaFM1gN2eOPKvpQ.jpeg',255,3),(498,'public/curso/25/capitulo/255/imagen/4/CGFd7UxR440QOZuRHgM96ocNQh8Hbwl5r0qzjWlv.jpeg',255,4),(499,'public/curso/25/capitulo/256/imagen/3/X6iVq2KNwyQ32tkodtKBWm5CHg9hN7iA570RfEFE.jpeg',256,3),(500,'public/curso/25/capitulo/256/imagen/4/xqSSgMiHzsngcGDRlO8ADNBDothYQpsPSrnX8yYB.jpeg',256,4),(501,'public/curso/25/capitulo/257/imagen/3/kIjgcxpPjTsnpFS0QjS5hRYWEX4jHkHEYdyW78V6.jpeg',257,3),(502,'public/curso/25/capitulo/257/imagen/4/5yVtfKZcisi9k5VICMQa6SoLYVJgFQhJkjuCgHzQ.jpeg',257,4),(503,'public/curso/25/capitulo/258/imagen/3/ji9McdqdzZFatxxASQE6nWznTjSqY0BWctbeodYY.jpeg',258,3),(504,'public/curso/25/capitulo/258/imagen/4/uIkOGaZoiQ4qgCoxVluenA0giklMBmcXJcctBkM0.jpeg',258,4),(505,'public/curso/24/capitulo/259/imagen/3/s18hKMPe5jl5rYw5RxsvJJnqUUeaBIijJ5X48oHc.png',259,3),(506,'public/curso/24/capitulo/259/imagen/4/U7zihYpZ4UiTeUgk2p9IQlM6oBi47pTbxxnF054h.png',259,4),(507,'public/curso/24/capitulo/260/imagen/3/8qHHQDR561KTTqDCY63A4jrdsbv8QaGZNXDU6JuN.png',260,3),(508,'public/curso/24/capitulo/260/imagen/4/Dol7KxtHyuU3Fy5QfQLKS0Xy5cTUMkrIOVc9ZQzx.png',260,4),(509,'public/curso/24/capitulo/261/imagen/3/Vfy7YU7yT3wlhW6CaQNcAmGUqVKFelVTIDqasyIZ.png',261,3),(510,'public/curso/24/capitulo/261/imagen/4/SlJCa5qPHhfiVUaa49Ee6GcgPliNKcNrQQiqAPtw.png',261,4),(511,'public/curso/24/capitulo/262/imagen/3/kvmwrykClJVQWbAfW1TGnM70uBiN7slxMS6maXfx.png',262,3),(512,'public/curso/24/capitulo/262/imagen/4/fb5ySvKYMK75WasC3CddIhB3zx7ZFhd5DrnYZGeC.png',262,4),(513,'public/curso/25/capitulo/263/imagen/3/IJidA6SABrnKrBu2vrlAe5hmXf6Y0fnRvULNe7Z9.jpeg',263,3),(514,'public/curso/25/capitulo/263/imagen/4/dOHn69Ol0wkFpt7O4CIl11bU1CUi2R8UH5rWWhdL.jpeg',263,4),(515,'public/curso/25/capitulo/264/imagen/3/rUXWMoN3Ga1dmNhX6xwCprcWFkqD9S8rRVkk1LZ3.jpeg',264,3),(516,'public/curso/25/capitulo/264/imagen/4/jzKwSpXjSj6pTYE6OQXw8HBGWrf1MMT41hV3DjLn.jpeg',264,4),(517,'public/curso/24/capitulo/265/imagen/3/BUH25yb1jGX7KIHBXHnbADn15SGDbI8MQBgbNmn5.png',265,3),(518,'public/curso/24/capitulo/265/imagen/4/NiFuriPE20rYENQnJvLvOyGKUJNj66DZRxEqnW7f.png',265,4),(519,'public/curso/25/capitulo/266/imagen/3/gDstoH5VtIlzs37J4WwI6FJY3v2xcG6xTfVyLwF6.jpeg',266,3),(520,'public/curso/25/capitulo/266/imagen/4/FxF8KxiA9irirUM1h2VlchiMGktPeBoZFMELehqn.jpeg',266,4),(521,'public/curso/24/capitulo/267/imagen/3/vnOYIhbZhqQGwGgm2TAdymAtHdBZHoZwT9atMmSY.jpeg',267,3),(522,'public/curso/24/capitulo/267/imagen/4/lOktKrxULLCfZvSs3q2U7GO6az8cVN8ThBzq4jWp.jpeg',267,4),(523,'public/curso/25/capitulo/269/imagen/3/N0ftMDvFvuKtq919oH1kWliDxKo3rs6cV9tCfTZA.jpeg',269,3),(524,'public/curso/25/capitulo/269/imagen/4/Tb93S3XeoWLsyf6ccYvMk7FdbOR81R2kAAFHqQpJ.jpeg',269,4),(525,'public/curso/25/capitulo/270/imagen/3/MiFA1KrTBSJXrhdDA5YavECtXzoWxBh4fkZher9p.jpeg',270,3),(526,'public/curso/25/capitulo/270/imagen/4/Usuh7I3dkoB9AM6L9wuySbKorL9mkiuhaJd5wUuS.jpeg',270,4),(527,'public/curso/24/capitulo/271/imagen/3/eW2Xh3cE84eJqOgndl8yP7gckjFXx1jo7hEMwpEb.jpeg',271,3),(528,'public/curso/24/capitulo/271/imagen/4/HFMIa5L4C4IXG78IYz12wMxVd6415eQ0J0Dnq83G.jpeg',271,4),(529,'public/curso/25/capitulo/272/imagen/3/gfvR2CDkWIJtad83zly8nK71LzeQOu71fZm39U4i.jpeg',272,3),(530,'public/curso/25/capitulo/272/imagen/4/jmeh8amGfYhNIEFeUW724ecjaFy1e6DvFqVDt2C8.jpeg',272,4),(531,'public/curso/25/capitulo/273/imagen/3/ZKFEAXn0JjgRCQY6YhxWove93G0RsvA1lzXcw1gJ.jpeg',273,3),(532,'public/curso/25/capitulo/273/imagen/4/TAk7nfvfwoAznfyBmcQUYPkCunKNSKFLK59UePnE.jpeg',273,4),(533,'public/curso/24/capitulo/274/imagen/3/j5ScJ2vIpZGiQsQF6kSHDRzdynE67otNWCBZ4Sah.png',274,3),(534,'public/curso/24/capitulo/274/imagen/4/TEnYSPWIXBYyKJfj3d9SKyLXavGpBVvEymnSPzUv.png',274,4),(535,'public/curso/25/capitulo/275/imagen/3/H4GvhCmpCwYCrZMa05pKAfQblpzobiO8tJ8bsFRg.jpeg',275,3),(536,'public/curso/25/capitulo/275/imagen/4/9ZdBFsSi7YSFfiDzzuAjgKKQSTeRo1UouZfdHX7o.jpeg',275,4),(537,'public/curso/25/capitulo/276/imagen/3/8ISslJOzBQ6kpOJiipZYoplRE1OCO67iioDYycJb.jpeg',276,3),(538,'public/curso/25/capitulo/276/imagen/4/AQXjnfqFe2qSe6hDZA2iqhwt4XPFP2klaZcLhjp6.jpeg',276,4),(539,'public/curso/25/capitulo/277/imagen/3/M9z3JtnragJT3vRXFX6V13Zws1G9ldAMNPUaKl2p.jpeg',277,3),(540,'public/curso/25/capitulo/277/imagen/4/qtt5k6sIXyiQz0RQIMOWBgce011XRxP1SnAzsYLL.jpeg',277,4),(541,'public/curso/26/capitulo/278/imagen/1/iHmAUIgMAj1k5pVoFlIELfFAnQtGvhNG5qPeKoOc.jpeg',278,4),(542,'public/curso/26/capitulo/279/imagen/3/LnJEYkX3E7n43BrJwJn8qt1Z0lMsVdUytxXouO52.jpeg',279,3),(543,'public/curso/26/capitulo/279/imagen/4/ClBncIMimD2Vz7LthhyHCn3xrUjT1yRNEvspsXYg.jpeg',279,4),(544,'public/curso/25/capitulo/280/imagen/3/ofXC9LlQuS14SRSSUAd0WdeIWnmGp4ApTHw2enia.jpeg',280,3),(545,'public/curso/25/capitulo/280/imagen/4/4lD49gcDCx87kzEU0zTB4XXl2fGcv0qRXkXaD8sb.jpeg',280,4),(546,'public/curso/25/capitulo/281/imagen/3/M3oIOjzzYjMerxV4Z7E1kiCmhsFuYHjM7vJBydlB.jpeg',281,3),(547,'public/curso/25/capitulo/281/imagen/4/JCB0V88j6cYK3uGvMi7mpnTWz3yHTB2Cq5egRqDP.jpeg',281,4),(554,'public/curso/26/capitulo/285/imagen/3/3wC1EGrbrnW7BiG5YWQcxfZ2EVjMcVygkVz8BpBn.jpeg',285,3),(555,'public/curso/26/capitulo/285/imagen/4/gsx3BIrFNROnqoVT75hWqhr8zLBcQM78TJQd9juw.jpeg',285,4),(556,'public/curso/26/capitulo/286/imagen/3/CrZDU6ueqLKgFbWdXRjpfqXvm6COwzpIT05BHM3m.jpeg',286,3),(557,'public/curso/26/capitulo/286/imagen/4/53ljlRbfmiuLY4n3pgH0LavESwSNdOeCpg5qgpcn.jpeg',286,4),(558,'public/curso/26/capitulo/287/imagen/3/EuaCuWKj21KwExhzseJuuB5HVvjzGux0g5fXP2FS.jpeg',287,3),(559,'public/curso/26/capitulo/287/imagen/4/M0AMCxClowv5wurRgXMQVNbOQLFzOrtQCdLLD6tG.jpeg',287,4),(560,'public/curso/27/capitulo/288/imagen/1/hgNoG4oKXfvoRXEP1IRRNLdp0OM37XDSChsmV77c.png',288,4),(561,'public/curso/27/capitulo/289/imagen/3/YsIrdtCnXzXWzbgthOy0tcaoR22ckOLSDxkUW6o9.jpeg',289,3),(562,'public/curso/27/capitulo/289/imagen/4/5MvVxTvW1Bl0hYnoKqn5c5M2lcPNUs4yyG6rUrSo.jpeg',289,4),(563,'public/curso/26/capitulo/290/imagen/3/322mCYUGVFAPSaD9UG0DJq1gvIR4fqu3Zh07KtSA.jpeg',290,3),(564,'public/curso/26/capitulo/290/imagen/4/LMHuO9UwWWDcVbwyXlLCfqfPsOAFq1ys9QhTjNfJ.jpeg',290,4),(565,'public/curso/26/capitulo/291/imagen/3/I8FsuBvykZMMR0dDKhpH6iap6RHwplVJGZWZKsOB.jpeg',291,3),(566,'public/curso/26/capitulo/291/imagen/4/OeN8E3Zf3fbxH1HBJOrU4BnsdisczJw3DRFmfkkF.jpeg',291,4),(567,'public/curso/26/capitulo/292/imagen/3/d7lcMhVd8z3R6TnWy5NRjNWgtWYskq9gYm03LklV.jpeg',292,3),(568,'public/curso/26/capitulo/292/imagen/4/9JeRWWbyAnuYbloQtHwx5KB8U6B10sV9sfPloB8w.jpeg',292,4),(569,'public/curso/26/capitulo/293/imagen/3/cq5sHwzNgtayheYvp5n7KvseqcxxhOi3XtrO7KOo.jpeg',293,3),(570,'public/curso/26/capitulo/293/imagen/4/dy3PCAmOZRFjdd74eV0sZdr0q2B1MAtakegqOZO8.jpeg',293,4),(571,'public/curso/26/capitulo/294/imagen/3/3FAZs0zjlMNCgiqcMG06GtIXNGbXaqvySLGnZ0kL.jpeg',294,3),(572,'public/curso/26/capitulo/294/imagen/4/KjGHOACa79tDPWSJyzQr1nm0hothqDdAnaDflrYb.jpeg',294,4),(573,'public/curso/27/capitulo/295/imagen/3/gdKN1pc70XcNDfD3ize55CT3WNzcGvBG1PnL4Je4.jpeg',295,3),(574,'public/curso/27/capitulo/295/imagen/4/odCc1RwPURvIzUxLaa97MgDanpkHcRQbGMYejWRg.jpeg',295,4),(575,'public/curso/27/capitulo/296/imagen/3/4O9uequeagFTgL4TlhbTqtwXvyp40dPrT5Ma2FjF.jpeg',296,3),(576,'public/curso/27/capitulo/296/imagen/4/D6gmQXt4FesBfSMRpDeZ5LaK2d08oA1C9o3YguRc.jpeg',296,4),(577,'public/curso/26/capitulo/297/imagen/3/wqgexK8MYxbrqRfjk11M3ughQMXfEVn0jNXmNXTL.jpeg',297,3),(578,'public/curso/26/capitulo/297/imagen/4/ZkdV3k0ebZ9wkFyLGLWG2ZEE1BjgxM9xx9ixsSF8.jpeg',297,4),(579,'public/curso/27/capitulo/298/imagen/3/Neg0yGVyT9JXjW7Vu9MKO0N2qBEzqRZJhU5fsTSh.jpeg',298,3),(580,'public/curso/27/capitulo/298/imagen/4/HhkLEEInGRcIhVltMowICszhgjF01zYtwW1onorp.jpeg',298,4),(581,'public/curso/27/capitulo/299/imagen/3/ejot8PXpPGOG8xGd5YSjbDUxm9JcFoTRwaycsCQ9.jpeg',299,3),(582,'public/curso/27/capitulo/299/imagen/4/w4Ucd9uGfEV4xynAskfOfMugC5ajX1UgZWeMA4q1.jpeg',299,4),(583,'public/curso/26/capitulo/300/imagen/3/gpuBygJoYFJRqklEXxM7rwj9r46pU8H5alp5ISzW.jpeg',300,3),(584,'public/curso/26/capitulo/300/imagen/4/Bz14Ja0ZG28q0R0X1pLZu8sk5rkSwyDch3JjBfeV.jpeg',300,4),(585,'public/curso/28/capitulo/301/imagen/1/VxknHkJa8vykQt1Mtbsg9ls5cDDFkjSzNRMbLRrU.jpeg',301,4),(586,'public/curso/28/capitulo/302/imagen/3/fY6K7zLN5SDdcC2W03HvrDCBn0zHzj9x1iLq42B7.jpeg',302,3),(587,'public/curso/28/capitulo/302/imagen/4/tYgp3KNZbpHSaBNkvnoHhQ2waycLZUdMCbTyYXCe.jpeg',302,4),(588,'public/curso/26/capitulo/303/imagen/3/CFvTdnQoyPVXKAI2BaceyF9HQf1cknIncamU77wL.jpeg',303,3),(589,'public/curso/26/capitulo/303/imagen/4/g9AaVWDa6sjdTfsFCfCpkKwak0zTFw2KFy4SWAoB.jpeg',303,4),(590,'public/curso/26/capitulo/304/imagen/3/fFccQ4XTzwDOZmVQU4PVawId373mVtoLLSRHQplG.jpeg',304,3),(591,'public/curso/26/capitulo/304/imagen/4/226XuR68WOpRTju1VwDqPzm9TQHXcjpxLb7tLWyF.jpeg',304,4),(592,'public/curso/27/capitulo/305/imagen/3/KDOsgZLtavCm6kmBAxauRdzGLACUTp8FuoNyPoe3.jpeg',305,3),(593,'public/curso/27/capitulo/305/imagen/4/eHa5eNAtSpVEl9DGqS00oqi9RVC7D8xprr4Rm007.jpeg',305,4),(594,'public/curso/27/capitulo/306/imagen/3/y3EswHOFVTQi9bj83FnEqoUTrtjvX9B6ze4mhr0E.jpeg',306,3),(595,'public/curso/27/capitulo/306/imagen/4/yEygAtwqXIr1WrkzmhBK30xI07K37TAmrATWeY7r.jpeg',306,4),(596,'public/curso/26/capitulo/307/imagen/3/YEK32sSLKVdUd8YiriwykvtAQ2Vp87OdQGxiOx8f.jpeg',307,3),(597,'public/curso/26/capitulo/307/imagen/4/HygiUT0VKWOw3KSfo5INoceHThpB1UOrKLbO3bQu.jpeg',307,4),(598,'public/curso/26/capitulo/308/imagen/3/z65DZfFtIGZWRak6joX8jEtMrDEgLzC94XvazT6u.jpeg',308,3),(599,'public/curso/26/capitulo/308/imagen/4/haTmA1QxkNx4ee81cTEVOn9KjlsZjImThGKPUOZ5.jpeg',308,4),(600,'public/curso/27/capitulo/309/imagen/3/UD3t24b4YSQDUl3xAwkIDI8urYJqCwsrMxnYXVjo.jpeg',309,3),(601,'public/curso/27/capitulo/309/imagen/4/Ageypef9efLg2VC566icAyhNFYAGFTd6tWt1xA5K.jpeg',309,4),(602,'public/curso/27/capitulo/310/imagen/3/0FPdhQBzNkMIv8NSx0MECFOepMGTgD1yiV6WScYO.jpeg',310,3),(603,'public/curso/27/capitulo/310/imagen/4/reMC9uFcCT0SeklU4AHE2O2VP1urrcToRBjVNWLG.jpeg',310,4),(604,'public/curso/26/capitulo/311/imagen/3/6VRkS5HOTRszcvCyQ1qqv4Q4FCMNEmJjxY14jIif.jpeg',311,3),(605,'public/curso/26/capitulo/311/imagen/4/hHhnZVxa4WZAv2lgiqVlAwFpDiK4g9dpPNsAYX1y.jpeg',311,4),(606,'public/curso/26/capitulo/312/imagen/3/zOvcM5HiDgP4SBEBAYSmJT3dzCeZ2kEczQd6U53K.jpeg',312,3),(607,'public/curso/26/capitulo/312/imagen/4/rwrPOpqpP81UUvvvfZak3P47wneJp9aka9rEy46G.jpeg',312,4),(608,'public/curso/27/capitulo/313/imagen/3/4EWb5G4GhtKFvSR8MFdO0OtDEhcBbUAN02AP3xd0.jpeg',313,3),(609,'public/curso/27/capitulo/313/imagen/4/ljWhS0wHTaw39Zd4csUNqN5Qo3451VquULYAOlVN.jpeg',313,4),(610,'public/curso/27/capitulo/314/imagen/3/Bo3301KlG7EpWzbybdxnzfhkT9UsluZPA8S7bXY7.jpeg',314,3),(611,'public/curso/27/capitulo/314/imagen/4/Ra01lO10kaPYRz9QlaQ2hUNrGS8oNSpjuF5Qym5d.jpeg',314,4),(612,'public/curso/26/capitulo/315/imagen/3/VTm9SdNNF2zPMbCOqNVxbTm8gzE5MnrZFLeFQXDk.jpeg',315,3),(613,'public/curso/26/capitulo/315/imagen/4/nDN0gXicCwFhn3vzCajQwUiIaqzFTu0jz973BfcX.jpeg',315,4),(614,'public/curso/26/capitulo/316/imagen/3/URn42M1ih41XSjhHJa2EZZmFu8guaSbQLnxhyAOr.jpeg',316,3),(615,'public/curso/26/capitulo/316/imagen/4/Dh2tJ83bf1eyoeV6mWnE0gdVtMux0SlXpCgbAkxa.jpeg',316,4),(616,'public/curso/27/capitulo/318/imagen/3/Ah1VFWcqOlEMvqm9bSXx6BSOFkz0g2z1vmyUMqvH.jpeg',318,3),(617,'public/curso/27/capitulo/318/imagen/4/2uSLsBjkP2gpl0QmXi9YkNhpf7Yzt2mnBDImNn5x.jpeg',318,4),(618,'public/curso/27/capitulo/319/imagen/3/TJlIZgkIR3itGIpYuqTINQVIK9hlQCL3sgKYaFOZ.jpeg',319,3),(619,'public/curso/27/capitulo/319/imagen/4/ue17rsc0xJbbnEm236axXcvo3ui2rzyuk55L9Ag7.jpeg',319,4),(620,'public/curso/28/capitulo/320/imagen/3/x8VWhaZQU8UswqcjmcB2KVIJpSGimAuKluoT3epv.jpeg',320,3),(621,'public/curso/28/capitulo/320/imagen/4/mbGFs7vHhx7OKsEC8p7beFQ66V1D1CoobpbSFNaU.jpeg',320,4),(622,'public/curso/26/capitulo/321/imagen/3/rRsR3d0u7ZJn5REtk1JqKIwzzFXghmbpLLA4HvyD.jpeg',321,3),(623,'public/curso/26/capitulo/321/imagen/4/ug35umxCuL94jD5yzQgR7fJDBvTo8hGtPvlmBS3t.jpeg',321,4),(624,'public/curso/26/capitulo/322/imagen/3/JDIzihLlDaRu6FdFVbHQMuNqc0EoLT844j1CoCZl.jpeg',322,3),(625,'public/curso/26/capitulo/322/imagen/4/Z355dclLmracXnuIga2ztLgFQ8Sh8O0pvX5emCRj.jpeg',322,4),(626,'public/curso/27/capitulo/323/imagen/3/JKaPHEnYbqXOm8H4fQjhha6NNYV8FEzQradmPulU.jpeg',323,3),(627,'public/curso/27/capitulo/323/imagen/4/T2FVRWsGvUcgEaRpbvdEGZi7cYAEu2io6m2EAqOR.jpeg',323,4),(628,'public/curso/27/capitulo/324/imagen/3/HjklgpmXcNE1SO3vKqPnndSE7ctfqa0VSyB3T8p4.jpeg',324,3),(629,'public/curso/27/capitulo/324/imagen/4/ejYtibjcDpjTTdkUh82gxa7itVQO37WWejOQdO1F.jpeg',324,4),(630,'public/curso/28/capitulo/325/imagen/3/sVNDF9NS8vKUjOFNaPHFoyfgM90qXHzhkDgtja2Z.jpeg',325,3),(631,'public/curso/28/capitulo/325/imagen/4/aeg3n8Eckk7yxqZwKenksKh9Ha1N0AXN4K2LEijY.jpeg',325,4),(632,'public/curso/28/capitulo/326/imagen/3/24FiTDcgh6OgZgCwad7gieczvkE2gnBLTqPaV6yR.jpeg',326,3),(633,'public/curso/28/capitulo/326/imagen/4/uwRDObKs952lw7SU4CspXMFEGh1IQSNO9gDF2tCY.jpeg',326,4),(634,'public/curso/26/capitulo/327/imagen/3/eWw1yAJlbUQH5Loq1C8zLldTz5pdsbPJ76BjVQ3b.jpeg',327,3),(635,'public/curso/26/capitulo/327/imagen/4/0W8LeEs9sa8bKd1uaMrjKkGDGm17vIiaZdozMolt.jpeg',327,4),(636,'public/curso/26/capitulo/328/imagen/3/Bomjn8mpQIdTxQsxev6XgI8Yw0uaoODMT3LnnrNS.jpeg',328,3),(637,'public/curso/26/capitulo/328/imagen/4/C36FxK0YYHmK1I2jOsKyO9G9qinevom16HKybiS3.jpeg',328,4),(638,'public/curso/27/capitulo/329/imagen/3/1HSX3Jm0SECtY2kqm166MEntivsB0WYkmrZwGyI6.jpeg',329,3),(639,'public/curso/27/capitulo/329/imagen/4/CALkvSX0cJ7nA1UrSSpzSCMTrycTUclei8bCyVJK.jpeg',329,4),(640,'public/curso/27/capitulo/330/imagen/3/Y7J2EJo2JetkgZbSZnLnaIaPZKYM0Y90sjRxuMho.png',330,3),(641,'public/curso/27/capitulo/330/imagen/4/141MgH4XvSB2aaM7mAdsFbH9iTFkBINQrJ5H2lx4.png',330,4),(642,'public/curso/26/capitulo/331/imagen/3/3W7Vbtunr3PQLVXQ0jR4j4Epov9CIfizaJQ3ADbX.jpeg',331,3),(643,'public/curso/26/capitulo/331/imagen/4/fDgIm3VmXFiy4aHz3bnTeETNqUE61TDBrt2hbHkS.jpeg',331,4),(644,'public/curso/27/capitulo/332/imagen/3/6AqG8huXiyNkjyp8jx59VjSGP5fMAPpWd8Y6SUaL.png',332,3),(645,'public/curso/27/capitulo/332/imagen/4/AJcOINEsNpgvpaBK65jF2lQ42hJxYAz0Gc9RuF3h.png',332,4),(646,'public/curso/27/capitulo/333/imagen/3/lyiutidrsYXPmbQjMEFe4htiDvHVSrFtk7OCN5HK.png',333,3),(647,'public/curso/27/capitulo/333/imagen/4/beLgwZCamlgVYW0MvOAdnJxzp2oNVAI2j96EZAcc.png',333,4),(648,'public/curso/28/capitulo/334/imagen/3/uT3KVzXGRlN1qsUM3SRV6411kPz5TwZKL01c6uPg.jpeg',334,3),(649,'public/curso/28/capitulo/334/imagen/4/E3LNBqYskUOGPQ8KL9jYJmFKldk34ZRnibXCBWfe.jpeg',334,4),(650,'public/curso/28/capitulo/335/imagen/3/aSvoWKg1b1hezjfVsYNe7zPni6S8rQlUlfOHCNgS.jpeg',335,3),(651,'public/curso/28/capitulo/335/imagen/4/R4LfEaoCXhl2QRd3cTO9WS4fCr4JNcX3r5QZRlby.jpeg',335,4),(652,'public/curso/27/capitulo/336/imagen/3/o8tTQHDp5BvcEN6kNbAjpxqrFnc7egIdcEQSuTUc.png',336,3),(653,'public/curso/27/capitulo/336/imagen/4/LRXOQN7NOudvKsrmMqLDWPlO9eDf72zzB3NbcilH.png',336,4),(654,'public/curso/27/capitulo/337/imagen/3/2msjbJKJ4BM2bMHseHrIYa16kj9ZWcNLJU2gDnbT.png',337,3),(655,'public/curso/27/capitulo/337/imagen/4/S2xaRQ3nlQsXoXZaEI9MAsgMrIIwSQd10H6sIW3a.png',337,4),(656,'public/curso/27/capitulo/338/imagen/3/sfJfqEQmLXWDenmlWnLtSV95Ui2LWu1seVprpSmO.png',338,3),(657,'public/curso/27/capitulo/338/imagen/4/i65REllFphjcuGB3CIDUn1nK9ASHr8RoohTr10I8.png',338,4),(658,'public/curso/27/capitulo/339/imagen/3/RaHFwYJxLKOceXRT9CsHvwJeKgudOv9xNe6QyJgL.png',339,3),(659,'public/curso/27/capitulo/339/imagen/4/8qZfBy1WhK3MIYvfYViLpDWuVZejmAzeAYDKM6k3.png',339,4),(660,'public/curso/26/capitulo/340/imagen/3/tb4DlMciEOS1EwwYSpKU9TGv0DjTFoAWza0S7RUM.jpeg',340,3),(661,'public/curso/26/capitulo/340/imagen/4/XW4iGtrFQ4OEuaR4okNbFqd6JBnX8En9Zx7M656n.jpeg',340,4),(662,'public/curso/27/capitulo/341/imagen/3/tqjOnYlVTGMLwL1QmJWSnNitQ2xm1r8QcXLqTA8u.png',341,3),(663,'public/curso/27/capitulo/341/imagen/4/V7IR9wjWjn6HyhsleTRXDixHvf7VGWgarkv9dgwo.png',341,4),(664,'public/curso/28/capitulo/342/imagen/3/0JBvmZ6602zf5D6UzR3fhaFgtC39d5g3OfjnSSqG.jpeg',342,3),(665,'public/curso/28/capitulo/342/imagen/4/q8mNOMrwohARt1GdrecZr7r5SxiRUu96iGmHHe4X.jpeg',342,4),(666,'public/curso/27/capitulo/343/imagen/3/pNLQYO1Uf3UZFqvocOjMi9N79thpo4baqBW5DktN.jpeg',343,3),(667,'public/curso/27/capitulo/343/imagen/4/o6xcdZ6XY84vYYiEWUbgV62VQqyr3MAJWQR8h1s5.jpeg',343,4),(668,'public/curso/29/capitulo/344/imagen/1/nk68ObxxYh8FDUyAkJWh7ZQOwfGZOTw5PfqWNemJ.jpeg',344,4),(669,'public/curso/29/capitulo/345/imagen/3/wumNaGEQz8VzPFpED0pdnCqv4r1hgH4EjacOJZwz.jpeg',345,3),(670,'public/curso/29/capitulo/345/imagen/4/U06twqx8OBe1eXCOQ94npC8b48iZoxHke3mhRR2x.jpeg',345,4),(671,'public/curso/30/capitulo/346/imagen/1/CThHUUe5BFZxgbK0RdBqlc5ghAjNwdD7j1AW6lss.jpeg',346,4),(672,'public/curso/30/capitulo/347/imagen/3/A1Ovdk4uz18hIT8vUqObodmHHgFbFGwtKpuWlFXU.jpeg',347,3),(673,'public/curso/30/capitulo/347/imagen/4/MOtBBSVWF9ZQ8TdGvibNKi4QfqeQ3rYlZbQNmMDg.jpeg',347,4),(674,'public/curso/29/capitulo/348/imagen/3/ArMjOdsG9C7HpiK2XZm51EO6HvOEU1VRkqqLWqEt.jpeg',348,3),(675,'public/curso/29/capitulo/348/imagen/4/BaYcKCZ30cGzCoRX7QU3uwHPF3GJHMjOpyrZjRvU.jpeg',348,4),(676,'public/curso/29/capitulo/349/imagen/3/sKWild6xPvEdTOJrgdymbeqVAu323pCVOWcPHdhh.jpeg',349,3),(677,'public/curso/29/capitulo/349/imagen/4/BJzizBBcBioN1blvR6c3YuUi2Xf7ElKkrRGI5lUh.jpeg',349,4),(678,'public/curso/29/capitulo/350/imagen/3/v5tZalbGX6QUiNQ5SdDvbVbiXMC7RxVGTsnw1K5n.jpeg',350,3),(679,'public/curso/29/capitulo/350/imagen/4/uL710jc8BWj7tOPj6QF6o1JfcrilIHTMeniyUjZh.jpeg',350,4),(680,'public/curso/29/capitulo/351/imagen/3/rrknS31m3e0GGJaNdSfYHaiOBa3c8Fgn8M7sGDwK.jpeg',351,3),(681,'public/curso/29/capitulo/351/imagen/4/WughJjpHy8LMmNRbC3bZDJ07yqq5LmIdrHQjemkt.jpeg',351,4),(682,'public/curso/30/capitulo/352/imagen/3/s7BlonQgbUEIvT4c9BUhum9jNoZXyuGNfnXmQK8D.jpeg',352,3),(683,'public/curso/30/capitulo/352/imagen/4/PW6OM5Hl5VA38tjSsekMFOXOY2Y0ZMgGJ8WTs1w0.jpeg',352,4),(684,'public/curso/29/capitulo/353/imagen/3/UawKar6EkXSgJdtC6XSThzyK5dbJD3mYnasPqeOt.jpeg',353,3),(685,'public/curso/29/capitulo/353/imagen/4/7qjXNnXuq4UUU3nSto90Jm80EI5a8bdRaLgnycbH.jpeg',353,4),(686,'public/curso/29/capitulo/354/imagen/3/dtEPGMlRQqAAZPvu5tRRdt6uBTRkpa9QPoo1qu5U.jpeg',354,3),(687,'public/curso/29/capitulo/354/imagen/4/VxEviDeKWeHLTanIcPNUWOP5pmqDmqUcv7RVBSZP.jpeg',354,4),(688,'public/curso/30/capitulo/355/imagen/3/IgXFgyKpoDG8IeHxPRGz68B2rw5mlNjezzfK8tTI.jpeg',355,3),(689,'public/curso/30/capitulo/355/imagen/4/GcmytLjZifi2ktzyHujBW5EV06sIJESnOpJ9U2vn.jpeg',355,4),(690,'public/curso/31/capitulo/356/imagen/1/IrgkxFQV3iyJ6znhblF0Ta2yOXLArBgREEEVkSSj.jpeg',356,4),(691,'public/curso/31/capitulo/357/imagen/3/UbvNfozIgFwe21w0Oj8b4ueiMfiq0HJv0hcm8H6R.jpeg',357,3),(692,'public/curso/31/capitulo/357/imagen/4/dB87Ft44mP4n6QK5aDxqJhvr0DuqID1l9MruFq7S.jpeg',357,4),(693,'public/curso/29/capitulo/358/imagen/3/okSH0mXhJ9oBppx0jB6B6znNGglekxb1xgQIPunt.jpeg',358,3),(694,'public/curso/29/capitulo/358/imagen/4/NXBfcvaea6Cinq1EE5d8i6TK4Fy3WOJ1YKgfV8zO.jpeg',358,4),(695,'public/curso/29/capitulo/359/imagen/3/povrpG3ad5rRyP2ngldtM2YizLc5ErU0cP1bSkBz.jpeg',359,3),(696,'public/curso/29/capitulo/359/imagen/4/N6m57E2FvkktkaCjVlMc6KwU6WQNae6JnZoHnT4V.jpeg',359,4),(697,'public/curso/30/capitulo/360/imagen/3/nAwoBCtnGHlzU4JAtdeUMfLyjxtPQset6H8X0xzw.jpeg',360,3),(698,'public/curso/30/capitulo/360/imagen/4/Y9UK6D6dQNi1UEHK9RaQ7MTX7dhD4L359kLwT43f.jpeg',360,4),(700,'public/curso/29/capitulo/362/imagen/3/eRBO8r9d2dU0jtcqLX9AZhxs1ExiIJE1b9edwFdO.jpeg',362,3),(701,'public/curso/29/capitulo/362/imagen/4/ZZxbe5ETGULIIVKU99PZR2EMAy26x2LxR8yiCeDy.jpeg',362,4),(702,'public/curso/29/capitulo/363/imagen/3/FPOp6EgZGWB7T36hdA26uVd6onHA4QGBAw1pOvZ4.jpeg',363,3),(703,'public/curso/29/capitulo/363/imagen/4/XOGJc0xIAO9MZFo95Pa7wp0GJMMtDhCw1Y65R5Ht.jpeg',363,4),(704,'public/curso/30/capitulo/364/imagen/3/X98Jm0aTEhaj4m2rC7wMOFELqeyjQC7tTXp7ASHt.jpeg',364,3),(705,'public/curso/30/capitulo/364/imagen/4/VG5YlWqCOFPqBkZB9fQzRofPRpOq8WRpd1Pnaqoo.jpeg',364,4),(706,'public/curso/30/capitulo/365/imagen/3/z3QIbT9u1DHAE4kfQS7PpJTczt4CDvYIOtswuXwi.jpeg',365,3),(707,'public/curso/30/capitulo/365/imagen/4/MUm2U9bRbv8jriUE1KPW3PmqlKYKqKircMk7Bo7Z.jpeg',365,4),(708,'public/curso/29/capitulo/366/imagen/3/j4c8QNpG57NOla1Trb85sxIsC2MxB9jpZo2mrJg7.jpeg',366,3),(709,'public/curso/29/capitulo/366/imagen/4/u7jzrYNADygo58AZspUdzXrbFSyBIkrSSHm8UdMz.jpeg',366,4),(710,'public/curso/29/capitulo/367/imagen/3/bKIRGzckxltIgy1NAuw5OKNDefmTt44Mixlct0Z1.jpeg',367,3),(711,'public/curso/29/capitulo/367/imagen/4/N9eOwQ8uKjDhHzjpiLXZcqiogZfApUH6Siwl3Q4g.jpeg',367,4),(712,'public/curso/33/capitulo/368/imagen/1/FIjBofID6jPh7rG8jD3sqnTGGDBWDNs4pU40ARpu.jpeg',368,4),(713,'public/curso/33/capitulo/369/imagen/3/Nl57cd2JLx3JPbaKrTjCLo32Xc0LfJTlzMgVrW75.jpeg',369,3),(714,'public/curso/33/capitulo/369/imagen/4/IRpOCqwEBtJrLW2t9qMekZhPYb6H6so6sNSpFRAQ.jpeg',369,4),(715,'public/curso/30/capitulo/370/imagen/3/lVKRbRrUxFMqZ0Rk5jB7zlRzLhDkeZOygVTmleMa.jpeg',370,3),(716,'public/curso/30/capitulo/370/imagen/4/P8gpVCUyZvQDoADqeQKeVmO1T2VRx3gVkYj8VxIA.jpeg',370,4),(717,'public/curso/29/capitulo/371/imagen/3/xfDgTxMPp2Nvvge7EL8Gbnb5jZN8jruuDJEEwsuq.jpeg',371,3),(718,'public/curso/29/capitulo/371/imagen/4/LeCFtslT3aVEwVGT7yv7huZejCidm2a0kIXqWb1i.jpeg',371,4),(719,'public/curso/34/capitulo/372/imagen/1/dY3qCg9SnfltdGhTQX6k0IdA00My6NwiR3ZDMQnE.jpeg',372,4),(720,'public/curso/34/capitulo/373/imagen/3/euqAv3KTBjRqfCAuT3KegNJpTwKPBSIVvfTwepbU.jpeg',373,3),(721,'public/curso/34/capitulo/373/imagen/4/TqPQWnWONCQOGZQ83dteaPjNgoLrTxbxOGK7L4K0.jpeg',373,4),(722,'public/curso/30/capitulo/374/imagen/3/LK1WKVcgiTQFSh5B4wWWzL7nZE9B7lytvEKRUKLJ.jpeg',374,3),(723,'public/curso/30/capitulo/374/imagen/4/njIU0XZcM2AHIxoRlYUKkNkrY05O0ghN9YJ4WS5c.jpeg',374,4),(724,'public/curso/29/capitulo/375/imagen/3/SCSAnx8FlSrSInTtI7TyCkAnrNRAg7QnDaTPZPz5.jpeg',375,3),(725,'public/curso/29/capitulo/375/imagen/4/EOCR88GKHZswS3y6aFC25m43Zgjy9cVL084FtoMo.jpeg',375,4),(726,'public/curso/29/capitulo/376/imagen/3/y3MCfIhfBkLY4MhliXWGyundWLmP2fgNfaBZKdvb.jpeg',376,3),(727,'public/curso/29/capitulo/376/imagen/4/qaHl1nqus94ohScxqoEyD1o4tCdqhy2wSVH12gon.jpeg',376,4),(728,'public/curso/29/capitulo/377/imagen/3/Y5vrCWR8uTLVgKcYibbFu0PKaneGZuybt1gBoERH.png',377,3),(729,'public/curso/29/capitulo/377/imagen/4/1gxgQh4vmDlQZ0ie0B0lKmZEZ9Ww52YI0qWSWCXf.png',377,4),(730,'public/curso/29/capitulo/378/imagen/3/NYjPxe2bblFQHZxQ82FdG9aDUWJFhTpgYlgHMpE6.png',378,3),(731,'public/curso/29/capitulo/378/imagen/4/OfktZSJkfIsAgTDNVqMTHiFGety4TO8JoJQ8jotB.png',378,4),(732,'public/curso/29/capitulo/379/imagen/3/EQNaHiznVfrgYI7PMc48oCA5hZAZMFEpE0tABmMC.png',379,3),(733,'public/curso/29/capitulo/379/imagen/4/GEt8YxNsU7UPG8zal8Skky4uUyeAsvf8CqL9bOlZ.png',379,4),(734,'public/curso/29/capitulo/381/imagen/3/p8jlsqKK71ZWK3i1f4Y5HqJzw0vFB55c3UCAmWpY.png',381,3),(735,'public/curso/29/capitulo/381/imagen/4/90N4NcQfKRgo3LEcU6cHU9vFoY6Ai2fQzUCTEhju.png',381,4),(736,'public/curso/29/capitulo/382/imagen/3/3As5rCLwRw6hPIEK81xZPhRnFjKzYw6OfBCy36YZ.png',382,3),(737,'public/curso/29/capitulo/382/imagen/4/EBD5k9uvyHyrvC9J8sVQza1YGUMCJkHerhZ81foc.png',382,4),(738,'public/curso/34/capitulo/383/imagen/3/r8tMhRrjBGTUilt7aCsdVwLLSvMv0tG1y9fQ8PAC.jpeg',383,3),(739,'public/curso/34/capitulo/383/imagen/4/rmVmZiRjYppgNRgej0bKQEHSN60TMHDhSKCI0JjN.jpeg',383,4),(740,'public/curso/34/capitulo/384/imagen/3/tlGVk2fhJf3tA8FRbhNgkRClLIUbPN7yiHTyRjWh.jpeg',384,3),(741,'public/curso/34/capitulo/384/imagen/4/x1luiufpm6paj98nUiqVfXxD6yD74SHlfjrSxa5W.jpeg',384,4),(742,'public/curso/34/capitulo/385/imagen/3/xjFzJ3YLSwnmGsIUJ7MfkkWpt2XOC6h3hX7WOKKp.jpeg',385,3),(743,'public/curso/34/capitulo/385/imagen/4/bJBvllKGLG5MVuDHP0Ftf79ehnwW17UMC6u0o3nN.jpeg',385,4),(744,'public/curso/29/capitulo/386/imagen/3/BONXhr4EngrUsKJ55URifmDNp2QT5kGAADB47yl7.png',386,3),(745,'public/curso/29/capitulo/386/imagen/4/WOjX9gKmPmdInGzy5asezAow8r8XolVdrVeTABxx.png',386,4),(746,'public/curso/29/capitulo/387/imagen/3/XgqokZNGPrVMfNAVDk6qwrCLMov3vHArHjdaVlOz.png',387,3),(747,'public/curso/29/capitulo/387/imagen/4/apMPdweaO7YN34jy86Rl4qhzj7WB7rAJIMnXT7DK.png',387,4),(748,'public/curso/34/capitulo/388/imagen/3/DKYCIQ877dJhpLi8Op7kGTYC2dxgzgN3c0SeFIyl.jpeg',388,3),(749,'public/curso/34/capitulo/388/imagen/4/G8Dq13cMEY5ke2bdoP6fQ1m0JoegqVOwCZeyZ8js.jpeg',388,4),(750,'public/curso/34/capitulo/389/imagen/3/rG2POcwjMxGTBFw43YfoaKKZME0Cj2rsv2wXY3Dp.jpeg',389,3),(751,'public/curso/34/capitulo/389/imagen/4/q66HakKK8aIhgBohtbWHE3NV7tuXufMFG75VlAVN.jpeg',389,4),(752,'public/curso/34/capitulo/390/imagen/3/wSBgp7MDiVzdpWfsJ3uLY8bTfIqpLTMrZI7mtOuC.jpeg',390,3),(753,'public/curso/34/capitulo/390/imagen/4/2IYdDTtTji17uBCaG4lL38zT10f39bN321qaHHFd.jpeg',390,4),(754,'public/curso/34/capitulo/391/imagen/3/ss9x28IT7PQwFDPxzLDBRn1wCjGfLpFe1q8KakvU.jpeg',391,3),(755,'public/curso/34/capitulo/391/imagen/4/2GwZ9iB6fqmwL6ckuQCVUskkYyLDlV6CwpG7q6qR.jpeg',391,4),(756,'public/curso/35/capitulo/392/imagen/1/knFD3bAk7gJL2mzfxG9rQkFCPhNTzIEz9sYHrCbu.jpeg',392,4),(757,'public/curso/35/capitulo/393/imagen/3/K5Rlh0uf3b6YNlzeIXlmx3QFwsOhInFE1gy98EJo.jpeg',393,3),(758,'public/curso/35/capitulo/393/imagen/4/oficHsQxC95JhwMPr12k6TQrL7iSHDMHy8f5Gpqx.jpeg',393,4),(759,'public/curso/29/capitulo/394/imagen/3/SguHLbJUgPQVwvXGDABgYIB0hD0guWboP2FapYZ5.jpeg',394,3),(760,'public/curso/29/capitulo/394/imagen/4/ktebnRDmLTJI9cZBGriBdMGrbqi9HNcOoGPqdVN1.jpeg',394,4),(761,'public/curso/34/capitulo/395/imagen/3/SfxZX0qmTvM1j4gmzi5vFqgiMKQBpQ36pw1bPS6R.jpeg',395,3),(762,'public/curso/34/capitulo/395/imagen/4/5fVO1wJ205zCxeWvnS0bUf7vuSLPfQ2Vi1XsNb1d.jpeg',395,4),(763,'public/curso/34/capitulo/396/imagen/3/MxE8LeEdTXbzIu9AA23ohGojam12LlGw9vPdG0Hd.jpeg',396,3),(764,'public/curso/34/capitulo/396/imagen/4/Q3XenNfxiCi1WbXdXUovKs6jAbVxcXdLKMhFuvwB.jpeg',396,4),(765,'public/curso/34/capitulo/397/imagen/3/7wnT9LQIMdfUbeXpWa8Ct1kNnP3kxrjIo9YT9ltF.jpeg',397,3),(766,'public/curso/34/capitulo/397/imagen/4/KiwrILv4iALvfTzLcTT5cuSU8C3kjBMMr9t1e822.jpeg',397,4),(767,'public/curso/34/capitulo/398/imagen/3/UlZuXwMGYco5XAEVRVBXF8QU57M9YyyM6FMyQYkZ.jpeg',398,3),(768,'public/curso/34/capitulo/398/imagen/4/ORPeIb9MRHR9cd1MU66P3jHRlaEFf3f56DUTxB5Y.jpeg',398,4),(769,'public/curso/34/capitulo/399/imagen/3/pqZs3XGHYTmyU4ZAt2vc33XYs6tDISrvjao6PBAK.jpeg',399,3),(770,'public/curso/34/capitulo/399/imagen/4/92o7xnyCXh6oDD4nzb1LyIthspWwLUQuJNtmbVTV.jpeg',399,4),(771,'public/curso/34/capitulo/400/imagen/3/X40JQQKp4ZmPrQh3WLkuxRqi0rOd6k4xGXR4LYQA.jpeg',400,3),(772,'public/curso/34/capitulo/400/imagen/4/xVVK73mIB4z2LwDSaKOXlkWGC3JQA9IKYT4HiuQ4.jpeg',400,4),(773,'public/curso/35/capitulo/401/imagen/3/avIOKfnGrK1orpdzgWKTFE5JNBZRe0Fz6Aa5Ddhq.jpeg',401,3),(774,'public/curso/35/capitulo/401/imagen/4/rjTXwhqi5QiELaPftCEYg5WkUnM7o452H3NlnYQ8.jpeg',401,4),(775,'public/curso/34/capitulo/402/imagen/3/7o8AWjdrkLiYnsp7VljHQV6ef5E1nW3YHr1jxZcW.jpeg',402,3),(776,'public/curso/34/capitulo/402/imagen/4/6wlVnVs9Dhg1JtvqSFDnIoMy7fPLQRH0XDU4tTW4.jpeg',402,4),(777,'public/curso/34/capitulo/403/imagen/3/iOYi8dZErS91bG5ykXMK0L2ZDLiTyaKRQQvP4iRy.jpeg',403,3),(778,'public/curso/34/capitulo/403/imagen/4/385bHSPJLulcsFfBMwOB0RqtYS6vEJGlthbT84Ky.jpeg',403,4),(779,'public/curso/35/capitulo/404/imagen/3/mZkYa1Gzi6wP5GsckPbNkncl46Maed7t8oS1Prvn.jpeg',404,3),(780,'public/curso/35/capitulo/404/imagen/4/0YHB0lvwsVtqzHMUwuhfTANz3Y3ELb4QtT4kLCQF.jpeg',404,4),(781,'public/curso/34/capitulo/405/imagen/3/aP6Z2nChAEP1mpuQVH4Qqz4eJfY3K39TqNIYvm8k.jpeg',405,3),(782,'public/curso/34/capitulo/405/imagen/4/ibSdaiLu0MhnYQ7xNOPrTCfFdQPFoPNO9rhrYgMC.jpeg',405,4),(783,'public/curso/34/capitulo/406/imagen/3/GhGDhHkQ4GRWroyJnTT8yL9nuk3lxstZfo8ry277.jpeg',406,3),(784,'public/curso/34/capitulo/406/imagen/4/VwX7AV3u1pHY1Odbmaltg04BlA3vHY9YQUss0tBS.jpeg',406,4),(785,'public/curso/35/capitulo/407/imagen/3/iZXPaUwAfg1JsJIMEBtB4SbU9PJyiFFs4qXL2eTf.jpeg',407,3),(786,'public/curso/35/capitulo/407/imagen/4/EDtqXAsAb4rNU03ubX0S8I7LDEClftQ5B6dcfhq7.jpeg',407,4),(787,'public/curso/34/capitulo/408/imagen/3/7FYxIJMLBjuAIHxX3hAUT5gBKjUsDMuQWrEEUbjF.jpeg',408,3),(788,'public/curso/34/capitulo/408/imagen/4/13cNMCPAn9ebAsbo16rVZFPnjbZFYenE9XoXqli8.jpeg',408,4),(789,'public/curso/34/capitulo/409/imagen/3/IVFjdgypQalurcvSbcTtFnMPGHGCJN6cDlchKOlE.jpeg',409,3),(790,'public/curso/34/capitulo/409/imagen/4/w0YtOqwniGFu1Iu0Rn8TQpx2dtxqOjFxnXpsETcv.jpeg',409,4),(791,'public/curso/35/capitulo/410/imagen/3/VHVJD1sIhG2wBh9b380Ngn3Re1AJFr56xcKE1LQN.jpeg',410,3),(792,'public/curso/35/capitulo/410/imagen/4/RKQVGuUPCw1rNfvhESz6sbJIyI8zwc79zjSkRGz8.jpeg',410,4),(793,'public/curso/36/capitulo/411/imagen/1/IAo98ABnNVMD1A1butdHdgi5FtR9GVbwlnFtX1g9.jpeg',411,4),(794,'public/curso/36/capitulo/413/imagen/3/GAr6QfcCbOPkv1Tt34Ixa9PTdVwuLXxsJVWmvsks.jpeg',413,3),(795,'public/curso/36/capitulo/413/imagen/4/5q0n0off7qZ0nm5XFPONPMlxFWFJbkQJxpC41DOK.jpeg',413,4),(796,'public/curso/35/capitulo/414/imagen/3/BIZloxRb01Cp6b4P0FB83l6Fh9pk5QhspVYFDIuy.jpeg',414,3),(797,'public/curso/35/capitulo/414/imagen/4/eH6wcuu0tZmaktMb5tvSwNffytcjd76sfcBMdeuT.jpeg',414,4),(798,'public/curso/34/capitulo/415/imagen/3/68TPmoowd2uymjnI9osjbGGVdwXEbtrK3vkJDwj9.jpeg',415,3),(799,'public/curso/34/capitulo/415/imagen/4/2FgeobgfNc1lQI5wMzCbo4hbd116wGyVpZhuWKEJ.jpeg',415,4),(800,'public/curso/34/capitulo/416/imagen/3/gfhRfUYynbMl1tqkEK8pwkZNhcUKtQrk3l2UnVot.jpeg',416,3),(801,'public/curso/34/capitulo/416/imagen/4/1dXs2notuJDvO37FPcFEkrsKbfenVTEHkn5rmx7C.jpeg',416,4),(802,'public/curso/34/capitulo/417/imagen/3/tkzloOOnVWi44sXFHSOSuB044JMc8BEMxMkPy8PU.jpeg',417,3),(803,'public/curso/34/capitulo/417/imagen/4/Mk65eDUvkCL7PsgmODjWFjnDXB1LsC6DT5GrCsVY.jpeg',417,4),(804,'public/curso/35/capitulo/418/imagen/3/HDE55y5mASiaQFuwCV9HYYRUBbYq6KsLcNbYhbaU.jpeg',418,3),(805,'public/curso/35/capitulo/418/imagen/4/PqIaZJXWhUYKD4MP8YSDDPowrrrfqcaaGCGlTCOP.jpeg',418,4),(806,'public/curso/37/capitulo/419/imagen/1/7Bedn8v90gaZY5NG75Mtd9uHlnOW6HD1kcrbyq3e.jpeg',419,4),(807,'public/curso/37/capitulo/420/imagen/3/iDUYqoTwYB4pdQCCubQ5YTCiEXTyEmQ7S50cJVJd.jpeg',420,3),(808,'public/curso/37/capitulo/420/imagen/4/8KOuxeZzlnVKUFWOd3C6xxDubVAtaACruo2cxuT0.jpeg',420,4),(809,'public/curso/35/capitulo/421/imagen/3/nVqZFZTFbn67b89Qt0IEISwFxiNT9y5206BpO6br.jpeg',421,3),(810,'public/curso/35/capitulo/421/imagen/4/3nN85ioTZQ4bi4ar3F65Zz32NjuL8c3AujYKdsC3.jpeg',421,4),(811,'public/curso/34/capitulo/422/imagen/3/mr0zXZvJTY7hZnyRq6REWmJgY7Y0bAniu8Nh5NWW.jpeg',422,3),(812,'public/curso/34/capitulo/422/imagen/4/kwttQN0BX75bHk7QgTZrUYzgUNiEhee0J20R0Rl0.jpeg',422,4),(813,'public/curso/34/capitulo/423/imagen/3/ORToGzFheb5WUpdGo8dcGXOedc8zyvhK7L5ykoSQ.jpeg',423,3),(814,'public/curso/34/capitulo/423/imagen/4/CxvulwxXIhG4crhod4HlDGd3TQXfErw1fMX86FVA.jpeg',423,4),(815,'public/curso/38/capitulo/424/imagen/1/hPkXb2CflykCN6yZ6Yq0LQOr3oCLMwRBWbxmww9F.jpeg',424,4),(816,'public/curso/38/capitulo/425/imagen/3/sLYCUn3hLtwKmZ3uD0c9crI3udqwfQzeFXeiwuYX.jpeg',425,3),(817,'public/curso/38/capitulo/425/imagen/4/7oWyA2s07lECiYV3oxDKUBOfmvarl3kJT98Gwa5z.jpeg',425,4),(818,'public/curso/39/capitulo/426/imagen/1/0WuFAc51nBP26Gg7ZxXmQoGMxvvXCjygFkf6oEA9.jpeg',426,4),(819,'public/curso/39/capitulo/427/imagen/3/b6mH0U5zLmwqnMos0EbpKgJIvyNkhS3OTUHowtnp.jpeg',427,3),(820,'public/curso/39/capitulo/427/imagen/4/4kq5Ts413YzJjlyY8lvlkvYgFdKt9HwUKSZteMA9.jpeg',427,4),(821,'public/curso/40/capitulo/428/imagen/1/wpkIr8KrFTdKM7L9lylIPwAX6TnPUZrspm6GD1te.jpeg',428,4),(822,'public/curso/40/capitulo/429/imagen/3/yDLidI4JRGGuZSneoxLBTaUtcfXied8ApAodGxKg.jpeg',429,3),(823,'public/curso/40/capitulo/429/imagen/4/P1NkvnL3OkP5QLQzSOVctjS4Mq0IXMxF1eOArbqB.jpeg',429,4),(824,'public/curso/40/capitulo/430/imagen/3/sXlGEMowJsCrnuU2FNNjkYAOXc9t60iFxAd7Plsh.jpeg',430,3),(825,'public/curso/40/capitulo/430/imagen/4/PvfYS5JPkacGL48Wo6C0ZlQuy3hKEI9kI6hfWuk2.jpeg',430,4),(826,'public/curso/41/capitulo/431/imagen/1/EZQmJROhILDHQHAR06OsCzYOqLzOFCojd9zRXwm0.jpeg',431,4),(827,'public/curso/41/capitulo/432/imagen/3/8wDQjnlg2Fb0OsIDAiTOQHRGlGhYrJAZKC3ypKll.jpeg',432,3),(828,'public/curso/41/capitulo/432/imagen/4/ON0Ndap3r3jFkmjmORVZUfHbgNscIktj155LMHU7.jpeg',432,4),(829,'public/curso/40/capitulo/433/imagen/3/43MtKzvya4KavLxEEE36AnBV4GYsj2bBsoTY7I3R.jpeg',433,3),(830,'public/curso/40/capitulo/433/imagen/4/NOh2WJH35Z0Z5AHRYRUmx6iBuW4mSNazaFK6fslT.jpeg',433,4),(838,'public/curso/40/capitulo/437/imagen/3/9rabYjEJoZvRXdplddbgBcVu72QAPz8bUBS29ArZ.jpeg',437,3),(839,'public/curso/40/capitulo/437/imagen/4/SDc4Z1fDAf8xlXbtMQvfbMmPojyQfX5HCpvtfB8B.jpeg',437,4),(840,'public/curso/42/capitulo/438/imagen/1/qbw4e4gqLuGMkvbIRMtumEuLHNZzZ7VwEvDjyGZH.jpeg',438,4),(841,'public/curso/42/capitulo/439/imagen/3/4QoBU6WkYlbAhzfovq02YQUrv5TtLKJBH2NzdL9I.jpeg',439,3),(842,'public/curso/42/capitulo/439/imagen/4/ESqkXGVG1OQQMKScWapL12YmtWtdHXxovRXhyYHQ.jpeg',439,4),(843,'public/curso/40/capitulo/440/imagen/3/PaiaNVnJC0o7MAw47RxJXsTE78noz97fSkLNwuIT.jpeg',440,3),(844,'public/curso/40/capitulo/440/imagen/4/e7eb33vu9TY4evFh08rPkdbcxfJnjprXIpRoo0Uq.jpeg',440,4),(845,'public/curso/43/capitulo/441/imagen/1/9pVDF4Y9oncfZcZqKsxUUVEVJ2n1WiNQlQ7YeZxI.jpeg',441,4),(846,'public/curso/43/capitulo/442/imagen/3/wbrV82QAzMjiv6Q1ammWo26u4nyZPLXzTsPDxsnU.jpeg',442,3),(847,'public/curso/43/capitulo/442/imagen/4/VzfE6KvFuM3evAwCsO0n6bjJvidwWVQDM5Afyqt7.jpeg',442,4),(848,'public/curso/40/capitulo/443/imagen/3/vh4mcNvfKbjs2gzMH29Ln5Pxq1CnjbdAGiw5WaeW.jpeg',443,3),(849,'public/curso/40/capitulo/443/imagen/4/mWymk00siW29rSK9zPEvB1bcgCzgCGJWtbwBqXYx.jpeg',443,4),(850,'public/curso/40/capitulo/444/imagen/3/O8O90U5BtIYp7umkiIk3QM94nCyEV8BsLSS9K3nV.jpeg',444,3),(851,'public/curso/40/capitulo/444/imagen/4/cCkDsjDECJDtMl0KCwX36Wm1K2MZbHl2MjDM0yuN.jpeg',444,4),(852,'public/curso/40/capitulo/445/imagen/3/ldce6LrgwC1cXXtmD4ZOCtB9tcZO1Y0H7pU1h4kU.jpeg',445,3),(853,'public/curso/40/capitulo/445/imagen/4/stRh2wDlnCmKl46T8zYc8pj6BVuRzZuZrWhpHQ9W.jpeg',445,4),(854,'public/curso/44/capitulo/446/imagen/1/XeHsD7XaW1F7r3dMMXD1tAN46hDsS5ViyEdYrxA8.jpeg',446,4),(855,'public/curso/44/capitulo/447/imagen/3/blRn7JLLMb75ofwZgV21pB6Djony51JcSbGwtFey.jpeg',447,3),(856,'public/curso/44/capitulo/447/imagen/4/8ya7Qhu8YyD9TiFMx7CVPSR1I9fJ4n0q73RoCGR5.jpeg',447,4),(857,'public/curso/42/capitulo/448/imagen/3/o4I6CJfmRDBfEJHtiw6YG4JBqrjVPxA983Qub7Sf.jpeg',448,3),(858,'public/curso/42/capitulo/448/imagen/4/dTBEMcVlRUM3qtAnYHOYiJAM1YG8criHFnXImlTE.jpeg',448,4),(859,'public/curso/42/capitulo/449/imagen/3/H5IRcfup0XkEqHTaEny7aFjyJkmWwkK0vTUMO46Z.jpeg',449,3),(860,'public/curso/42/capitulo/449/imagen/4/MGwJQhLDlk9eqMyKfBuK44sLHhIWRXkQksOa0OaL.jpeg',449,4),(861,'public/curso/42/capitulo/450/imagen/3/kc17W3e2HyEiBc2iCqLOeAwDMdJnX7Vf1PgoD5uv.jpeg',450,3),(862,'public/curso/42/capitulo/450/imagen/4/pnmfemsiS98HFYGSNgUXfPZDGfA3AiUieE0auxWC.jpeg',450,4),(863,'public/curso/45/capitulo/451/imagen/1/H2uVYKnLCc8A0r8kHKsiMfbsfpDXaCZuFvzp5HSr.jpeg',451,4),(864,'public/curso/45/capitulo/452/imagen/3/WjyBNTTKJ5h1HzMRcqAiouTctSU2XPXmiXop2O60.jpeg',452,3),(865,'public/curso/45/capitulo/452/imagen/4/C0RzJ4nkhkw0BlE0Al7kHcDV0dLOopDpHgnzRBx6.jpeg',452,4),(866,'public/curso/42/capitulo/453/imagen/3/kPHhLUJtNEWwrnxvwnnnI4r5LXnR8u3tBjk0XYQ2.jpeg',453,3),(867,'public/curso/42/capitulo/453/imagen/4/eZnsQnu7oaThp8nCk8eZYTBVsFMKt5wJtMFsoHKJ.jpeg',453,4),(868,'public/curso/42/capitulo/454/imagen/3/pTm8veQDsYnIXUPYwQtUDUeQUlkDsPJfTmWsBvsw.jpeg',454,3),(869,'public/curso/42/capitulo/454/imagen/4/1EzkI16gsN8c6yQ5s9ynK7gyPKQ5KSwrxPiq5fse.jpeg',454,4),(870,'public/curso/46/capitulo/455/imagen/1/PCZjGWPBok75BRVor7dyNoKyfQ28KlWtTuwlssz5.jpeg',455,4),(871,'public/curso/46/capitulo/456/imagen/3/aBGdEh5363iF65Nql0ceGzyIvF6weFXr3vnRjxjX.jpeg',456,3),(872,'public/curso/46/capitulo/456/imagen/4/K2U575rXeTIHMPXaE8kSVQGyDflo3gsx2kJbKJBI.jpeg',456,4),(873,'public/curso/45/capitulo/457/imagen/3/x8L1gTDNnJTVogp4UfsINdL5syFQuKnuETWScpay.jpeg',457,3),(874,'public/curso/45/capitulo/457/imagen/4/BC1XIuPHkTs1JDF1oewCCkZyQyQBK2XPhdriLLvr.jpeg',457,4),(875,'public/curso/45/capitulo/458/imagen/3/hQR8gHffXF6vYCb3x7SrOiFTPibObUfamjeW4j0L.jpeg',458,3),(876,'public/curso/45/capitulo/458/imagen/4/av3ds3cH1sfyiQg1F9fzvtpGYgBolLktT3Ey3nlO.jpeg',458,4),(877,'public/curso/45/capitulo/459/imagen/3/OF6u2czW6BAcI1hVpj3HgnZ3sqaNuKLIcXEHKZGO.jpeg',459,3),(878,'public/curso/45/capitulo/459/imagen/4/0HNyysqemH4Jf8Sz8h7JF0avU6AyME2DRz8i8qgd.jpeg',459,4),(879,'public/curso/45/capitulo/460/imagen/3/Nk2s4UJKjEUo8BqhtTPHVrTxXszfjCOgv5OXy8VG.jpeg',460,3),(880,'public/curso/45/capitulo/460/imagen/4/TK1vzGnHGOGCULYvPF6YusDbgT59Fx0zIZfxXPvZ.jpeg',460,4),(881,'public/curso/45/capitulo/461/imagen/3/ZhjsjXpoTRvRe1cORFBwS0GDmM1XwYLcwBoSnrYp.jpeg',461,3),(882,'public/curso/45/capitulo/461/imagen/4/qT9pPs6oNxrtn6oM9my1Wjg9kABfNpJQekwm1adn.jpeg',461,4),(883,'public/curso/42/capitulo/462/imagen/3/MXwZr56UyP916ms4kRJHhrXJEpqAAFkaOCT384md.jpeg',462,3),(884,'public/curso/42/capitulo/462/imagen/4/NsoNBj1RH0zUsUY4NCAoJeohDEIxo8Aer14nNrmD.jpeg',462,4),(885,'public/curso/42/capitulo/463/imagen/3/hNXBXDDwNbWntxcSN9ZV2yZFGEgv3IbZHpeEa7zB.jpeg',463,3),(886,'public/curso/42/capitulo/463/imagen/4/kO6OPVb1tQ43Ui2pJB7ryFopxsdX0RDfcxRY52ue.jpeg',463,4),(887,'public/curso/42/capitulo/464/imagen/3/RYaFPo9S9CfJUzglS41M3s9e1S7oTgTci8HPihfV.jpeg',464,3),(888,'public/curso/42/capitulo/464/imagen/4/fK55247XsIjh7fTnTdClbWS1Q3QZrLgIrbhbntnx.jpeg',464,4),(889,'public/curso/42/capitulo/465/imagen/3/eTJxE3ylVqcEpIsmRwGd1RUSga4BfZ22u0ObCPrL.jpeg',465,3),(890,'public/curso/42/capitulo/465/imagen/4/689BZKNfjwWdO6KTJ9cJVTTMgBBBp6qMagjR7upc.jpeg',465,4),(891,'public/curso/47/capitulo/466/imagen/1/RNnGLpgXev1RBf5TgI64NLJxPT7dlZ46c5z5Vd9k.jpeg',466,4),(892,'public/curso/47/capitulo/467/imagen/3/yhFpxtXE2IY1nuXNGT1OaqC4bgrhn0MsN0oMO5lx.jpeg',467,3),(893,'public/curso/47/capitulo/467/imagen/4/3CWAk1UM4fTtiym2khkhUp3ZXuV8SRZnL9m95PNI.jpeg',467,4),(894,'public/curso/42/capitulo/468/imagen/3/PfAfXY2RzKbvTxlnt3cqB36zxL4TSOKrS3GgaARe.jpeg',468,3),(895,'public/curso/42/capitulo/468/imagen/4/PxKi13raxVA64wgtNz493m3cexd7pPmyEq8AqmjM.jpeg',468,4),(896,'public/curso/42/capitulo/469/imagen/3/7y3S6NC4icIZ463c3SZvQ0P448KidMp3g199ASS5.jpeg',469,3),(897,'public/curso/42/capitulo/469/imagen/4/o2dg7cfQCGnTBTWxkhomiQDng51cyksGJLj9fAxj.jpeg',469,4),(898,'public/curso/42/capitulo/471/imagen/3/lrG394XmJB82nzhpRHDCGPmii2c57oLDaMeH4ywu.jpeg',471,3),(899,'public/curso/42/capitulo/471/imagen/4/QMJgxcbCdZdWhbhKCi3wa4M4iyw9vtVGldQwPNGQ.jpeg',471,4),(900,'public/curso/42/capitulo/472/imagen/3/HAbcZHz9GogTaF7iQQu4AB8sbeiAkTXBMhXAD5in.jpeg',472,3),(901,'public/curso/42/capitulo/472/imagen/4/q3nMxGX4382jHEr87en2afJuoaRBY5yC7y5r2iPI.jpeg',472,4),(902,'public/curso/42/capitulo/473/imagen/3/NtO0tRZGzvtPY5e3gS0GrkeT0pJC1sf481OWGUEd.jpeg',473,3),(903,'public/curso/42/capitulo/473/imagen/4/F21V7vhscYrqwKSFi4A5toi8xwrWZSw5P1JRNMzs.jpeg',473,4),(904,'public/curso/42/capitulo/474/imagen/3/lypsA5CrQ5QoqeHIVqK9um7577Z1wiMOn5DOsPGQ.jpeg',474,3),(905,'public/curso/42/capitulo/474/imagen/4/QOKHeCOPRZ45SiBcP4sKOQoyPjpRVbb3oVIy2fHN.jpeg',474,4),(906,'public/curso/46/capitulo/475/imagen/3/draJVrrtNsv5irBVDfFjutLTyp8md7fE3gUHWr21.jpeg',475,3),(907,'public/curso/46/capitulo/475/imagen/4/byIgTOo6ZInwuD9CuqCpOYfVXS7vxMky89ORSG02.jpeg',475,4),(908,'public/curso/46/capitulo/476/imagen/3/3jSK6dDuOUw5wvWqSUq9drniLQr0159coUVpgJlp.jpeg',476,3),(909,'public/curso/46/capitulo/476/imagen/4/ewQuRMLJp55CzPUQc0lERty7V3e1tydbDg31lrMM.jpeg',476,4),(910,'public/curso/46/capitulo/477/imagen/3/a0hbeSlPrMrZs5IZhmelSiZGj00GSYix5mV7hwn7.jpeg',477,3),(911,'public/curso/46/capitulo/477/imagen/4/B6HILbxIDqltHSkxDyq1LSDfY9hZlxwKLEDcrbi8.jpeg',477,4),(912,'public/curso/42/capitulo/478/imagen/3/RCC30smGQCcgflCysF8GnwwJ0ZGg0YTpT8kTLo6R.jpeg',478,3),(913,'public/curso/42/capitulo/478/imagen/4/p7zjLE6XTKwSY3Pf9YSGsGoRqoQ03j9r8u1m80Nc.jpeg',478,4),(914,'public/curso/42/capitulo/479/imagen/3/8ax3BKtYal1yJt7l5nBLO00dj2l2kzq7mZk7Xwc6.jpeg',479,3),(915,'public/curso/42/capitulo/479/imagen/4/7t1qMXoRvIC97osEJmvDlHnl4o6rgCUqKwyAQIpp.jpeg',479,4),(916,'public/curso/46/capitulo/480/imagen/3/M5V9YsFDIxu4O3wVNnjgE3RlgfXUOUBIZxFJ7ZYR.jpeg',480,3),(917,'public/curso/46/capitulo/480/imagen/4/Vic2URa1gwCWWcjjnFGgWxtBIMt8zCI8md3VJXEP.jpeg',480,4),(918,'public/curso/46/capitulo/481/imagen/3/vQocVdUikZdxkIxAdii6giAIXBAFqAZaeiP9GF1s.jpeg',481,3),(919,'public/curso/46/capitulo/481/imagen/4/oTgkR4AUu6tLNKA3u9ASp05bOl4WS7upulybXoFp.jpeg',481,4),(920,'public/curso/46/capitulo/482/imagen/3/mLRIQVtd7LauhlaxeuOor6LHT1MiTP9TUnlSl6KS.jpeg',482,3),(921,'public/curso/46/capitulo/482/imagen/4/wsOg2gsJitUirIbzjm8Z6sBIBIUJXp7KxEBKWg8z.jpeg',482,4),(922,'public/curso/46/capitulo/483/imagen/3/osaAqZvxSoJtDNnv4A7LzyK66UhdMOzO0UgV4yYp.jpeg',483,3),(923,'public/curso/46/capitulo/483/imagen/4/WxOEgZzbB2Mz5taGgE3LXBGN7urFjBnt9a2hjyt8.jpeg',483,4),(924,'public/curso/46/capitulo/484/imagen/3/vSLpI8J5OWxm8QrnwQB47IrdoOD7eBGen2xIq7Sy.jpeg',484,3),(925,'public/curso/46/capitulo/484/imagen/4/yBsHuSVdJd5zjY55o5LWVsfO3JS2ynPrpQk0Ofp8.jpeg',484,4),(926,'public/curso/46/capitulo/485/imagen/3/yPMV70oOdbRzLIUwhkNDIeBdsfJYrZo4YmsUdLQR.jpeg',485,3),(927,'public/curso/46/capitulo/485/imagen/4/qq0O8AdZ4LbKlvirY4PkNVvfogr8wheTZEABhH4v.jpeg',485,4),(928,'public/curso/46/capitulo/486/imagen/3/KXbHsXzLJtSfvHEnKRAL4QsRsv6cA69XgRJzweVE.jpeg',486,3),(929,'public/curso/46/capitulo/486/imagen/4/cXO2p5o1UXvdoXeKNSpjJs7RkMrbOmwZ7zuUXWEM.jpeg',486,4),(930,'public/curso/46/capitulo/487/imagen/3/8WkGPjARU6JpJDHFLgh8A1BseZLcNWUJbd4Rj7mn.jpeg',487,3),(931,'public/curso/46/capitulo/487/imagen/4/z3IbfvZCgX46AvY3dXTXNA3vkLpTgNhBlzMnbA1m.jpeg',487,4),(932,'public/curso/48/capitulo/488/imagen/1/aJFprtJgvhLMLe0e7NSEAkuTZI18AKhgBqEUzwaf.jpeg',488,4),(933,'public/curso/48/capitulo/489/imagen/3/Yt5QkxNwpXlDQEm82bxTfqtY9xA9W57WTNi8S9RQ.jpeg',489,3),(934,'public/curso/48/capitulo/489/imagen/4/HjdSGqzFreIwHsDvy5gIKXOCA9MD4tG8llvLye2l.jpeg',489,4),(935,'public/curso/49/capitulo/490/imagen/1/wFim4H804Ts8H587oScQOVrhxl8U1cmV5zMIAc1F.jpeg',490,4),(936,'public/curso/49/capitulo/491/imagen/3/u1KQsuF00PqemfsHM7zVcG4UBWmRoUX612GoVZPN.jpeg',491,3),(937,'public/curso/49/capitulo/491/imagen/4/K5UlQ4LVR3dtr3WzuTlrLeaTVJBTeQ5J0ny6LqWM.jpeg',491,4),(938,'public/curso/50/capitulo/492/imagen/1/Iy6AGHFcgDMUeFFxKll3nNkCGbg7LfalnpAcQxsc.jpeg',492,4),(939,'public/curso/50/capitulo/493/imagen/3/TbiBCorHQnMBFnbLRpKtq7w4OqWupKcTaFLfaFja.jpeg',493,3),(940,'public/curso/50/capitulo/493/imagen/4/oTztQjkn8XA7Mnth1XPhc1ppjYmJBh9ayJbdMqwA.jpeg',493,4),(941,'public/curso/46/capitulo/494/imagen/3/J5HHuALCkNq3ErwnShvsL6aFg7rzfnVhQoLg0072.jpeg',494,3),(942,'public/curso/46/capitulo/494/imagen/4/MHPWci2qnmsB7YQZVnGimHj0VZOXpFwoxPLosAkG.jpeg',494,4),(943,'public/curso/46/capitulo/495/imagen/3/kTVM2m7w0qGhCXbdVGgLRClYL3hDWS1uyEL29wGK.jpeg',495,3),(944,'public/curso/46/capitulo/495/imagen/4/OAHN12be5aqXNIEvIKjgeXGsWbk7k7x5Rj7rOpRH.jpeg',495,4),(945,'public/curso/46/capitulo/496/imagen/3/dzVLftxG9bZ8Csfv5Nk8M2A1O0KQJyIBl2EpVLPd.jpeg',496,3),(946,'public/curso/46/capitulo/496/imagen/4/PQvywHY9PhZRuMvYxLLe0Rf9jqXGlZJalL7kzkOy.jpeg',496,4),(947,'public/curso/46/capitulo/497/imagen/3/iQG47l3Kd21TdAXLFVbYVjNktommOb0BowSaFSyO.jpeg',497,3),(948,'public/curso/46/capitulo/497/imagen/4/z7AQvoMbdPgMgtCZFNZnqT0F38XFAQgR7iH4K9cR.jpeg',497,4),(949,'public/curso/42/capitulo/498/imagen/3/NDEkqn4dZ2rPQYuJpwKRAPrT8VQFYBDqKUn7XLGR.jpeg',498,3),(950,'public/curso/42/capitulo/498/imagen/4/BPz4cfYYFW8iQaCRv7p0Nnhq3rjdcw7Os0CnnHUa.jpeg',498,4),(951,'public/curso/42/capitulo/499/imagen/3/tMugjxLWSMOA5Rn8AAd3hfbjlRIPPxLh3nJxxPWY.jpeg',499,3),(952,'public/curso/42/capitulo/499/imagen/4/tm4eEzqmBjjV6Y2Y9QNQZvPXLlc0gTof0Boftp9P.jpeg',499,4),(953,'public/curso/46/capitulo/500/imagen/3/RqSbVcaExRyFcKsdwajOSIKOXDVpnkGt30Wilc4F.jpeg',500,3),(954,'public/curso/46/capitulo/500/imagen/4/tywfcqMuWun2n8uT4DVMyGCtMz0G35w4l6wGUney.jpeg',500,4),(955,'public/curso/46/capitulo/501/imagen/3/B4WoV2lhJgDK6Fz4KhDhW8YcrtRx9Q47LZdLZ3zo.jpeg',501,3),(956,'public/curso/46/capitulo/501/imagen/4/kHAGxnRYVCsb8KiNrzceV6qEx6Em4zlgmCuoI0Gq.jpeg',501,4),(957,'public/curso/46/capitulo/502/imagen/3/a2JYZVhP0OvJ9A6DA2cqB1XJE4HrsQytusGURGfH.jpeg',502,3),(958,'public/curso/46/capitulo/502/imagen/4/pflJOHojoZDplEN79hXcSmo8E7k9N4qJNNa0ImU8.jpeg',502,4),(959,'public/curso/46/capitulo/503/imagen/3/QEuj4L98BIahCFl7fy857EYhy1a3lMkmQWQq3QoY.jpeg',503,3),(960,'public/curso/46/capitulo/503/imagen/4/VhWKVcOmXfP0CZM8S1ETFjIMVQJMAsePlpgFlkHM.jpeg',503,4),(961,'public/curso/46/capitulo/504/imagen/3/EUPYcSf9e3M5YQRPtrIL2zfzLykj9vBkEHTGCefw.jpeg',504,3),(962,'public/curso/46/capitulo/504/imagen/4/SpqEJJjGuT5piMIE85ruC90bu2uFLcdL7KCCFyGS.jpeg',504,4),(963,'public/curso/42/capitulo/505/imagen/3/AVi4wVR1z4lgpx7rwQOts5C2zVXR5xApAO1ZY5af.jpeg',505,3),(964,'public/curso/42/capitulo/505/imagen/4/GVzTb3GKuELZI0GcpSJOCfVwTu3xETHwGDDgN6L8.jpeg',505,4),(965,'public/curso/42/capitulo/506/imagen/3/PPHcrd7GNE5BTveKQ4yyhsjQwXjTfgudp0ZDRZdR.jpeg',506,3),(966,'public/curso/42/capitulo/506/imagen/4/2ajig8wjuGOckMrGKmCYepQV5t017PMn07ugDx4d.jpeg',506,4),(967,'public/curso/48/capitulo/507/imagen/3/A2YqUOOgY7rzjfubJb58HkU5ytsfynfsFyKYB8cB.jpeg',507,3),(968,'public/curso/48/capitulo/507/imagen/4/72Yumz9eeFggCGVyttesFMzNNui43IsISmxgkLdq.jpeg',507,4),(969,'public/curso/46/capitulo/508/imagen/3/aUoNrFKvbYLfLdTtKu7patQokEEsTTrOt8Hk8mv3.jpeg',508,3),(970,'public/curso/46/capitulo/508/imagen/4/7XPyXFHczV2h3CXrKC6RzEsaceOnjMQJEsGfIU8Z.jpeg',508,4),(971,'public/curso/51/capitulo/509/imagen/1/Ah1vceD2vUca24YKgjMxvCgtJwS1nmz30DDpEDuT.jpeg',509,4),(972,'public/curso/51/capitulo/510/imagen/3/FlW1Wxhke6icSypucHe4yKh8gUsaE93gglineRTs.jpeg',510,3),(973,'public/curso/51/capitulo/510/imagen/4/NZh1Zdp5cjTQFZ8wHCY1TLviyMDt7oGYIHdbL4oX.jpeg',510,4),(974,'public/curso/48/capitulo/511/imagen/3/LlOpDnugNXMOSZ9QAgHFr2BjaLX7LjMDLoKwrTUs.jpeg',511,3),(975,'public/curso/48/capitulo/511/imagen/4/iw0E9GEdjxKrUC1PEveTjJcFqnnOPib0wVDPnrKE.jpeg',511,4),(976,'public/curso/42/capitulo/512/imagen/3/WaJq6k3yElPUPFTemZy9lfo3h505WoZVDP90X8yZ.jpeg',512,3),(977,'public/curso/42/capitulo/512/imagen/4/i2JWMLQawXcO7Koh9yl4ElIqnuicGDXcxIT5vPEa.jpeg',512,4),(978,'public/curso/42/capitulo/513/imagen/3/STIZXjb9nnW1dCxYMigJmOCaSPJM2qJtayTRphlm.jpeg',513,3),(979,'public/curso/42/capitulo/513/imagen/4/ZfNq9H7wkk92yZmkoixZOvm85BhlyRXp0zJ07sez.jpeg',513,4),(980,'public/curso/48/capitulo/514/imagen/3/q4U9VjMHF3mL8aOgPizNUqB1kSzvxAdVB4pZbEQw.jpeg',514,3),(981,'public/curso/48/capitulo/514/imagen/4/ZSnMeaJvojhmC7aHWO64vGdSm3gkTe1rKjp0sDiT.jpeg',514,4),(982,'public/curso/42/capitulo/516/imagen/3/jqxIfpXduxqAPw5qVVnELRPahm3PvbcDuEs7E5JO.jpeg',516,3),(983,'public/curso/42/capitulo/516/imagen/4/N93qbkrBocFzblLuTS9IigyG3HTt23V0wrp5Jnvw.jpeg',516,4),(984,'public/curso/48/capitulo/517/imagen/3/7J1IwdRT5CAEyDJ4IHU0BwtbyJjP4UhB7tj5iKN0.jpeg',517,3),(985,'public/curso/48/capitulo/517/imagen/4/1T6FIk0lchxCFzMbJtGndrsBMcVxheGd9n0u8wOb.jpeg',517,4),(986,'public/curso/42/capitulo/518/imagen/3/WXgYsLjmEW434PXgdaRw9AjFl0IZ0Q3dBMcG0Kkn.jpeg',518,3),(987,'public/curso/42/capitulo/518/imagen/4/nx0TaGN1T9Q4Tp9SApWg6dOnwc46NnVj4xcZx8en.jpeg',518,4),(988,'public/curso/48/capitulo/519/imagen/3/vYgG63T1o5Snw4nBownXvkf6gHiiCYoz6bYTezqj.jpeg',519,3),(989,'public/curso/48/capitulo/519/imagen/4/kgsUdbFtenrXDV09bFx6r2uafpjT0gTib1ABumwm.jpeg',519,4),(990,'public/curso/52/capitulo/520/imagen/1/5qkTvEbMamDqUoMK5digBNDCOagLe38ZuQLn11Oj.jpeg',520,4),(991,'public/curso/52/capitulo/521/imagen/3/Y2TsONX8xUCKAj1JWBGtSFphLLIPXhjHOIomOgPU.jpeg',521,3),(992,'public/curso/52/capitulo/521/imagen/4/9N5soABO269LOZnXv3XCwRfNTqy16GsUOorIfZc1.jpeg',521,4),(993,'public/curso/48/capitulo/522/imagen/3/gMErQtkRplnutzbpwsgOzPR9s1hyKOiRDQfnEXZE.jpeg',522,3),(994,'public/curso/48/capitulo/522/imagen/4/MtXvf44FAEJFaiaHj7PT7OECIvI1qbnqAuDp8L7y.jpeg',522,4),(995,'public/curso/48/capitulo/523/imagen/3/pB2e5g0oWSiOs60YvEX7yJp5FePpOU6DJVE7rQTC.jpeg',523,3),(996,'public/curso/48/capitulo/523/imagen/4/Z1zCjgwqsrVMHws6YUpRVwABYd3XbzTjjGsWSmCL.jpeg',523,4),(997,'public/curso/52/capitulo/524/imagen/3/XDtgYiYpuXQS5eOX4STJ92s8g87QvmRqd5jK75FQ.jpeg',524,3),(998,'public/curso/52/capitulo/524/imagen/4/lDglIu90RzV2X6AXspKNvfkxUeCzM7PVgUEZEaCT.jpeg',524,4),(999,'public/curso/52/capitulo/525/imagen/3/mZacRzl3zwEKCgFQ7OhCfAVaCr1EiToM2xkex0SM.jpeg',525,3),(1000,'public/curso/52/capitulo/525/imagen/4/5kE2wiXpALlM2E2F4BFnoqouNJ2ZIXmlsZrjJPvo.jpeg',525,4),(1001,'public/curso/52/capitulo/526/imagen/3/FiBGvaWLkarTJIqX9PVhbn1BFILbfYcnfCnCcBZb.jpeg',526,3),(1002,'public/curso/52/capitulo/526/imagen/4/apI9SAdDzKdnddTyhoMeCws8dgGcZxMfSXNUM2ef.jpeg',526,4),(1003,'public/curso/53/capitulo/527/imagen/1/lJ1HcRonUwtm4J77vdv3eDU9XobjbTolQ2hY8Rik.png',527,4),(1004,'public/curso/53/capitulo/528/imagen/3/7nkBNWKhHtJNDalbl6l9tdb6pdWkbn9VlaoRBloy.jpeg',528,3),(1005,'public/curso/53/capitulo/528/imagen/4/VnSwtkzygMmY2LR68DkL6tuV76BxP4U5es9cjB6w.jpeg',528,4),(1006,'public/curso/52/capitulo/529/imagen/3/o37WgKWvISS9HMRbVOHbstgbF2oDq7X0srA6OyVu.jpeg',529,3),(1007,'public/curso/52/capitulo/529/imagen/4/b5aC6buN4XcIb5C8HqhPPy6S0Fn6Ah3vByVFDNz7.jpeg',529,4),(1008,'public/curso/52/capitulo/530/imagen/3/NXqknRor7RhzCZauu8MW8ZIkDSNtAhp4nc0jcXsg.jpeg',530,3),(1009,'public/curso/52/capitulo/530/imagen/4/LDfAVcJJ1WTX53oAYvDf60aeTngk4VajOTqMztzQ.jpeg',530,4),(1010,'public/curso/54/capitulo/531/imagen/1/eMziyYNrOZxAGlKE85Y4Kbm3Be1wAdaFSR0qP0gM.jpeg',531,4),(1011,'public/curso/54/capitulo/532/imagen/3/NJO00D18LMXRdTIJuFkBXOaxQHOfC4gIXj2kG9Oz.jpeg',532,3),(1012,'public/curso/54/capitulo/532/imagen/4/eursvBFfYU7vp70ysLw4J3LIhTMXY426NXqbROZv.jpeg',532,4),(1013,'public/curso/52/capitulo/533/imagen/3/NNrPXxfInQ4k3pXHFicQ5koDJ5m8VDvGTK7eahzf.jpeg',533,3),(1014,'public/curso/52/capitulo/533/imagen/4/TG8ooCPNz24GpziY7ViqvzYPcw99BIfmpZUHMCZ5.jpeg',533,4),(1015,'public/curso/52/capitulo/534/imagen/3/f76c1PAf6e4iR143slrtCWKynPoL78TDbysOzjpz.jpeg',534,3),(1016,'public/curso/52/capitulo/534/imagen/4/jbEliT5wbKX61grLE9gVG0xjob3sXyWDlJ8rKvWw.jpeg',534,4),(1017,'public/curso/52/capitulo/535/imagen/3/4fzf58qHF7FlpGFHWbGAuMrBHh7QkXRr1hAMepGC.jpeg',535,3),(1018,'public/curso/52/capitulo/535/imagen/4/zoSTE3BXZ9NoJyHtFouIZzo813LYShhfHRGo1J00.jpeg',535,4),(1019,'public/curso/52/capitulo/536/imagen/3/dNOlCRvKS4PhXMDtvdgs3ubQ5M7AoCrHgstU9Tvj.jpeg',536,3),(1020,'public/curso/52/capitulo/536/imagen/4/iVsFGF4B4RYpZfoxIEgF4ubLUTzBmYUvbg8fybU8.jpeg',536,4),(1021,'public/curso/53/capitulo/537/imagen/3/4a3MIoTHID2i7qiIEvGH61ztRnAIwbQ87TgM7HFx.jpeg',537,3),(1022,'public/curso/53/capitulo/537/imagen/4/8DEef0r1v31em975wMJyvf6M33oxeNAfcIBx73f5.jpeg',537,4),(1023,'public/curso/53/capitulo/538/imagen/3/bI2QIOggyBRMKIDpVi2fanXzyy1R3GgaDoFlChQa.jpeg',538,3),(1024,'public/curso/53/capitulo/538/imagen/4/aMvR45DkNER4zllaugJPVmcJKr9SDkcTQRREPW18.jpeg',538,4),(1025,'public/curso/53/capitulo/539/imagen/3/Yy5azW0CV0zoaAzsxBbRhTIQ9DUNwaPnAGfBTFXP.jpeg',539,3),(1026,'public/curso/53/capitulo/539/imagen/4/ZYgo9t5vUOXMjEPalVG0RoBNDLAti9dJHgASCpZ4.jpeg',539,4),(1027,'public/curso/55/capitulo/540/imagen/1/hIwXExFDUMVGqzlGhFMmvOtPyuMQWjz1c0NcTBBb.jpeg',540,4),(1028,'public/curso/55/capitulo/541/imagen/3/2jTEqQB9Lk6heToV5qK3DLfwM7VQIa2Dm6faykxM.jpeg',541,3),(1029,'public/curso/55/capitulo/541/imagen/4/UHZKYzaYiDJf9V6cOKjHxLX1ajLa9DOcw4pz8LhF.jpeg',541,4),(1030,'public/curso/53/capitulo/542/imagen/3/HIqtzceMg4PBrU0w4sJYwDOpcCIQA2VUZBTXFLJW.jpeg',542,3),(1031,'public/curso/53/capitulo/542/imagen/4/RKFlCQthJi7JGjQ95SZWPHKSQJp76CB2CloRT7y8.jpeg',542,4),(1032,'public/curso/53/capitulo/543/imagen/3/A9dGQHQ0xdZ81veLFheoyI71mPUKNdUQgESnt8Iy.jpeg',543,3),(1033,'public/curso/53/capitulo/543/imagen/4/dDYWQYTUfFBxHALOZwy5QQRvbjDKwUBSzKuSYmdw.jpeg',543,4),(1034,'public/curso/53/capitulo/544/imagen/3/rN77dj1MZHxpTgbfpEXdapc1NVndUSQe2Zs5ZVuD.jpeg',544,3),(1035,'public/curso/53/capitulo/544/imagen/4/Q2YPDMnXUGDJiw4r9CNFWvvGp3amaJd0JnV3j69G.jpeg',544,4),(1036,'public/curso/53/capitulo/545/imagen/3/FrsUtdDqW4Lwumaf6d0lAKkz6Y9nyGDk5A6F1dT1.jpeg',545,3),(1037,'public/curso/53/capitulo/545/imagen/4/x2kFCtG3BmPM5N2c9orria99vXh9bl8LkfMH9ufc.jpeg',545,4),(1038,'public/curso/53/capitulo/546/imagen/3/Rx3ZsDmK58ugnDwhZ0x6asGMe10G6gANA9tQ0rs2.jpeg',546,3),(1039,'public/curso/53/capitulo/546/imagen/4/OZi3N9iuqH86bpTlOILqtWDiCoudk20E0igvwWUj.jpeg',546,4),(1040,'public/curso/52/capitulo/547/imagen/3/QOYOuUPcjnc0TyI8kDqzdB4Hrc6BGDkfaKdvPE9F.jpeg',547,3),(1041,'public/curso/52/capitulo/547/imagen/4/q4vi84xfo2ExFdfi6M49gf6WYWSw9tuadoeeO03F.jpeg',547,4),(1042,'public/curso/52/capitulo/548/imagen/3/ch3dw4ET6B2rxmsb46efJnRzV3AqbBVs2Nnimdif.jpeg',548,3),(1043,'public/curso/52/capitulo/548/imagen/4/0M3MXCoND6yoRPKXfHS2mU5PBiFoOOPlRyt9BL0X.jpeg',548,4),(1044,'public/curso/53/capitulo/549/imagen/3/zLV71YgatEjWaoQSCi5ucg3jqc2TcjvhxcQBgDaW.jpeg',549,3),(1045,'public/curso/53/capitulo/549/imagen/4/YWR4MLC9hPViwo18YHukSxlYY266TOwauHOfCXrs.jpeg',549,4),(1046,'public/curso/53/capitulo/550/imagen/3/YksnnIBGUMorcbXlAb9zr5gHmjW66vJfOWpGKZ5R.jpeg',550,3),(1047,'public/curso/53/capitulo/550/imagen/4/Tipia2mcU6KEtMfGFw4x7SVUGHmBxCfT8Ls8J3WC.jpeg',550,4),(1048,'public/curso/53/capitulo/551/imagen/3/58oYBHUJg8UsPgfBfH81HUFHlAouUAEa9hcktI9J.jpeg',551,3),(1049,'public/curso/53/capitulo/551/imagen/4/fkbN6lDYqbmeFrZbBGs1XxOU5IChAL0Fpjre9lXt.jpeg',551,4),(1050,'public/curso/53/capitulo/552/imagen/3/mWB3AIZL8pC2My0aCj49Th6ZqP4G4lv6UuSgsYZu.jpeg',552,3),(1051,'public/curso/53/capitulo/552/imagen/4/Stfaa6rN39wt0noQZc1HaFyFOJxYXmltUN60VsdT.jpeg',552,4),(1052,'public/curso/52/capitulo/553/imagen/3/G0UsAJxbXBK001lebPpwaRJUzpgw600dXsVsSX3o.jpeg',553,3),(1053,'public/curso/52/capitulo/553/imagen/4/rLdCj67Io9F1NBwCJuYhruhBckfy88ZwRfdz5397.jpeg',553,4),(1054,'public/curso/52/capitulo/554/imagen/3/x2zlwj1lzK34c4OmOnzVATah1oXh0c3Rn5UbPKGi.jpeg',554,3),(1055,'public/curso/52/capitulo/554/imagen/4/SyZFzdbNE2WDx6wU1ffVWrDgNhuJyqHBMOtHddT9.jpeg',554,4),(1056,'public/curso/53/capitulo/555/imagen/3/Y3H19NnGBkxj6sRBBR3gO4e64jPo97J2TgiYkM7r.jpeg',555,3),(1057,'public/curso/53/capitulo/555/imagen/4/VL6d8tafDUVwdFtTuZtCrGxcalAOAyiRG7YbyJhR.jpeg',555,4),(1058,'public/curso/53/capitulo/556/imagen/3/scZ4dZgbwjqIJolelPV9CeM2h2B62Zmuo4nz7JJG.jpeg',556,3),(1059,'public/curso/53/capitulo/556/imagen/4/aogovayfNYNHYLe4UcixXhmpZPVjPZ7Z2cPgDqF0.jpeg',556,4),(1060,'public/curso/53/capitulo/557/imagen/3/bK9JJ5lKdGiljc0aoop5w61fqTLMwGKLzgj0AbHk.jpeg',557,3),(1061,'public/curso/53/capitulo/557/imagen/4/VRuKKNrKF8ajUrV5SADE8TzGSrgoJdUcbcBKnNrp.jpeg',557,4),(1062,'public/curso/53/capitulo/558/imagen/3/z98ervgZgyZOgKOul1SCHPxkIEM1gXpW7Z08yl15.jpeg',558,3),(1063,'public/curso/53/capitulo/558/imagen/4/p84v2T6y3J5nA8UwvbpTp23dzQlLGCxVw8yeaNBJ.jpeg',558,4),(1064,'public/curso/53/capitulo/559/imagen/3/bj20HjAWpJKCCllJU3i6fX3yTQDJualb1xMkjQI5.jpeg',559,3),(1065,'public/curso/53/capitulo/559/imagen/4/7mpnhK3GWIv9A3f93pLxMMLiX64HU3f3klzCfEoq.jpeg',559,4),(1066,'public/curso/53/capitulo/560/imagen/3/qk6uWl9iPeGC08kRoGncjsqmWsOR0KG1MwL9XLYy.jpeg',560,3),(1067,'public/curso/53/capitulo/560/imagen/4/E9gnywmJOM2Vl8pLFGZsp3PhPfM8NPxN9EJroRlh.jpeg',560,4),(1068,'public/curso/53/capitulo/561/imagen/3/Gxr3WKtMA8FzCEVzhU9E8YuDQNo225MAVUkrbsL5.jpeg',561,3),(1069,'public/curso/53/capitulo/561/imagen/4/8f5el4qfMYpbpdY15EGLUoHxg7NEMqMJDVSSHkCL.jpeg',561,4),(1070,'public/curso/52/capitulo/562/imagen/3/Pq1PDaGngqMIIzfTI74sEgqiAVGXYH0eem10m7th.jpeg',562,3),(1071,'public/curso/52/capitulo/562/imagen/4/HlVOXRoxsyFAIpfw9Yun5aZYGOVE7jasc9O3mxgw.jpeg',562,4),(1072,'public/curso/52/capitulo/563/imagen/3/KDgdJ4EKwfmozUO0xJVf1bezYyQrPoSg77LHAH0T.jpeg',563,3),(1073,'public/curso/52/capitulo/563/imagen/4/itMWbRtsPjomC1cwN68yLrkyIvVgspD13CWRotGP.jpeg',563,4),(1074,'public/curso/53/capitulo/564/imagen/3/p2g7QF1InEaXeRpKcaH3zhr5PC2FjSysfpauP9G4.jpeg',564,3),(1075,'public/curso/53/capitulo/564/imagen/4/epfj8TMMMyN9RJ4ol8r39iidaPQK7D3JVj7yy25u.jpeg',564,4),(1076,'public/curso/53/capitulo/565/imagen/3/0I21ehUg1LlxAp02CSrtOGhKl27z3WcgS2ZF72po.jpeg',565,3),(1077,'public/curso/53/capitulo/565/imagen/4/C8XMs0qNpzqyCCGcnnNJKhy6sWrE7aeIxIwWFgQz.jpeg',565,4),(1078,'public/curso/53/capitulo/566/imagen/3/LvDuODaugb2sqXHNp8S2ZkcCDymvb4oJw5KvPLuY.jpeg',566,3),(1079,'public/curso/53/capitulo/566/imagen/4/1awcYaaqZRmgC85VcaRyk7hSOVO4NXH4YsT1VemN.jpeg',566,4),(1080,'public/curso/55/capitulo/567/imagen/3/M9KXqaTHLsLQnM0E5xfKpuUwEI6pvn1drhyRtsTI.jpeg',567,3),(1081,'public/curso/55/capitulo/567/imagen/4/xyczvFBStz3ZuPvXePDKPJLovWdIxMihL2wFqJwD.jpeg',567,4),(1082,'public/curso/52/capitulo/568/imagen/3/jLwIq6KvNTWSp62R6StwQXUABnRpf5GCpbhroLTf.jpeg',568,3),(1083,'public/curso/52/capitulo/568/imagen/4/y0h5JAWulr33BaRNCgQUFZIz77qUfcWchmWbbFgh.jpeg',568,4),(1084,'public/curso/52/capitulo/569/imagen/3/RbqDRnsDiHISRNHc5w7VYqp1dF4o4CB355FvyeNv.jpeg',569,3),(1085,'public/curso/52/capitulo/569/imagen/4/iSMPK2DNJPzPUTqGUkJLjMM0AC032BP9eyRUodJN.jpeg',569,4),(1086,'public/curso/52/capitulo/570/imagen/3/JCHhZxHRafqftFrz5dlrgy7G7aMdRHIaaxkEtoAD.jpeg',570,3),(1087,'public/curso/52/capitulo/570/imagen/4/xqktbNJV56ettxCJnUjndO0ksDIz9BtDIpWdZezV.jpeg',570,4),(1088,'public/curso/52/capitulo/571/imagen/3/YnbrqQB9RENiIZImvbf1jDQTh7qaL89Z4cADxnFF.jpeg',571,3),(1089,'public/curso/52/capitulo/571/imagen/4/qAMBjwcqazOPRqxOAR026CXxKLhuecbIXGPHTNar.jpeg',571,4),(1090,'public/curso/55/capitulo/572/imagen/3/1TrCVtaS0gxsjpE73aCes8vqkJ9PHiD4tnxemyaM.jpeg',572,3),(1091,'public/curso/55/capitulo/572/imagen/4/ADlNI8CcFBHjurM8cb1a1brF68Kjy4HCD5Pmigyr.jpeg',572,4),(1092,'public/curso/52/capitulo/573/imagen/3/OURA8E0TU80zu67qTNDcClmD18L16NGVtU5yXLuN.jpeg',573,3),(1093,'public/curso/52/capitulo/573/imagen/4/ACWppPWp03yEEvtye1tl8s1Q348COZeBT7sMQeZK.jpeg',573,4),(1094,'public/curso/52/capitulo/574/imagen/3/UjEjXIbKmvt2deNT5Pq2fd3QyguepIbBnJfdSWUK.jpeg',574,3),(1095,'public/curso/52/capitulo/574/imagen/4/P0lal298ytJdmL9SEP4lfhtWnhF8yl2ACYtXNb3f.jpeg',574,4),(1096,'public/curso/55/capitulo/575/imagen/3/RmSNvWHsa0i6BPAprGmcOY67QIhpcMgg4qPWIH57.jpeg',575,3),(1097,'public/curso/55/capitulo/575/imagen/4/wui76MWE1MI7M27bR5pWKXX3xEmHCJ3yF0DCShbY.jpeg',575,4),(1098,'public/curso/56/capitulo/576/imagen/1/4LGPsudUUoDdsmrIZIw2eOCZ64Xcfk92W0Dlv0XC.jpeg',576,4),(1099,'public/curso/56/capitulo/577/imagen/3/YYjaH6hPTNhYQK2WeRZhtt7j9xIOvpdqSV1TOX2n.jpeg',577,3),(1100,'public/curso/56/capitulo/577/imagen/4/XPIJjhHBPECKDchRnGtbm4YYrfkK7TjmDgno2X3P.jpeg',577,4),(1101,'public/curso/57/capitulo/578/imagen/1/2aa51guVYm7plpRBP0stEMG3hyoF4JHYkLmobNsF.png',578,4),(1102,'public/curso/57/capitulo/579/imagen/3/VaYYBcGbcYfFhwH1Smrkt2TDSxhdoZiDSMYTSJGv.jpeg',579,3),(1103,'public/curso/57/capitulo/579/imagen/4/60ss3Q4ErM59mzF0yO4CeoTtzGL2yh7UVdfVuNqX.jpeg',579,4),(1104,'public/curso/52/capitulo/580/imagen/3/dhqk9FI8vYa8p9iFwrll6uQwtDALu9bW5luXfAbQ.jpeg',580,3),(1105,'public/curso/52/capitulo/580/imagen/4/Mn1sFzS1E3hl0jV8tGpUKjumGltctxPOjNWjhL2h.jpeg',580,4),(1106,'public/curso/52/capitulo/581/imagen/3/jHu1UvpvbFAtpdsVa4ydgJFDdeBf32SZ8ldi79t2.jpeg',581,3),(1107,'public/curso/52/capitulo/581/imagen/4/Fe6HOjI0Wx9rZPT3o4GnnYuWe7ifQ9WMSZRqfO9m.jpeg',581,4),(1108,'public/curso/55/capitulo/582/imagen/3/PGsCv6GCDzzjkAnzWWsgCCsHTMrotrLNlBYMuand.jpeg',582,3),(1109,'public/curso/55/capitulo/582/imagen/4/PyoIQgJQJGrZiejskd88RxHowLVtH3mXQRSeZa7i.jpeg',582,4),(1110,'public/curso/55/capitulo/583/imagen/3/hWFxvUT4XMD8ODQ9laeHK7RN4EmzlEXnxGwCt21B.jpeg',583,3),(1111,'public/curso/55/capitulo/583/imagen/4/uSyXbkeJKnxV7i568YOBu1AF2jOfk7NY6jJaiPQP.jpeg',583,4),(1112,'public/curso/52/capitulo/584/imagen/3/Ecqrhhs5N4ILCmpZg9LWWjfalgAp6l1Xma6q9tkC.jpeg',584,3),(1113,'public/curso/52/capitulo/584/imagen/4/OvyN5PeGXqYLe1fw5tnvfb0ShaZTPkGfm956nuto.jpeg',584,4),(1114,'public/curso/55/capitulo/585/imagen/3/Wa8K9RfjaFlYN4qEp7gVI5fk5oBvXBAtlzRX0y1D.jpeg',585,3),(1115,'public/curso/55/capitulo/585/imagen/4/D1eJPB3nqyPvRwA1tO3Ga3wK3iNvMoWWsOEhnmN0.jpeg',585,4),(1116,'public/curso/58/capitulo/586/imagen/1/YfANGVocBYzpZnwMZqnjzr8fdw7DLUWYpWki3qR1.jpeg',586,4),(1117,'public/curso/58/capitulo/587/imagen/3/Fge75X6WeoG394AAHrzSAiuEzGuyLBSEONYaB3SF.jpeg',587,3),(1118,'public/curso/58/capitulo/587/imagen/4/N0GESWNGmXE7jJxwR4zs1L4Gem4wyk8zusv8q9iw.jpeg',587,4),(1119,'public/curso/52/capitulo/588/imagen/3/a3f0eUhmDDOGYLobdMjqXNbUG8Df258mk0e0CKcw.jpeg',588,3),(1120,'public/curso/52/capitulo/588/imagen/4/4zMNvS32BGihdKU1BQsMmB5N21PPBaPGHHHBqSiq.jpeg',588,4),(1121,'public/curso/58/capitulo/589/imagen/3/PzWpPnBHsmUryA8GZdPLj52jG43fZE7zPlO5bMAG.jpeg',589,3),(1122,'public/curso/58/capitulo/589/imagen/4/LYukVzkZlDSMb29wsFgCMBk9FadwO4qyRnVJ2SW8.jpeg',589,4),(1123,'public/curso/58/capitulo/590/imagen/3/0jmMyKLRf3orvqUX4X1AH6rKlH7bJL6gjwJ7Q3UU.jpeg',590,3),(1124,'public/curso/58/capitulo/590/imagen/4/nq9wE8C82AVnXf74fCq4V5dFCvZCmUe18oNHx08g.jpeg',590,4),(1125,'public/curso/58/capitulo/591/imagen/3/EOGtke3AtTHSxzoQMhrnYaP8R8WVFiFnjbOYLbes.jpeg',591,3),(1126,'public/curso/58/capitulo/591/imagen/4/hdTKw0GT04JQk7ykmBn66FbQzgY0FXAy2jfVqkjN.jpeg',591,4),(1127,'public/curso/58/capitulo/592/imagen/3/qtZq2sNoIzhwz8NQ9SmC7Q12CtzmdczVgaT0nZqY.jpeg',592,3),(1128,'public/curso/58/capitulo/592/imagen/4/mKzfHw4wQ4XRfQZj5ndH7ZAJF1dydgTiYg4xXhSN.jpeg',592,4),(1129,'public/curso/58/capitulo/593/imagen/3/D25mUwlWclCmcxijo75lYweczHkt4jPi62tNYCN1.jpeg',593,3),(1130,'public/curso/58/capitulo/593/imagen/4/SdYOdSxkkPGZ7EcsE1UZiUG4wU1jsYahVQKCoR7e.jpeg',593,4),(1131,'public/curso/58/capitulo/594/imagen/3/CUVShlvoJhjE43L5GhPjjWbGShPvR5qbQFuTLU3t.jpeg',594,3),(1132,'public/curso/58/capitulo/594/imagen/4/0kSpHRywUVLmjHdBle2u2Vs9lZDvhZohUzxGpmFr.jpeg',594,4),(1133,'public/curso/58/capitulo/595/imagen/3/8qtMM4M0pW8XFN8deL3H1bHw64BJtbCo8b8lLqJe.jpeg',595,3),(1134,'public/curso/58/capitulo/595/imagen/4/aaoJGWS5ceir0Uzi567xyAMHjM2D822wnr0IPcsf.jpeg',595,4),(1135,'public/curso/58/capitulo/596/imagen/3/LaS3I32HTz0oBaoLXea9ZGKn8povpy5JIcRJSF9q.jpeg',596,3),(1136,'public/curso/58/capitulo/596/imagen/4/iEUWRa4WEqleuzWuYNSxwnGTIxTUoaqDgedo4u9U.jpeg',596,4),(1137,'public/curso/58/capitulo/597/imagen/3/TFdVxthVRUHIOlqy2hitz2u6vFwNaYt146MaO0xU.jpeg',597,3),(1138,'public/curso/58/capitulo/597/imagen/4/PYY9N7hR57koE48G3mfcFh0SPGwCX52taWPxnAXm.jpeg',597,4),(1139,'public/curso/58/capitulo/598/imagen/3/g8KcYOWjleFAlU5AwHq4Pe5KbG8CghReeF3vTYI1.jpeg',598,3),(1140,'public/curso/58/capitulo/598/imagen/4/GNFjlP08ZE6OXMJQ2q5dQr7hx14eXFSRLTojCwnX.jpeg',598,4),(1141,'public/curso/58/capitulo/599/imagen/3/IhVo1Y9QOCwkWpWIDmcbV7yhHBConpr1JbFG8agG.jpeg',599,3),(1142,'public/curso/58/capitulo/599/imagen/4/vHmfNh7XTi13OfEfE2pKTnPPvA5rnHcTkxaRFBOb.jpeg',599,4),(1143,'public/curso/58/capitulo/600/imagen/3/BhJgBq41lw5hHyI2QxbcHlV7vYG7zktCaX2bhEc4.jpeg',600,3),(1144,'public/curso/58/capitulo/600/imagen/4/dMOqKptZQaZAV70QdCI26nwLp73AHccxR4fyIUcE.jpeg',600,4),(1145,'public/curso/59/capitulo/601/imagen/1/pxHBAyNs3U2zJQ72TkCHEDg1sJNLkMAtv8vsECkv.jpeg',601,4),(1146,'public/curso/59/capitulo/602/imagen/3/OAh1XS6cKDqxy3JdjHdExA1sX5KmckKz6T5SUCpG.jpeg',602,3),(1147,'public/curso/59/capitulo/602/imagen/4/VVMIYbzeXTcW2gb7WdZrCxPValzprWUYsXi0yDL0.jpeg',602,4),(1148,'public/curso/58/capitulo/603/imagen/3/UVCcrCdxZ30uiLCW3NjPAoY22ZSifs5M3kvXjC2A.jpeg',603,3),(1149,'public/curso/58/capitulo/603/imagen/4/jda5zfHrwfVYaM9E6BBowBENXlzAtcs6vlDerFOF.jpeg',603,4),(1150,'public/curso/58/capitulo/604/imagen/3/K7yETyshxEnouRJeuFZRzwkJmy9f5ZJvUe6FqyxQ.jpeg',604,3),(1151,'public/curso/58/capitulo/604/imagen/4/rVbAkZK1bcJzoTp7arnsYEg4YCmrsV1rPGSCacZL.jpeg',604,4),(1152,'public/curso/60/capitulo/605/imagen/1/YaeEhkwR58cYVEb5ZXquIAkM2kU735mWEJra5ems.jpeg',605,4),(1153,'public/curso/60/capitulo/606/imagen/3/X2RzZ4G1oa9Suy5EAgulvabg4tDEIlJ9CRBh9BOF.jpeg',606,3),(1154,'public/curso/60/capitulo/606/imagen/4/KJZMThOKbGDMMZOm1Oor9IXLs3qhmbwnPRxVbhpZ.jpeg',606,4),(1155,'public/curso/58/capitulo/607/imagen/3/pJq1XEIAL0wMNojrsxU7RbIWeoDov4DMwo7Cenvw.jpeg',607,3),(1156,'public/curso/58/capitulo/607/imagen/4/WV9pua5oiEMB1wE95JEARM0lSVIsnn1pgQ0cyelT.jpeg',607,4),(1157,'public/curso/58/capitulo/608/imagen/3/Tbt55ryZmtKu2uVazk120mlU5aaiFtRdij2kii9D.png',608,3),(1158,'public/curso/58/capitulo/608/imagen/4/bxI9uCSQBkYQckKdTGJ4SJ4ic4uwa1OarXB4vtA7.png',608,4),(1159,'public/curso/58/capitulo/609/imagen/3/JzQer3WrYZNNNYrzLkwyqd9qeCifcG8z7CxgioAK.png',609,3),(1160,'public/curso/58/capitulo/609/imagen/4/RxMzzdaMizV0MN4iw0eSBGl50gPV7VIR38P0FCtP.png',609,4),(1161,'public/curso/58/capitulo/610/imagen/3/M7KzWtoErWj7eklzb9M4iMveb0w1V9LkDgNZZhDL.png',610,3),(1162,'public/curso/58/capitulo/610/imagen/4/x9uXA0aDtQUQekiyylrvL33OP4k9wrPDbJ0k5gcY.png',610,4),(1163,'public/curso/58/capitulo/611/imagen/3/ib6ZxpOT89Bj4h9zJJyJjXALye4ihPxnyb3ltGU0.png',611,3),(1164,'public/curso/58/capitulo/611/imagen/4/PTQeHEkWBLXa78qs184TTvRLDMkekkPSaM5YIGAs.png',611,4),(1165,'public/curso/58/capitulo/612/imagen/3/8ZJWkuBeIWbfLmelnMAbuyknRgG3y55Da7GmoNiQ.png',612,3),(1166,'public/curso/58/capitulo/612/imagen/4/PilzVamLLcjq14rGHBP3ydG34YXTvB38yYoxSuC5.png',612,4),(1167,'public/curso/60/capitulo/613/imagen/3/p9HCYmNk9EGAqXkEVAmhouETvNzAVR0txxidxrAG.jpeg',613,3),(1168,'public/curso/60/capitulo/613/imagen/4/IJ2cXGKISKkQQjhs4mZcrimPo6D7XDjxEzDoBWLa.jpeg',613,4),(1169,'public/curso/60/capitulo/614/imagen/3/C8wXWRgS3Jb4fEKoLGhBUsMOMnRf0J9YqMDaSzfS.jpeg',614,3),(1170,'public/curso/60/capitulo/614/imagen/4/IHWK2aE4eU4ItbnpJaPpe0wykdywdRceUN01pLIP.jpeg',614,4),(1171,'public/curso/60/capitulo/615/imagen/3/yif1Gft8mybYtTWNW2VMscyh13rqM95YfwMYJ7zu.jpeg',615,3),(1172,'public/curso/60/capitulo/615/imagen/4/1chSiJpo99iNTKolotIUhCSsiMDd1MlNlfL0jeEi.jpeg',615,4),(1173,'public/curso/60/capitulo/616/imagen/3/vhwyZMmc2UBh129z4HW28R067c3N3eeiivRRfxEU.jpeg',616,3),(1174,'public/curso/60/capitulo/616/imagen/4/qvRClNc2XH5a7lFU2tpLd5IVSN2lVGoErO0G2p2F.jpeg',616,4),(1175,'public/curso/60/capitulo/617/imagen/3/50UTi3Ig2EYMVfpqpAIQ7mrvrMZrx7rELGYlJZlN.jpeg',617,3),(1176,'public/curso/60/capitulo/617/imagen/4/ZRFeHfu8xUvcdXMZgMPjcVDMDYwF7IYLejVS4hC6.jpeg',617,4),(1177,'public/curso/60/capitulo/618/imagen/3/taNtMIqIQ5qAU9nGUO4E5tE5aaYJ9qAIbGFd8dMq.jpeg',618,3),(1178,'public/curso/60/capitulo/618/imagen/4/QKQIQpy2XIumKmv0LzjXRIztBvG8d49cXeNbsJpE.jpeg',618,4),(1179,'public/curso/60/capitulo/619/imagen/3/wCSgzFwU4RhNBbLEbjuu2erpJUdgiMnmUJDzgKqb.jpeg',619,3),(1180,'public/curso/60/capitulo/619/imagen/4/awfhimmfXWRip9asNMXHOXT9OZbY6v0BYRj1gxxf.jpeg',619,4),(1181,'public/curso/60/capitulo/620/imagen/3/TT9X3x7EJL0ETuJ2VwZz4oFdyFI1cyn1092h3gEn.jpeg',620,3),(1182,'public/curso/60/capitulo/620/imagen/4/nQatCPnXUI0fNOyIwNyEUrqVBMh61JgNHiQZIov2.jpeg',620,4),(1183,'public/curso/58/capitulo/621/imagen/3/tnrhUBXeGrpE0fmnItaAep2uYX0QwEdqRnA8Y42z.png',621,3),(1184,'public/curso/58/capitulo/621/imagen/4/T74QXKp1apfS8JdG0sBHdPxfOXvH6Nre7RRLmSRR.png',621,4),(1185,'public/curso/58/capitulo/622/imagen/3/lOjUm31oW2CifiehYhnzpUUf2L8NvvMwAu7bbx4z.png',622,3),(1186,'public/curso/58/capitulo/622/imagen/4/drOjdBwdZGZ9Q8KqYoDInQWmdjwkmmnK8bYhg3yi.png',622,4),(1187,'public/curso/61/capitulo/623/imagen/1/3GcuCEbLZBtN0pi3jmWKRQhlB2iMYW6W8yQkwOUa.jpeg',623,4),(1188,'public/curso/61/capitulo/624/imagen/3/1SggGNlz76xYxDuOJZGOTScltKry4P0Bj23IXbm8.jpeg',624,3),(1189,'public/curso/61/capitulo/624/imagen/4/z2UrE0G5PasbDompYOnAxsaEoGgFObqBTG5OcpMx.jpeg',624,4),(1190,'public/curso/60/capitulo/625/imagen/3/5wBxYToMF0l8aGylGBfiDvwTkEgcbZpuxZeU0vXn.jpeg',625,3),(1191,'public/curso/60/capitulo/625/imagen/4/EpHw8Qsm87kKAA5OKnSTyJxDgsQtshQClbEUHE8I.jpeg',625,4),(1192,'public/curso/60/capitulo/626/imagen/3/0qJRSYTGx6nL6iQJPnnlRrlEgL7DRcmHBVphTKHz.jpeg',626,3),(1193,'public/curso/60/capitulo/626/imagen/4/uED18Fpdd91bOkAXYu3viaE4AM6h6piaIOORIrcb.jpeg',626,4),(1194,'public/curso/60/capitulo/627/imagen/3/1v7NiaLhDjoCDJTR7kHolxSB0OYaWVfWIlAtA4Zg.jpeg',627,3),(1195,'public/curso/60/capitulo/627/imagen/4/03uZPk43JbsjihIgWGHt2clIcat9CjvSGPRzO2z3.jpeg',627,4),(1196,'public/curso/60/capitulo/628/imagen/3/kRVb9ZsZoqcFePxxPjBlBzCoShrXqOEbGItxRD16.jpeg',628,3),(1197,'public/curso/60/capitulo/628/imagen/4/Og7bf8vfWpgurh40KfcSCLunLsezV4doxYut8IhQ.jpeg',628,4),(1198,'public/curso/58/capitulo/629/imagen/3/yABjavRoE3IaWugkysMjp0eKEMiZtqPaGAjnc2Yd.png',629,3),(1199,'public/curso/58/capitulo/629/imagen/4/LAOmEowg0LE0vLZgKYQL0Onrrgek1jTBVBDe5dCr.png',629,4),(1200,'public/curso/60/capitulo/630/imagen/3/tXkt7wWr1wlVuBygTKiKBGO9BelljsiB59kTevpe.jpeg',630,3),(1201,'public/curso/60/capitulo/630/imagen/4/2nWwmLYqnpe3km9V1de8YHKkcOUAR5qHdsWAHQ3K.jpeg',630,4),(1202,'public/curso/60/capitulo/631/imagen/3/JFCXlJUEui9K3on3ZHsjTns7l9hna8IcQ744Y4Mr.jpeg',631,3),(1203,'public/curso/60/capitulo/631/imagen/4/mJbNE0vRnUJezC6F9MDEMrxHsiIZHhI2SYiPHE9X.jpeg',631,4),(1204,'public/curso/60/capitulo/632/imagen/3/uYodBEYBIuWFXXVH3GQK1kuUFvXDXlsA6CK9MJeE.jpeg',632,3),(1205,'public/curso/60/capitulo/632/imagen/4/QxayRoFYjBSSskAY4muGv7iw3E1Otb1aLJP9MMJT.jpeg',632,4),(1206,'public/curso/60/capitulo/633/imagen/3/QjPGFxvVYMeC6gCiRngPBEBxsmHlzduudT0Al8qp.jpeg',633,3),(1207,'public/curso/60/capitulo/633/imagen/4/ZCdAasZUbUiV49ecsIrwTEhHgtzfxW75Z86Bajdh.jpeg',633,4),(1208,'public/curso/60/capitulo/634/imagen/3/W2aaW36kPCnbgyy0XaIc6TrizNp04aB0xAjfsCr7.jpeg',634,3),(1209,'public/curso/60/capitulo/634/imagen/4/dxCxJQxFBPPJnJaV7czlvtu3pxXzuBHkwcfrf2GZ.jpeg',634,4),(1210,'public/curso/60/capitulo/635/imagen/3/06czBkKdeZTNrDgWyIURvDpxjiTGv6lRXEohvVHz.jpeg',635,3),(1211,'public/curso/60/capitulo/635/imagen/4/uE85Dnh1CqSDnwitO90VFzFyxkbt6kBpaUvh45R9.jpeg',635,4),(1212,'public/curso/60/capitulo/636/imagen/3/c4U6bMmSAoU90Lxvu871ZWu4oBdqOif4FEXLmFD7.jpeg',636,3),(1213,'public/curso/60/capitulo/636/imagen/4/V3AA6NMQjaqB94zhRTrTw8qwx9igjrRQ6BiXhzp3.jpeg',636,4),(1214,'public/curso/60/capitulo/637/imagen/3/l51j8lAYxX4KjKzYHLnaSLOgR1tn9Y37Uk8C1QwK.jpeg',637,3),(1215,'public/curso/60/capitulo/637/imagen/4/qqK1rKTC7Qq39sEbdBkEDtK5JPvO5UHV2bWCCr0n.jpeg',637,4),(1216,'public/curso/60/capitulo/638/imagen/3/oFYDxWN6X9SaRCBiMvJJjeEl8aMTbCy7LGyQKo9u.jpeg',638,3),(1217,'public/curso/60/capitulo/638/imagen/4/SxzMoMpGijhRXoL36EXPQIYNzQc8kotW1taE8IpF.jpeg',638,4),(1218,'public/curso/60/capitulo/639/imagen/3/TYRAJBj6wEzTxwpveOjyx7WZLmShlCO1wKc6rekz.jpeg',639,3),(1219,'public/curso/60/capitulo/639/imagen/4/uDaPWqjktqplx70uzkMdH20weeirLde5lFqwQdwZ.jpeg',639,4),(1220,'public/curso/58/capitulo/640/imagen/3/hoEMdlCCD9fLUKTSUjPQxGpMab4G5K0nCmzfKZxv.jpeg',640,3),(1221,'public/curso/58/capitulo/640/imagen/4/hmdOaYN978qAMFQyreJ5beQ3v3niuPM9k1AYpzul.jpeg',640,4),(1222,'public/curso/62/capitulo/641/imagen/1/XdQwN0XAvTRyEKVrf6SDhqaPDlNl7OJajEabDiWt.jpeg',641,4),(1223,'public/curso/62/capitulo/642/imagen/3/Es4x6HwPFQslWZQkLBYKSjMHMWjme3mfbW3RVMUO.jpeg',642,3),(1224,'public/curso/62/capitulo/642/imagen/4/yYjQPHRlFJJfp8MQYhGBWrnGgg6ZM0OZsoNn7drZ.jpeg',642,4);

--
-- Table structure for table `image_types`
--

CREATE TABLE `image_types` (
  `id` int(10) unsigned NOT NULL AUTO_INCREMENT,
  `tipo` varchar(255) COLLATE utf8mb4_unicode_ci NOT NULL,
  PRIMARY KEY (`id`)
) ENGINE=InnoDB AUTO_INCREMENT=6 DEFAULT CHARSET=utf8mb4 COLLATE=utf8mb4_unicode_ci;

--
-- Dumping data for table `image_types`
--

INSERT INTO `image_types` VALUES (1,'Principal'),(2,'Chat'),(3,'Mensajes-Capitulos'),(4,'Tareas-Capitulos'),(5,'Actividades-Capitulos');

--
-- Table structure for table `images`
--

CREATE TABLE `images` (
  `id` int(10) unsigned NOT NULL AUTO_INCREMENT,
  `url` varchar(255) COLLATE utf8mb4_unicode_ci NOT NULL,
  `idCurso` int(10) unsigned NOT NULL,
  `idTipo` int(10) unsigned NOT NULL,
  PRIMARY KEY (`id`),
  KEY `images_idcurso_foreign` (`idCurso`),
  KEY `images_idtipo_foreign` (`idTipo`),
  CONSTRAINT `images_idcurso_foreign` FOREIGN KEY (`idCurso`) REFERENCES `courses` (`id`),
  CONSTRAINT `images_idtipo_foreign` FOREIGN KEY (`idTipo`) REFERENCES `image_types` (`id`)
) ENGINE=InnoDB AUTO_INCREMENT=125 DEFAULT CHARSET=utf8mb4 COLLATE=utf8mb4_unicode_ci;

--
-- Dumping data for table `images`
--

INSERT INTO `images` VALUES (1,'public/curso/1/imagen/1/jWczW6AWOZLY3HQ9ZHWnlhWIDtItG9NxstbuByjO.jpeg',1,1),(2,'public/curso/1/imagen/2/4zvyfzFGidJ4NkPPDhZQ04r4lkdDYAsime8epY7J.jpeg',1,2),(3,'public/curso/3/imagen/1/tceGzewSGxMTMYAyYL7rr3B3s2aGcF9P6ToKRWar.jpeg',3,1),(4,'public/curso/3/imagen/2/FBcnHiJ6uFnWGFlbZwmck3GlW7z2jg05sDzMYKn6.jpeg',3,2),(5,'public/curso/4/imagen/1/BKZZkxz8Sg4iQ7dA8pIaL45HXi4uxOYe7OfmkXsS.png',4,1),(6,'public/curso/4/imagen/2/7u5iAu4hSS8OdjDuAEPGu0XmAqxNxiTy2WTTw6z3.jpeg',4,2),(7,'public/curso/5/imagen/1/sKc2yvgdw2A6nSt5CRiVWkOG5zxZDQhabOJqIqBj.png',5,1),(8,'public/curso/5/imagen/2/HECafQZXCDHt6XRu1opxLi0nbsA1En5uprBwhNj7.jpeg',5,2),(9,'public/curso/6/imagen/2/6fRZrSGcmElX73UfV1Qe3dqn8860Nzw3X5jT5vy5.jpeg',6,2),(10,'public/curso/6/imagen/1/U0DpjIhIXapfL0klEY4hZ8e3m3VZIxIOVHAkPKk5.jpg',6,1),(11,'public/curso/7/imagen/1/4i8ry66lLmUTVVAvCBp2iVv2CoxMLMYUfRDstWca.png',7,1),(12,'public/curso/7/imagen/2/vzTgkbMlfVQ8htdLgsJ4u7elORIUZZfuzS38u9Sj.jpeg',7,2),(13,'public/curso/8/imagen/1/gbDQrxZcb15Oxjrs0ttXYEMvklAnTNBkZSU2IAhh.png',8,1),(14,'public/curso/8/imagen/2/2ev6bXZDu8JfeKUDdzobQ2jv9uPlvYVh52NKdR8M.jpeg',8,2),(15,'public/curso/9/imagen/1/aElGzLIBMUQno7gKnPW12OFaExgzfPWDGLHe6YrG.jpeg',9,1),(16,'public/curso/9/imagen/2/s6WqHu1RYRM38z2OT3CREySCXNz3Qkxm4DABmDrW.jpeg',9,2),(17,'public/curso/10/imagen/1/T7QHdrwVgmqw86U1VoeDnfA458YOmZyZtJBys7PK.jpeg',10,1),(18,'public/curso/10/imagen/2/s8Aju1wjJSIva3HkeuVLD5zvQtiEDUDTKzc2Lonk.jpeg',10,2),(19,'public/curso/11/imagen/1/Zz73q841iuPOQ6RtwAlKP4TPoRAWrSB9Xabsd1QA.jpeg',11,1),(20,'public/curso/11/imagen/2/eZ2qXm9AyvM5oQ7JVA3mUAmeeEvRaFo6aGWXLuQw.jpeg',11,2),(21,'public/curso/12/imagen/1/r2VaXok4YQJSUnvUEWW86HW047hNakBTx0syEatY.png',12,1),(22,'public/curso/12/imagen/2/xpj326FMhWWLo2wHo2pLVfFREbddTMCSsvXqUuKh.jpeg',12,2),(23,'public/curso/13/imagen/1/PKrIjFG9lMEJ9Fj6Z3ODqL0GqkLm9nZm6u2hYAgv.jpeg',13,1),(24,'public/curso/13/imagen/2/yEioN3EELpwTNdE4Fc8FDX0beFQ4uYG8gLdLBiCR.jpeg',13,2),(25,'public/curso/14/imagen/1/wjncVXubuFiA0xU9xVT3N4ODQYcHpwNgME3Hcz0r.jpeg',14,1),(26,'public/curso/14/imagen/2/Gim7lrOcuw1tkZ5Y0KNJg8xJCvU7wqBX12PAZh2F.jpeg',14,2),(27,'public/curso/15/imagen/1/gH1Gqq1CXm5upWNJ3xQkMmVbxMuUKljaQdSzVwui.jpeg',15,1),(28,'public/curso/15/imagen/2/kKR1vfZBZJpfKOd2X56ZXumbO2geRsXnkqe4Xjgj.jpeg',15,2),(31,'public/curso/17/imagen/1/7UdCprPDLKhiB73PFXE5Al8wMcdAa3DW2bm98b2w.jpeg',17,1),(32,'public/curso/17/imagen/2/nr5xIkke5zEEkMFJxkwYf1HdKklopwrOZfG5BmNM.jpeg',17,2),(33,'public/curso/18/imagen/1/lF7OrfosIHV8temWyEPCp0tkOFqcqiqqc2QHmmkL.jpeg',18,1),(34,'public/curso/18/imagen/2/8NaGnRUvLsXw2LbnomtS3g5qQr0YJ41nzadsUbWN.jpeg',18,2),(35,'public/curso/1/imagen/1/danza_web_2.jpg',2,1),(36,'public/curso/1/imagen/1/danza_web_2.jpg',2,2),(37,'public/curso/19/imagen/1/Vbo0KP9FMOXhkR6kVlQb4YpjBgr71boScn7XxWD1.jpeg',19,1),(38,'public/curso/19/imagen/2/w5to64DfHrwhguGPgPj5vGukRLqLrveS1n8XPdYS.jpeg',19,2),(39,'public/curso/20/imagen/1/sYPmtEPMQ0pKraUpHiX18qcb75gi8ABalTdIEVok.jpeg',20,1),(40,'public/curso/20/imagen/2/lu9WR13OfVodKzOKutHCloJOQHjT6B34OOThy0Zo.jpeg',20,2),(41,'public/curso/21/imagen/1/U31Xe5ZDe0bESRlKxpd059KcZHYKLfSfFBU51pCL.jpeg',21,1),(42,'public/curso/21/imagen/2/yEI1ofVIBoNjFcCvX3hnhxveMeAbfJSJmwvZWYvW.jpeg',21,2),(43,'public/curso/22/imagen/1/VmaVdIeeZN4EDCSCojq8mamNSC5VtUfaoMvhJp5N.jpeg',22,1),(44,'public/curso/22/imagen/2/quvl3Ej8AdQgZbOQhkN42ZVi31TWkrqly8jVODZN.jpeg',22,2),(45,'public/curso/23/imagen/1/P81DqXO54f2guHUoeI7n1WD03aJEOXYmo10Ofv5g.jpeg',23,1),(46,'public/curso/23/imagen/2/FszLXJ2Xsnz3GARpVSLgweTQqX81nh3oRe2Thb1g.jpeg',23,2),(47,'public/curso/24/imagen/1/EmcEHgXTHbsfpBcXipzUbDE3sMqnwdij8cGSDPXY.jpeg',24,1),(48,'public/curso/24/imagen/2/relKmNkf0FpH9wWJ13LNJUEDTfZqLO2JcI9r8rFM.jpeg',24,2),(49,'public/curso/20/imagen/1/sYPmtEPMQ0pKraUpHiX18qcb75gi8ABalTdIEVok.jpeg',25,1),(50,'public/curso/21/imagen/2/yEI1ofVIBoNjFcCvX3hnhxveMeAbfJSJmwvZWYvW.jpeg',25,2),(51,'public/curso/26/imagen/1/iHmAUIgMAj1k5pVoFlIELfFAnQtGvhNG5qPeKoOc.jpeg',26,1),(52,'public/curso/26/imagen/2/7EAKxrjmfPluiCIOYGOMmlDg6RwrulzAJ1kJihhb.jpeg',26,2),(53,'public/curso/27/imagen/1/hgNoG4oKXfvoRXEP1IRRNLdp0OM37XDSChsmV77c.png',27,1),(54,'public/curso/27/imagen/2/wW8VtL0Ez7YOYNxBQp6nTJcdezdd1YUhCGl0ATi0.jpeg',27,2),(55,'public/curso/28/imagen/1/VxknHkJa8vykQt1Mtbsg9ls5cDDFkjSzNRMbLRrU.jpeg',28,1),(56,'public/curso/28/imagen/2/2nuba1xT4dumePhGgRp6SGto8hhwOOEpwKFcko2L.jpeg',28,2),(57,'public/curso/29/imagen/1/nk68ObxxYh8FDUyAkJWh7ZQOwfGZOTw5PfqWNemJ-1.jpg',29,1),(58,'public/curso/29/imagen/2/tiL0IGGXSByubkG5Ip2emZOL1OcMks41nJWdS9aU.jpeg',29,2),(59,'public/curso/30/imagen/1/CThHUUe5BFZxgbK0RdBqlc5ghAjNwdD7j1AW6lss.jpeg',30,1),(60,'public/curso/30/imagen/2/SUW0TN4OwlALeRZlWRERhKPcm9my3iVyJZKIxvH6.jpeg',30,2),(61,'public/curso/31/imagen/1/IrgkxFQV3iyJ6znhblF0Ta2yOXLArBgREEEVkSSj.jpeg',31,1),(62,'public/curso/31/imagen/2/IBXL2Q5ZHNt4OOEhkGH5wtcElvcrROjixVvjLWL5.jpeg',31,2),(65,'public/curso/33/imagen/1/FIjBofID6jPh7rG8jD3sqnTGGDBWDNs4pU40ARpu.jpeg',33,1),(66,'public/curso/33/imagen/2/Z4kL9kv9gcuP30OlGwkzyQfhPBpjhzCCtCpf5ZWr.jpeg',33,2),(67,'public/curso/34/imagen/1/dY3qCg9SnfltdGhTQX6k0IdA00My6NwiR3ZDMQnE.jpeg',34,1),(68,'public/curso/34/imagen/2/7LEVW8t8QtEmQoTeGy3uqANjRWnDHf5KHlyylcMv.jpeg',34,2),(69,'public/curso/35/imagen/1/knFD3bAk7gJL2mzfxG9rQkFCPhNTzIEz9sYHrCbu.jpeg',35,1),(70,'public/curso/35/imagen/2/JLBNT2ugTJsUo0P4KZdkxaPdjIjFadf2Mj11PQcl.jpeg',35,2),(71,'public/curso/36/imagen/1/IAo98ABnNVMD1A1butdHdgi5FtR9GVbwlnFtX1g9.jpeg',36,1),(72,'public/curso/36/imagen/2/v0dwMVRgTEcIZeRqVAIhil5h4ngZzceEiaPtGQVY.jpeg',36,2),(73,'public/curso/37/imagen/1/7Bedn8v90gaZY5NG75Mtd9uHlnOW6HD1kcrbyq3e.jpeg',37,1),(74,'public/curso/37/imagen/2/ay4eNCSgYlajCcI99immhSqkvtuCfTjHguzJ83kA.jpeg',37,2),(75,'public/curso/38/imagen/1/hPkXb2CflykCN6yZ6Yq0LQOr3oCLMwRBWbxmww9F.jpeg',38,1),(76,'public/curso/38/imagen/2/oOmtuby9uY6KqO0LCYLVe8fgbsNNEVkDGXP3PfiG.png',38,2),(77,'public/curso/39/imagen/1/0WuFAc51nBP26Gg7ZxXmQoGMxvvXCjygFkf6oEA9.jpeg',39,1),(78,'public/curso/39/imagen/2/35H2iFiG2ER5ttW1VFt2oY9PQrNbMdKQyZkyxAZU.jpeg',39,2),(79,'public/curso/40/imagen/1/wpkIr8KrFTdKM7L9lylIPwAX6TnPUZrspm6GD1te.jpeg',40,1),(80,'public/curso/40/imagen/2/LI1dBmoVi6U4TIi1QxUlBqu8TCMKEUpXlkRU0Zls.jpeg',40,2),(81,'public/curso/41/imagen/1/EZQmJROhILDHQHAR06OsCzYOqLzOFCojd9zRXwm0.jpeg',41,1),(82,'public/curso/41/imagen/2/ZpjzLAD8Q4JOdegSljmUgJYP00gsEDYk8OoYQTVB.jpeg',41,2),(83,'public/curso/42/imagen/1/qbw4e4gqLuGMkvbIRMtumEuLHNZzZ7VwEvDjyGZH.jpeg',42,1),(84,'public/curso/42/imagen/2/JEKixRIBbqxm4dRK77wdPDbIm7rKITTi2swSubf6.jpeg',42,2),(85,'public/curso/43/imagen/1/9pVDF4Y9oncfZcZqKsxUUVEVJ2n1WiNQlQ7YeZxI.jpeg',43,1),(86,'public/curso/43/imagen/2/GC1QVaeHT7x9wc3ZEnz6UdMjkx6zZ2xFIucgUQyy.jpeg',43,2),(87,'public/curso/44/imagen/1/XeHsD7XaW1F7r3dMMXD1tAN46hDsS5ViyEdYrxA8.jpeg',44,1),(88,'public/curso/44/imagen/2/7Z8Sw6WLnsnKWQrraCWkfMPM2jcNWc22P72fqRJC.jpeg',44,2),(89,'public/curso/45/imagen/1/H2uVYKnLCc8A0r8kHKsiMfbsfpDXaCZuFvzp5HSr.jpeg',45,1),(90,'public/curso/45/imagen/2/5ueVvrS1gI5XJl2NFpwsTGBMCLwOPIstOk75H7bh.jpeg',45,2),(91,'public/curso/46/imagen/1/PCZjGWPBok75BRVor7dyNoKyfQ28KlWtTuwlssz5.jpeg',46,1),(92,'public/curso/46/imagen/2/nopxhDGNHz9B8SfPgsQLnXNYgpfCzcBEWdU4BiSO.jpeg',46,2),(93,'public/curso/47/imagen/1/RNnGLpgXev1RBf5TgI64NLJxPT7dlZ46c5z5Vd9k.jpeg',47,1),(94,'public/curso/47/imagen/2/d4fP1ck6yEe2J1Vzw33kWb5QZObISAb1aFjeczOK.jpeg',47,2),(95,'public/curso/48/imagen/1/aJFprtJgvhLMLe0e7NSEAkuTZI18AKhgBqEUzwaf.jpeg',48,1),(96,'public/curso/48/imagen/2/jdV4a1agsi4gflO5rtJYovBNumgLggCfgbqCONbd.jpeg',48,2),(97,'public/curso/49/imagen/1/wFim4H804Ts8H587oScQOVrhxl8U1cmV5zMIAc1F.jpeg',49,1),(98,'public/curso/49/imagen/2/d8OKr1K4GsOARFsMdjRjPIVHJILv87wBPhsQ2lWB.jpeg',49,2),(99,'public/curso/50/imagen/1/Iy6AGHFcgDMUeFFxKll3nNkCGbg7LfalnpAcQxsc.jpeg',50,1),(100,'public/curso/50/imagen/2/Sa7I7MYzJDpkXUbfzWWKvqvAZHI64GFwUL3EUER5.jpeg',50,2),(101,'public/curso/51/imagen/1/Ah1vceD2vUca24YKgjMxvCgtJwS1nmz30DDpEDuT.jpeg',51,1),(102,'public/curso/51/imagen/2/45V2JOA1gv6IsfGkVETxnVX7ynaMV4VSW0FVFmhP.jpeg',51,2),(103,'public/curso/52/imagen/1/5qkTvEbMamDqUoMK5digBNDCOagLe38ZuQLn11Oj.jpeg',52,1),(104,'public/curso/52/imagen/2/L304fqcXMOotIxP30OXkSnfLm3BFGe01rOYil57B.jpeg',52,2),(105,'public/curso/53/imagen/1/lJ1HcRonUwtm4J77vdv3eDU9XobjbTolQ2hY8Rik.png',53,1),(106,'public/curso/53/imagen/2/ADPWtCTcok58yZkcsHUjCaimwmozW3RmYyMukPnC.jpeg',53,2),(107,'public/curso/54/imagen/1/eMziyYNrOZxAGlKE85Y4Kbm3Be1wAdaFSR0qP0gM.jpeg',54,1),(108,'public/curso/54/imagen/2/v4nxyliIJblXwGyntHCX792tTVr2VG06fbUXBZV2.jpeg',54,2),(109,'public/curso/55/imagen/1/hIwXExFDUMVGqzlGhFMmvOtPyuMQWjz1c0NcTBBb.jpeg',55,1),(110,'public/curso/55/imagen/2/vcyEF1elZqGrsl0rgAZ56XXrmQ0zH05W9aIbVgnx.jpeg',55,2),(111,'public/curso/56/imagen/1/4LGPsudUUoDdsmrIZIw2eOCZ64Xcfk92W0Dlv0XC.jpeg',56,1),(112,'public/curso/56/imagen/2/uafkYbCnUzKT9EvQL6SAlxVLNNlNWc7YKgCn8gdo.jpeg',56,2),(113,'public/curso/57/imagen/1/2aa51guVYm7plpRBP0stEMG3hyoF4JHYkLmobNsF.png',57,1),(114,'public/curso/57/imagen/2/ioLXYpJcIIRIbJzOfextVQKPRZ1suu2wzubZHAHV.jpeg',57,2),(115,'public/curso/58/imagen/1/YfANGVocBYzpZnwMZqnjzr8fdw7DLUWYpWki3qR1.jpeg',58,1),(116,'public/curso/58/imagen/2/aiXqOV4rA2sfu2TrVyVsLHX75aYqLJbMJtpGgsWe.jpeg',58,2),(117,'public/curso/59/imagen/1/pxHBAyNs3U2zJQ72TkCHEDg1sJNLkMAtv8vsECkv.jpeg',59,1),(118,'public/curso/59/imagen/2/QqjOvhNITalRZtXWzazhZ6mOn7TRLUaclvj610t1.jpeg',59,2),(119,'public/curso/60/imagen/1/YaeEhkwR58cYVEb5ZXquIAkM2kU735mWEJra5ems.jpeg',60,1),(120,'public/curso/60/imagen/2/lHQCk9vHhzpS4ZknSeCmylKcN7ulloekqaXB6W4k.jpeg',60,2),(121,'public/curso/61/imagen/1/3GcuCEbLZBtN0pi3jmWKRQhlB2iMYW6W8yQkwOUa.jpeg',61,1),(122,'public/curso/61/imagen/2/Jr8rfmIhOE0g5zjOb4rgdlnZcLDtV2AdMFiD8S5g.jpeg',61,2),(123,'public/curso/62/imagen/1/XdQwN0XAvTRyEKVrf6SDhqaPDlNl7OJajEabDiWt.jpeg',62,1),(124,'public/curso/62/imagen/2/tj3Y5zLdPzxt4ist27mZQSji0mb9gxm67OH2sFYQ.jpeg',62,2);

--
